NOAA-style Climate Reports

Select a Year or Month report

Report for 2016 Jun
                   MONTHLY CLIMATOLOGICAL SUMMARY for JUN. 2016

NAME: Valle del Pavone   CITY: Castelnuovo V.C.   STATE: Italia 
ELEV:   360 m  LAT:  43.2036 N  LONG:  10.9186 E

                   TEMPERATURE (C), RAIN  (mm), WIND SPEED (km/hr)

                                      HEAT  COOL        AVG
    MEAN                              DEG   DEG         WIND                 DOM
DAY TEMP  HIGH   TIME   LOW    TIME   DAYS  DAYS  RAIN  SPEED HIGH   TIME    DIR
------------------------------------------------------------------------------------
 1  13.3  20.6   11:40   6.8    5:10   5.1   0.1   5.6   1.3  25.7   13:00    NW
 2  14.2  19.1   15:10  10.2   00:00   4.1   0.0   0.8   1.4  27.4   17:40    NW
 3  15.3  22.1   13:40   9.7    0:30   3.4   0.4   6.0   0.5  16.1   12:40   SSE
 4  16.3  22.8   17:30  12.1    3:00   2.6   0.5   1.2   0.5  16.1   16:10   SSE
 5  16.2  23.8   14:50   8.9   00:00   3.3   1.2   0.0   1.1  20.9   16:00    NW
 6  16.2  23.6   18:50   8.1    2:00   3.7   1.6   0.0   1.8  24.1   15:40    NW
 7  17.2  27.6   15:30   8.4    6:10   3.3   2.2   0.0   1.3  20.9   17:00    NW
 8  16.5  25.2   12:10   9.7    5:40   3.1   1.3  35.6   0.6  27.4   13:40    NW
 9  16.4  20.2   18:10  13.1    5:40   2.2   0.2  12.4   0.3  11.3   14:20    NW
10  17.3  25.3   14:50   9.8    5:10   2.6   1.5   0.2   0.6  11.3    9:10    NW
11  17.7  23.4   13:10  10.7    5:50   2.0   1.5   0.2   1.9  29.0   13:40   SSE
12  18.8  24.6   14:30  14.7   23:50   0.8   1.4   1.4   2.6  27.4   16:40   WSW
13  17.8  23.9   13:40  10.9    6:20   2.1   1.6   0.0   1.6  20.9   15:20   WSW
14  16.8  23.9   14:30   9.9   00:00   2.8   1.3   0.6   2.3  40.2   16:20   WSW
15  17.4  26.0   16:00   8.4    5:50   2.9   2.0   0.0   2.1  22.5   12:20   WSW
16  21.9  28.2   15:20  17.4    0:10   0.1   3.7   0.0   3.4  35.4   15:50   WSW
17  17.8  23.9   17:20   9.7   23:50   2.1   1.6   5.6   2.6  29.0    9:20   WSW
18  16.0  23.3   13:50   7.9    3:00   3.6   1.3   0.0   1.9  24.1   12:10   WSW
19  14.5  20.8   13:00   9.6   23:00   4.1   0.3  11.0   1.1  19.3   14:20   WSW
20  16.1  24.7   19:00   9.1    0:40   3.1   0.9   0.2   1.4  24.1   10:50   ENE
21  17.5  26.4   14:50   8.6    4:30   3.4   2.6   0.0   1.3  19.3   15:20   WSW
22  19.3  31.2   17:30   8.5    5:50   2.9   3.8   0.0   1.1  17.7   11:00   WSW
23  21.7  32.3   17:30  11.5    5:50   1.7   5.2   0.0   1.3  17.7   11:30   WSW
24  23.7  35.2   16:10  15.2    5:30   0.7   6.1   0.0   1.0  12.9   13:20   WSW
25  22.8  32.8   12:50  15.1    6:00   0.8   5.3   0.0   1.4  24.1   14:50   WSW
26  21.3  31.4   16:00  12.1    4:40   1.9   4.9   0.0   1.3  20.9   12:20   WSW
27  18.8  26.8   12:10  11.0    5:50   2.5   2.9   0.0   1.6  24.1   13:40   WSW
28  19.7  30.6   14:50   9.6    5:30   2.6   4.0   0.0   1.1  17.7   19:10   WSW
29  20.5  31.3   14:30  10.2    6:00   2.2   4.4   0.0   0.8  17.7   15:30   WSW
30  20.8  29.4   15:40  11.6    6:00   1.9   4.4   0.0   1.6  22.5   12:10    SE
-------------------------------------------------------------------------------------
    18.0  35.2    24     6.8     1    77.4  68.6  80.8   1.4  40.2    14     WSW

Max >=  32.0:  3
Max <=   0.0:  0
Min <=   0.0:  0
Min <= -18.0:  0
Max Rain: 35.61 ON 08/06/16
Days of Rain: 13 (> .2 mm) 6 (> 2 mm) 1 (> 20 mm)
Heat Base:  18.3  Cool Base:  18.3  Method: Integration