NOAA-style Climate Reports

Select a Year or Month report

Report for 2016 Jul
                   MONTHLY CLIMATOLOGICAL SUMMARY for JUL. 2016

NAME: Valle del Pavone   CITY: Castelnuovo V.C.   STATE: Italia 
ELEV:   360 m  LAT:  43.2036 N  LONG:  10.9186 E

                   TEMPERATURE (C), RAIN  (mm), WIND SPEED (km/hr)

                                      HEAT  COOL        AVG
    MEAN                              DEG   DEG         WIND                 DOM
DAY TEMP  HIGH   TIME   LOW    TIME   DAYS  DAYS  RAIN  SPEED HIGH   TIME    DIR
------------------------------------------------------------------------------------
 1  21.1  31.7   15:20  10.6    5:50   2.2   5.0   0.0   1.1  19.3   15:30    SE
 2  20.9  30.3   14:00  11.4    5:30   1.8   4.4   0.0   1.6  24.1   16:40   WSW
 3  21.6  29.8   14:30  13.2    5:50   1.3   4.6   0.0   1.6  25.7   10:50   WSW
 4  21.9  34.4   18:00  10.3    5:50   2.1   5.7   0.0   1.1  20.9   11:10    SE
 5  23.1  32.6   13:30  14.7    5:40   0.8   5.6   0.0   1.1  24.1   17:00   WSW
 6  22.3  31.1   14:20  14.6    2:40   1.0   5.0   0.0   1.1  17.7   15:50   WSW
 7  22.3  32.2   12:50  13.8    6:00   1.2   5.2   0.0   1.0  20.9   16:30   WSW
 8  21.9  31.6   16:00  12.4    4:50   1.7   5.3   0.0   1.1  17.7   14:30   WSW
 9  22.0  31.9   13:40  12.7    6:00   1.5   5.2   0.0   1.1  19.3   16:00   WSW
10  22.7  33.0   12:40  12.4    5:50   1.5   5.9   0.0   1.0  19.3   17:30   WSW
11  23.4  33.9   13:50  13.2    5:50   1.2   6.3   0.0   0.8  16.1   13:50    SW
12  23.2  32.7   16:30  12.4    5:50   1.3   6.1   0.0   1.6  24.1   14:20    SE
13  21.9  29.0   13:20  15.0    6:10   0.6   4.2   0.8   2.4  25.7   14:00   WSW
14  19.5  24.2   15:10  13.3   00:00   0.8   1.9   0.0   4.2  38.6    3:10   WSW
15  16.9  21.1   17:30  12.5    5:00   1.9   0.5   0.0   5.0  46.7   14:40    NE
16  17.2  25.6   13:40   7.6    6:10   3.4   2.3   0.0   2.1  24.1   11:40    NE
17  16.8  26.6   14:50   5.9    6:00   4.3   2.8   0.0   1.8  22.5   12:30   WSW
18  18.7  29.7   15:00   7.3    6:00   3.8   4.2   0.0   1.6  22.5   13:50   WSW
19  19.8  30.8   14:40   8.2    6:10   3.3   4.8   0.0   1.6  20.9   14:20   WSW
20  20.8  32.4   13:10   9.9    6:10   2.8   5.2   0.0   1.6  22.5   14:30   WSW
21  19.7  31.0   16:00   7.9    6:10   3.4   4.7   0.0   1.4  22.5   15:40   WSW
22  21.1  32.8   15:30  10.1    5:40   2.5   5.4   0.0   1.3  20.9   16:10    SW
23  22.2  30.0   18:30  16.4    1:40   0.1   4.0   0.8   1.4  24.1    2:00   WSW
24  22.8  30.5   17:10  16.1    6:10   0.4   4.8  14.6   2.7  32.2   12:30   WSW
25  22.1  29.6   16:00  16.1    4:50   0.6   4.4   4.0   1.1  19.3   17:10   WSW
26  22.4  31.5   14:20  13.7    6:10   1.0   5.1   0.0   1.3  25.7   16:50   ENE
27  22.0  32.2   13:20  14.3    6:10   0.9   4.6   6.0   0.8  24.1   14:50   WSW
28  20.6  31.1   13:00  13.4    5:10   1.3   3.6  31.2   0.6  30.6   14:50   WSW
29  21.7  30.9   16:30  14.7    6:50   0.9   4.2   0.2   0.8  16.1   14:00   WSW
30  21.6  30.5   16:50  13.0    6:10   1.4   4.7   0.0   1.1  19.3   15:00   WSW
31  22.6  32.3   15:00  13.6    6:00   1.2   5.5   0.0   1.4  25.7   15:10    SW
-------------------------------------------------------------------------------------
    21.2  34.4     4     5.9    17    51.7 140.9  57.6   1.6  46.7    15     WSW

Max >=  32.0: 10
Max <=   0.0:  0
Min <=   0.0:  0
Min <= -18.0:  0
Max Rain: 31.19 ON 28/07/16
Days of Rain: 7 (> .2 mm) 4 (> 2 mm) 1 (> 20 mm)
Heat Base:  18.3  Cool Base:  18.3  Method: Integration