NOAA-style Climate Reports

Select a Year or Month report

Report for 2016 Aug
                   MONTHLY CLIMATOLOGICAL SUMMARY for AUG. 2016

NAME: Valle del Pavone   CITY: Castelnuovo V.C.   STATE: Italia 
ELEV:   360 m  LAT:  43.2036 N  LONG:  10.9186 E

                   TEMPERATURE (C), RAIN  (mm), WIND SPEED (km/hr)

                                      HEAT  COOL        AVG
    MEAN                              DEG   DEG         WIND                 DOM
DAY TEMP  HIGH   TIME   LOW    TIME   DAYS  DAYS  RAIN  SPEED HIGH   TIME    DIR
------------------------------------------------------------------------------------
 1  21.6  26.9   12:40  17.2   00:00   0.1   3.3   5.6   0.5  16.1   13:00   WSW
 2  21.6  30.3   17:00  14.1    6:40   1.0   4.3   0.2   1.3  27.4   18:00   WSW
 3  22.5  32.3   14:50  13.1    5:40   1.3   5.5   0.0   1.0  16.1   18:00   WSW
 4  22.3  32.4   14:30  13.0    6:50   1.3   5.3   0.0   1.3  25.7   17:20   WSW
 5  19.9  28.9   14:40  14.1    3:30   1.3   3.0   0.4   2.1  29.0   17:30    SW
 6  18.8  26.3   17:20  10.6    6:40   2.2   2.8   0.0   2.9  25.7   13:40     W
 7  21.5  27.4   15:30  14.0    1:30   0.6   3.8   0.0   3.7  29.0   12:20     W
 8  20.7  30.0   16:10  11.9    2:30   1.8   4.2   0.0   1.8  25.7   13:00     W
 9  20.1  31.3   14:10   9.8    6:40   2.7   4.5   0.0   1.3  20.9   15:30     W
10  19.0  27.7   16:40  11.1    5:00   2.5   3.2   0.0   1.8  24.1    9:30     W
11  18.3  25.5   15:20  10.8   00:00   2.1   2.1   0.0   2.6  22.5   15:10     W
12  16.7  26.4   17:10   6.8    7:00   4.0   2.5   0.0   2.1  22.5   14:20     W
13  18.2  30.5   17:30   6.6    6:50   3.8   3.7   0.0   1.6  25.7   11:40     W
14  19.8  32.5   16:10   8.8    6:30   3.0   4.5   0.0   1.6  25.7   16:50     W
15  19.9  30.7   15:00   9.7    6:50   2.9   4.6   0.0   1.6  25.7   15:40     W
16  19.2  28.8   13:30   9.1    6:00   3.0   3.9   0.0   2.1  27.4   16:40     W
17  18.9  27.6   14:40   9.8    6:50   2.6   3.2   0.0   2.1  32.2   12:00     W
18  20.0  26.5   17:10  13.7    6:10   1.3   3.0   1.2   1.3  17.7   14:30     W
19  20.7  28.6   16:40  13.4    5:00   1.5   3.8   0.0   1.8  22.5   13:40     W
20  21.8  30.6   17:50  13.5    5:50   1.3   4.7   0.0   1.1  29.0   16:10     W
21  21.6  30.2   13:50  13.5    6:20   1.3   4.6   0.0   1.8  24.1   16:00     W
22  20.1  27.6   14:40  12.2    5:50   1.6   3.4   0.0   3.2  30.6   14:20     W
23  18.6  28.2   17:10   7.3    6:50   3.2   3.5   0.0   2.9  27.4   11:40     W
24  20.8  30.3   16:10  10.2    7:00   1.7   4.2   0.0   3.1  27.4   12:10     W
25  22.4  31.8   17:40  12.8    6:50   0.5   4.6   0.0   3.4  25.7   12:10     W
26  21.2  32.3   17:40  10.9    6:50   1.5   4.4   0.0   2.1  22.5   11:10     W
27  20.1  31.2   16:20   9.5    7:00   2.8   4.6   0.0   1.4  22.5   14:30     W
28  19.2  30.7   14:30   9.6    6:50   3.1   4.0   0.0   1.8  25.7   14:30     W
29  19.3  28.0   13:20  11.6    5:20   2.4   3.4   0.0   2.3  29.0   14:40     W
30  19.9  31.3   15:40  12.6    5:10   1.7   3.3  11.6   2.3  30.6   16:50     W
31  19.1  26.3   12:50  15.3   00:00   0.9   1.6  35.2   1.4  29.0   14:20     W
-------------------------------------------------------------------------------------
    20.1  32.5    14     6.6    13    60.9 117.4  54.2   2.0  32.2    17       W

Max >=  32.0:  4
Max <=   0.0:  0
Min <=   0.0:  0
Min <= -18.0:  0
Max Rain: 35.20 ON 31/08/16
Days of Rain: 6 (> .2 mm) 3 (> 2 mm) 1 (> 20 mm)
Heat Base:  18.3  Cool Base:  18.3  Method: Integration