NOAA-style Climate Reports

Select a Year or Month report

Report for 2016 Sep
                   MONTHLY CLIMATOLOGICAL SUMMARY for SEP. 2016

NAME: Valle del Pavone   CITY: Castelnuovo V.C.   STATE: Italia 
ELEV:   360 m  LAT:  43.2036 N  LONG:  10.9186 E

                   TEMPERATURE (C), RAIN  (mm), WIND SPEED (km/hr)

                                      HEAT  COOL        AVG
    MEAN                              DEG   DEG         WIND                 DOM
DAY TEMP  HIGH   TIME   LOW    TIME   DAYS  DAYS  RAIN  SPEED HIGH   TIME    DIR
------------------------------------------------------------------------------------
 1  19.1  30.3   16:00  11.2    6:40   2.3   3.1   0.2   1.0  16.1   14:50     W
 2  19.8  31.6   15:20  11.1    7:00   2.5   4.0   0.0   1.1  17.7   15:50     W
 3  19.3  29.4   14:50  10.9    7:00   2.6   3.7   0.0   1.3  22.5   15:40     W
 4  19.4  28.3   13:40  11.3    5:40   2.3   3.4   0.0   1.4  24.1   12:00     W
 5  20.9  28.2   16:30  15.7    2:10   0.7   3.3   0.0   0.8  19.3   20:10     W
 6  18.4  26.6   16:00  10.1    7:00   2.0   2.1   3.2   2.6  30.6   14:30     W
 7  17.9  22.8   17:30  12.4    5:30   1.8   1.4   0.2   3.2  27.4   14:50     W
 8  20.2  27.7   17:10  14.1   00:00   1.0   2.9   0.0   2.3  27.4   12:00     W
 9  18.3  27.6   16:20  10.8    6:50   2.6   2.6   0.2   1.6  24.1   16:10     W
10  18.6  27.7   15:40  11.7    5:50   2.5   2.7   0.2   1.1  20.9   13:40     W
11  18.7  28.0   13:30  11.7    7:10   2.3   2.7   0.0   1.0  24.1   14:40     W
12  19.2  29.2   15:40  11.6    7:00   2.2   3.1   0.0   1.3  24.1   14:40     W
13  18.7  28.4   13:50  11.5    6:30   2.5   2.9   1.4   1.1  19.3   16:00   ESE
14  17.8  27.5   12:40  11.4    6:50   2.5   2.0   3.4   1.3  29.0   14:30     W
15  18.1  23.2   11:50  12.2    2:30   1.5   1.2   2.2   1.6  32.2   11:20     W
16  17.7  21.3   10:30  14.6   23:30   1.1   0.6  76.8   1.9  38.6   12:40     W
17  17.2  23.2   15:30  13.7    6:20   2.0   0.9  18.4   1.8  30.6   14:20     W
18  15.6  19.9   16:20  13.1   23:30   2.8   0.0  11.8   0.3  19.3    0:40     W
19  15.0  22.0   15:50   8.9    6:50   3.9   0.7   0.2   1.6  20.9   11:10     W
20  15.9  24.4   14:40   8.9    7:40   3.8   1.4   0.2   0.6  17.7   16:10     W
21  16.3  23.3   16:30  11.8    7:10   2.8   0.9   0.4   1.0  17.7   15:30     W
22  15.6  24.1   16:40   9.6   00:00   3.6   0.9   0.0   1.4  20.9   11:50     W
23  13.8  22.6   13:30   6.5    7:30   5.2   0.7   0.2   0.3   9.7   11:40     W
24  14.2  23.1   15:50   8.9    6:00   5.0   0.9   0.0   1.1  22.5   10:20     W
25  13.3  23.2   15:30   4.9    6:50   5.9   0.9   0.2   1.4  20.9   10:00     W
26  13.3  23.6   16:00   6.2    7:10   6.1   1.1   0.0   1.3  20.9   13:30     W
27  13.3  23.7   16:00   4.7    7:40   6.0   1.0   0.2   1.3  22.5   11:20     W
28  13.5  24.2   15:40   5.6    7:30   5.8   0.9   0.2   1.1  19.3   14:30     W
29  13.6  23.9   14:30   6.1    7:40   5.8   1.1   0.0   1.0  16.1   13:40     W
30  13.3  21.9   15:00   6.8    3:40   5.6   0.6   0.2   0.5  12.9   16:10     W
-------------------------------------------------------------------------------------
    16.9  31.6     2     4.7    27    96.7  53.6 119.9   1.3  38.6    16       W

Max >=  32.0:  0
Max <=   0.0:  0
Min <=   0.0:  0
Min <= -18.0:  0
Max Rain: 76.81 ON 16/09/16
Days of Rain: 19 (> .2 mm) 6 (> 2 mm) 1 (> 20 mm)
Heat Base:  18.3  Cool Base:  18.3  Method: Integration