NOAA-style Climate Reports

Select a Year or Month report

Report for 2016 Oct
                   MONTHLY CLIMATOLOGICAL SUMMARY for OCT. 2016

NAME: Valle del Pavone   CITY: Castelnuovo V.C.   STATE: Italia 
ELEV:   360 m  LAT:  43.2036 N  LONG:  10.9186 E

                   TEMPERATURE (C), RAIN  (mm), WIND SPEED (km/hr)

                                      HEAT  COOL        AVG
    MEAN                              DEG   DEG         WIND                 DOM
DAY TEMP  HIGH   TIME   LOW    TIME   DAYS  DAYS  RAIN  SPEED HIGH   TIME    DIR
------------------------------------------------------------------------------------
 1  15.2  21.8   12:20   7.6    3:50   3.8   0.7  15.4   1.1  22.5   11:50     W
 2  17.6  21.1   13:40  13.7    7:40   1.2   0.5   6.6   1.4  25.7   14:40     W
 3  16.6  22.2   12:30   8.6   00:00   2.5   0.8   0.0   2.4  33.8   11:10     W
 4  11.4  21.3   15:00   5.1    7:10   7.3   0.4   0.2   1.3  20.9   14:20     W
 5  11.3  20.3   16:10   5.7    4:50   7.3   0.2   0.2   1.1  19.3   15:20     W
 6  12.6  16.8   13:50   6.1    0:30   5.7   0.0   0.0   2.4  22.5   20:30     W
 7  11.5  17.3   16:10   6.0   00:00   6.8   0.0  29.4   2.4  20.9    3:40     W
 8  11.9  18.6   13:50   5.8    0:30   6.4   0.0  25.8   1.6  35.4   11:50     W
 9  11.3  16.9   15:30   6.9    2:00   7.0   0.0   8.0   0.5  16.1   11:10     W
10  10.7  15.1   14:50   4.0   23:50   7.6   0.0   0.8   1.4  16.1   13:30     W
11   6.4   9.5   15:20   1.8    5:50  11.9   0.0   4.6   1.4  16.1   14:40     W
12   6.9  15.1   16:00   0.6    7:10  11.1   0.0   0.2   0.5  11.3   12:20     W
13   8.2  12.2   13:20   3.9    6:10  10.1   0.0   3.4   2.9  27.4   16:20     W
14  17.7  23.4   13:20  10.9    0:20   1.5   1.0  78.0   6.1  53.1   13:00     W
15  14.6  17.8   14:40  10.4   00:00   2.0   0.0   2.4   0.3  16.1   15:10     W
16  12.3  19.4   14:50   8.1    4:10   6.0   0.0   0.2   0.5  14.5   14:00   ENE
17  12.7  20.2   14:40   7.2    7:50   5.8   0.2   0.2   0.6  17.7   13:10     W
18  13.0  17.9   14:20   9.2   00:00   5.3   0.0   0.4   0.5  17.7   13:00   ESE
19  12.8  18.8   12:50   7.2    5:00   5.5   0.0   0.2   1.6  20.9   14:00   ESE
20  12.2  17.2   15:40   8.3    1:30   6.1   0.0   0.0   0.6  12.9   12:10     W
21  10.6  17.1   15:10   4.5   00:00   7.8   0.0   0.0   0.6  19.3   15:20     W
22   8.4  17.9   14:50   2.4    4:40   9.9   0.0   0.2   0.5  16.1   12:30   ENE
23  13.0  18.5   14:50   6.1    1:00   5.3   0.0   0.2   1.3  25.7   14:40     W
24  18.9  21.7   16:00  15.7   00:00   0.2   0.8   0.0   3.9  30.6    4:00     W
25  18.5  21.6   15:00  14.3    0:50   1.1   1.3   0.0   2.7  30.6   11:20     W
26  18.8  22.2   14:00  14.8   23:50   0.7   1.2   2.8   2.7  25.7    0:20   ESE
27  14.1  17.7   14:40   8.6   23:20   4.3   0.0   1.2   5.0  45.1   13:30     W
28  11.2  16.6   15:00   7.4   21:40   7.1   0.0   0.0   3.4  24.1   11:20     W
29  12.0  21.1   14:30   6.2   00:00   6.6   0.3   0.0   2.4  22.5    2:00     W
30   9.9  21.0   14:00   3.6    7:10   8.8   0.4   0.0   0.8  17.7   10:40     W
31   9.2  20.1   13:00   2.9    6:30   9.3   0.2   0.2   0.5  16.1   12:10     W
-------------------------------------------------------------------------------------
    12.6  23.4    14     0.6    12   181.7   8.1 180.6   1.8  53.1    14       W

Max >=  32.0:  0
Max <=   0.0:  0
Min <=   0.0:  0
Min <= -18.0:  0
Max Rain: 78.00 ON 14/10/16
Days of Rain: 22 (> .2 mm) 10 (> 2 mm) 3 (> 20 mm)
Heat Base:  18.3  Cool Base:  18.3  Method: Integration