NOAA-style Climate Reports

Select a Year or Month report

Report for 2016 Nov
                   MONTHLY CLIMATOLOGICAL SUMMARY for NOV. 2016

NAME: Valle del Pavone   CITY: Castelnuovo V.C.   STATE: Italia 
ELEV:   360 m  LAT:  43.2036 N  LONG:  10.9186 E

                   TEMPERATURE (C), RAIN  (mm), WIND SPEED (km/hr)

                                      HEAT  COOL        AVG
    MEAN                              DEG   DEG         WIND                 DOM
DAY TEMP  HIGH   TIME   LOW    TIME   DAYS  DAYS  RAIN  SPEED HIGH   TIME    DIR
------------------------------------------------------------------------------------
 1   9.9  18.8   13:30   3.2    6:50   8.4   0.0   0.2   0.6  17.7   11:20     W
 2  14.6  18.2   13:50   9.9    0:10   3.7   0.0   0.2   2.9  29.0   13:10     W
 3  13.7  18.8   12:20   7.6   00:00   4.6   0.0   0.0   1.3  19.3   12:20     W
 4  10.2  17.1   13:50   4.0    6:20   8.1   0.0   0.2   0.5  16.1   10:50     W
 5  15.7  17.3   00:00   9.1    0:10   2.6   0.0  26.8   4.3  41.8   10:10     W
 6  14.3  17.4    0:50  10.2   20:40   4.0   0.0  67.4   5.5  43.5    2:40   ESE
 7  10.1  14.5   11:00   6.1    7:20   8.3   0.0   0.8   2.7  35.4    0:20     W
 8   6.4  10.7   12:40   1.3   00:00  11.9   0.0   4.8   0.3  20.9   14:30     W
 9   5.2  11.6   13:20  -1.1    7:20  13.1   0.0  15.4   1.3  16.1   12:00     W
10   8.6  12.6   12:10   3.2    7:30   9.7   0.0   3.8   1.9  22.5   17:30     W
11   9.1  12.4    8:50   1.2   00:00   9.2   0.0  36.0   4.0  41.8   15:50   ESE
12   3.7  11.1   14:10  -1.5   23:30  14.6   0.0   0.2   0.8  20.9   13:00     W
13   3.7  12.2   13:30  -2.4    6:30  14.6   0.0   0.2   0.5  11.3   12:40     W
14   7.1  10.9   14:50   2.3    3:50  11.3   0.0   0.0   2.3  20.9   19:20     W
15   5.3  10.8   13:40  -2.1   00:00  13.0   0.0   0.0   3.1  30.6   12:10     W
16   3.5  13.1   14:20  -3.3    4:20  14.8   0.0   0.2   0.6  17.7   11:10   ENE
17   9.8  14.1   12:20   4.2    7:20   8.4   0.0   0.0   1.6  19.3   19:50     W
18  14.8  16.1   12:30  13.6    8:00   3.5   0.0  25.8   3.9  33.8   22:30     W
19  13.3  15.2    0:10   9.6   22:00   5.0   0.0  15.8   3.4  32.2    9:10    SE
20  11.6  16.4   14:20   6.3    7:20   6.8   0.0   4.6   1.0  20.9   12:00     W
21  13.6  15.8   12:40   9.6    4:20   4.7   0.0   1.2   2.9  27.4    9:50     W
22  14.7  16.8   12:30  11.9   23:50   3.6   0.0   0.0   2.6  27.4    1:40   ESE
23  14.7  17.1   14:10  11.2    3:20   3.6   0.0   0.0   4.0  37.0   10:10   ESE
24  14.9  16.9   13:10  11.7    0:20   3.4   0.0   5.0   7.2  46.7   13:40   ESE
25  11.1  15.1   12:20   5.8   21:00   7.2   0.0  13.0   3.1  46.7    1:20   ESE
26   6.8  13.3   14:20   1.7   00:00  11.5   0.0   0.4   0.3  14.5   11:20     W
27   4.8  13.2   13:30   0.0    7:30  13.5   0.0   0.2   0.6  11.3   11:30     W
28   5.2  11.2   14:10  -0.6    5:50  13.1   0.0   0.0   2.3  27.4   23:30     W
29   2.6   5.4   13:00  -0.1   22:10  15.7   0.0   0.0   7.7  51.5    3:40   WNW
30   0.6  10.7   13:10  -4.8    8:30  17.8   0.0   0.0   1.4  20.9    2:20     W
-------------------------------------------------------------------------------------
     9.3  18.8     1    -4.8    30   269.5   0.0 222.2   2.5  51.5    29       W

Max >=  32.0:  0
Max <=   0.0:  0
Min <=   0.0:  9
Min <= -18.0:  0
Max Rain: 67.41 ON 06/11/16
Days of Rain: 21 (> .2 mm) 11 (> 2 mm) 4 (> 20 mm)
Heat Base:  18.3  Cool Base:  18.3  Method: Integration