NOAA-style Climate Reports

Select a Year or Month report

Report for 2016 Dec
                   MONTHLY CLIMATOLOGICAL SUMMARY for DEC. 2016

NAME: Valle del Pavone   CITY: Castelnuovo V.C.   STATE: Italia 
ELEV:   360 m  LAT:  43.2036 N  LONG:  10.9186 E

                   TEMPERATURE (C), RAIN  (mm), WIND SPEED (km/hr)

                                      HEAT  COOL        AVG
    MEAN                              DEG   DEG         WIND                 DOM
DAY TEMP  HIGH   TIME   LOW    TIME   DAYS  DAYS  RAIN  SPEED HIGH   TIME    DIR
------------------------------------------------------------------------------------
 1   5.6  11.2   13:50  -4.1    0:20  12.7   0.0   0.2   0.8  29.0   12:00     W
 2   9.9  10.8   15:30   8.6   00:00   8.3   0.0   0.0   0.2  25.7    3:20     W
 3   7.8  12.2   14:30   4.2   20:00  10.5   0.0   0.0   0.2   8.0   13:30     W
 4   6.9  12.7   13:10   3.6    0:40  11.3   0.0   0.0   0.2  17.7   10:40     E
 5   6.4  14.3   14:00   0.1   00:00  11.9   0.0   0.2   0.0  11.3   14:10     W
 6   3.6  14.1   13:50  -0.7   23:50  14.7   0.0   0.2   0.0   6.4   14:50     E
 7   5.4  13.3   14:10  -2.5    5:40  12.9   0.0   0.2   1.0  19.3   14:50     W
 8   3.8  14.8   13:10  -2.8    7:40  14.5   0.0   0.0   0.3  29.0    2:10   WNW
 9   2.6  12.7   12:50  -3.1    6:10  15.7   0.0   0.2   0.2  16.1   13:40     W
10   8.6  12.6   13:30   1.4    0:10   9.7   0.0   0.0   0.0   9.7   13:30   NNW
11  10.9  12.8   14:10   6.7   23:10   7.4   0.0   0.0   0.5  17.7   12:20   SSE
12   5.9  12.9   13:50  -0.4   21:30  12.4   0.0   0.0   0.0  16.1   13:40     W
13   3.3  13.3   13:50  -3.2    7:20  15.0   0.0   0.2   0.0  17.7   14:00    SE
14   7.3  10.1   12:30   3.3    0:20  11.0   0.0   1.8   0.2  17.7   15:00     W
15   4.9  12.3   14:50  -1.2   00:00  13.4   0.0   0.2   0.0   4.8   14:50    NW
16   2.5   8.9   14:20  -3.7    8:00  15.8   0.0   0.2   1.4  29.0   17:20     W
17   2.7   8.2   14:30  -4.4   00:00  15.6   0.0   0.0   1.9  32.2   11:50     W
18  -0.7   8.9   14:10  -5.6    4:00  18.9   0.0   0.0   0.0   9.7   11:50     W
19   4.0   8.3   14:10  -3.1    1:20  14.3   0.0   0.4   1.8  29.0   11:00     E
20   8.1   9.4   21:10   6.2    2:20  10.2   0.0  15.0   3.1  33.8   18:00     E
21   8.4  13.7   13:50   1.6   00:00   9.9   0.0   1.6   2.4  24.1   12:40     W
22   1.7   9.6   12:50  -2.2   00:00  16.6   0.0   0.2   0.2  14.5   12:40     W
23   2.2  13.7   13:40  -2.3    0:10  16.1   0.0   0.2   0.2   9.7   12:50     W
24   2.6  11.9   14:50  -3.1    7:40  15.7   0.0   0.2   0.2  14.5   12:50     W
25   6.0  12.9   14:20   0.8   23:50  12.3   0.0   0.0   0.2  16.1   13:20     W
26   4.8  12.8   12:30  -0.6    7:30  13.5   0.0   0.2   0.3  14.5   13:50   WSW
27   5.9  14.8   13:30  -1.3   00:00  12.4   0.0   0.0   0.3  14.5   10:30     E
28   4.2  12.9   13:40  -2.2    8:10  14.1   0.0   0.0   0.5  17.7   13:20     W
29   2.6   7.5   13:50  -5.1   23:40  15.7   0.0   0.2   2.7  35.4   12:40     W
30  -1.5   7.9   14:50  -6.8    6:30  19.8   0.0   0.2   0.5  22.5   14:20   WNW
31   1.1  12.9   14:10  -4.9   00:00  17.2   0.0   0.0   0.2  14.5    1:40     W
-------------------------------------------------------------------------------------
     4.8  14.8     8    -6.8    30   419.6   0.0  21.7   0.6  35.4    29       W

Max >=  32.0:  0
Max <=   0.0:  0
Min <=   0.0: 21
Min <= -18.0:  0
Max Rain: 15.01 ON 20/12/16
Days of Rain: 18 (> .2 mm) 1 (> 2 mm) 0 (> 20 mm)
Heat Base:  18.3  Cool Base:  18.3  Method: Integration