NOAA-style Climate Reports

Select a Year or Month report

Report for 2017 Jan
                   MONTHLY CLIMATOLOGICAL SUMMARY for JAN. 2017

NAME: Valle del Pavone   CITY: Castelnuovo V.C.   STATE: Italia 
ELEV:   360 m  LAT:  43.2036 N  LONG:  10.9186 E

                   TEMPERATURE (C), RAIN  (mm), WIND SPEED (km/hr)

                                      HEAT  COOL        AVG
    MEAN                              DEG   DEG         WIND                 DOM
DAY TEMP  HIGH   TIME   LOW    TIME   DAYS  DAYS  RAIN  SPEED HIGH   TIME    DIR
------------------------------------------------------------------------------------
 1   2.8  11.2   13:50  -6.1    6:20  15.5   0.0   0.0   0.2  22.5   12:20     W
 2   8.7  10.1   15:40   7.2   00:00   9.6   0.0  10.0   1.9  20.9   13:00     W
 3   5.0   9.3    1:30  -2.8   00:00  13.3   0.0  11.2   1.8  22.5   13:30     W
 4   2.7   9.3   13:00  -5.6    7:20  15.6   0.0   0.2   1.6  19.3   11:30     W
 5   3.4   7.4   12:10  -1.8    8:50  14.8   0.0   0.0   3.4  54.7   12:50   WNW
 6  -2.6   2.2   13:40  -8.5   00:00  20.9   0.0   0.0   1.3  41.8   14:10   WNW
 7  -4.1   2.1   15:00 -10.6    3:30  22.4   0.0   0.0   0.3  22.5   11:20     W
 8   0.1   2.9   14:40  -2.3    0:10  18.2   0.0   0.0   0.2  16.1   20:20     W
 9  -1.6   7.4   13:00  -7.6    7:50  19.9   0.0   0.0   0.2  22.5   12:50     W
10   0.4   3.7   14:20  -4.1    0:10  17.9   0.0   0.0   1.3  29.0   15:00     E
11  -1.5   4.3   14:10  -4.8   19:10  19.8   0.0   0.0   0.8  32.2    2:50     W
12   7.5  12.7   15:10   1.1    0:10  10.8   0.0   0.0   1.9  33.8    8:10     W
13   7.3  11.6    6:00  -0.6   00:00  11.0   0.0   2.4   5.0  53.1   15:00     W
14  -0.4   9.2   14:40  -6.7    8:00  18.7   0.0   0.0   0.6  25.7   12:10   WNW
15   1.3   5.1   14:20  -3.3    1:20  17.0   0.0   0.0   1.3  29.0   15:20   ENE
16   1.2   3.4   13:10  -0.8    7:30  17.1   0.0   0.0   3.5  35.4   19:40   ENE
17   1.0   2.4   15:20  -0.4    4:40  17.3   0.0   0.0   8.2  45.1   15:00   ENE
18   1.9   3.1   15:40   0.9    6:40  16.3   0.0   0.0   7.9  45.1    2:20   ENE
19   2.8   6.5   13:40   0.8    7:50  15.5   0.0   0.0   5.1  38.6   14:00   WNW
20   2.8   8.5   14:50  -2.7   23:40  15.5   0.0   0.0   1.8  29.0   10:00     W
21   4.3   8.8   15:20   1.2    8:00  14.0   0.0   0.0   3.7  33.8   16:10   WNW
22   6.2   9.2   14:00   3.7    0:10  12.1   0.0   0.0   4.3  32.2    4:20   ESE
23   7.7  11.3   14:20   5.8    8:40  10.6   0.0   0.0   4.0  29.0   13:50     W
24   8.6  13.2   14:40   6.4   00:00   9.7   0.0   0.0   2.7  24.1   15:00     W
25   2.3  11.9   14:40  -4.0   00:00  15.9   0.0   0.0   0.6  17.7   13:10   WNW
26   0.4  12.1   14:40  -6.7    8:00  17.9   0.0   0.0   0.3  11.3   13:00   ENE
27   2.5  12.2   13:00  -3.9    3:10  15.8   0.0   0.2   0.3  14.5   14:30     W
28   3.1  11.4   11:50  -2.3    6:20  15.2   0.0   0.0   0.8  20.9   12:10     W
29   2.5  13.7   13:30  -3.4    8:00  15.8   0.0   0.2   0.2  14.5   12:30     W
30   3.2  12.1   12:10  -2.4    4:30  15.1   0.0   6.0   0.8  24.1   16:50     W
31   8.1  10.8   15:30   0.4    0:10  10.2   0.0   0.2   2.6  35.4   19:50     W
-------------------------------------------------------------------------------------
     2.8  13.7    29   -10.6     7   479.5   0.0  30.4   2.2  54.7     5       W

Max >=  32.0:  0
Max <=   0.0:  0
Min <=   0.0: 22
Min <= -18.0:  0
Max Rain: 11.20 ON 03/01/17
Days of Rain: 8 (> .2 mm) 4 (> 2 mm) 0 (> 20 mm)
Heat Base:  18.3  Cool Base:  18.3  Method: Integration