NOAA-style Climate Reports

Select a Year or Month report

Report for 2017 Feb
                   MONTHLY CLIMATOLOGICAL SUMMARY for FEB. 2017

NAME: Valle del Pavone   CITY: Castelnuovo V.C.   STATE: Italia 
ELEV:   360 m  LAT:  43.2036 N  LONG:  10.9186 E

                   TEMPERATURE (C), RAIN  (mm), WIND SPEED (km/hr)

                                      HEAT  COOL        AVG
    MEAN                              DEG   DEG         WIND                 DOM
DAY TEMP  HIGH   TIME   LOW    TIME   DAYS  DAYS  RAIN  SPEED HIGH   TIME    DIR
------------------------------------------------------------------------------------
 1  11.2  14.1   13:20   9.6    8:10   7.1   0.0   0.6   3.1  32.2   11:50    SE
 2  11.6  12.8   14:30  10.7    9:50   6.7   0.0   1.6   5.3  35.4   11:30   ESE
 3  11.7  12.9   14:50   9.8   19:40   6.6   0.0   6.0   4.5  37.0    7:20     W
 4   9.4  12.2   17:20   4.9    7:40   8.9   0.0   7.2   4.2  38.6   16:20     W
 5   9.7  12.3   18:10   5.2    3:00   8.6   0.0  17.8   3.7  53.1   18:50     W
 6   7.1   8.6   16:10   5.1   23:50  11.3   0.0   4.6   1.3  27.4   22:00     W
 7   6.7  12.3   15:40   0.4   23:50  11.7   0.0   0.0   1.3  20.9    3:50   WNW
 8   5.8  10.2   13:30   0.7    0:10  12.5   0.0   0.0   2.9  29.0   22:40   ESE
 9   6.2   8.7   15:10   4.7    4:30  12.2   0.0   0.4   5.3  29.0   13:20   WNW
10   6.1  10.7   15:40  -0.1   00:00  12.2   0.0   0.0   3.9  27.4   10:20     W
11   4.4  14.0   13:50  -1.8    7:40  13.9   0.0   0.0   1.1  25.7   11:50     W
12   7.4  15.8   14:20  -0.1    1:00  10.9   0.0   0.2   1.9  25.7   12:00     W
13   6.4  15.2   12:50  -0.3    6:40  11.9   0.0   0.0   1.3  22.5   12:20   ESE
14   4.7  14.6   15:30  -0.9    7:30  13.6   0.0   0.2   1.3  22.5   11:10     E
15   3.3  15.4   13:50  -4.2    7:40  15.0   0.0   0.2   0.8  20.9   14:30     W
16   4.9  14.8   13:10  -3.7    6:10  13.4   0.0   0.2   1.4  22.5   13:30   WNW
17   9.3  12.9   10:40   3.6    0:10   9.0   0.0   0.6   1.4  29.0   10:30     S
18   6.4  13.3   15:50  -0.9   23:00  11.9   0.0  16.2   1.1  29.0   12:40   ESE
19   2.8  12.9   13:40  -3.6    7:10  15.5   0.0   0.2   0.5  17.7   13:00     E
20   3.4  12.0   15:50  -2.6    1:50  14.9   0.0   0.4   0.0  11.3   13:00   WNW
21   4.3  12.8   15:00  -2.3    5:50  13.9   0.0   0.2   0.5  24.1   10:40     W
22   6.4  10.9   13:10  -0.7    5:40  11.9   0.0   0.2   0.2  16.1   14:40     W
23  11.2  14.6   15:40   9.8    7:50   7.1   0.0   0.0   1.9  27.4   20:10     W
24  11.4  12.5   14:50  10.1   00:00   6.9   0.0  26.2   3.9  40.2    5:50     W
25   7.9  11.9   15:00   2.0   00:00  10.4   0.0  12.2   6.4  40.2   11:50   WNW
26   4.8  15.1   14:20  -1.9   23:50  13.5   0.0   0.0   1.1  19.3   15:20   WNW
27   4.7  14.3   14:40  -3.0    5:10  13.6   0.0   0.0   1.3  24.1   14:10     W
28  10.3  12.0   19:50   4.0    1:00   8.0   0.0   4.0   4.0  35.4   17:40     W
-------------------------------------------------------------------------------------
     7.1  15.8    12    -4.2    15   313.2   0.0  99.2   2.3  53.1     5       W

Max >=  32.0:  0
Max <=   0.0:  0
Min <=   0.0: 14
Min <= -18.0:  0
Max Rain: 26.19 ON 24/02/17
Days of Rain: 20 (> .2 mm) 8 (> 2 mm) 1 (> 20 mm)
Heat Base:  18.3  Cool Base:  18.3  Method: Integration