NOAA-style Climate Reports

Select a Year or Month report

Report for 2017 Mar
                   MONTHLY CLIMATOLOGICAL SUMMARY for MAR. 2017

NAME: Valle del Pavone   CITY: Castelnuovo V.C.   STATE: Italia 
ELEV:   360 m  LAT:  43.2036 N  LONG:  10.9186 E

                   TEMPERATURE (C), RAIN  (mm), WIND SPEED (km/hr)

                                      HEAT  COOL        AVG
    MEAN                              DEG   DEG         WIND                 DOM
DAY TEMP  HIGH   TIME   LOW    TIME   DAYS  DAYS  RAIN  SPEED HIGH   TIME    DIR
------------------------------------------------------------------------------------
 1   9.6  13.1   14:50   6.7    5:40   8.8   0.0   0.2   5.0  41.8   11:30     W
 2  10.2  15.2   13:40   2.4    7:30   8.1   0.0   0.0   1.3  30.6    1:00     W
 3  10.3  14.5   15:50   4.4   21:10   8.0   0.0   0.0   1.0  24.1   23:50   ESE
 4  10.4  12.5   12:40   7.6   22:50   7.9   0.0   5.0   6.0  40.2    8:40   ESE
 5   8.1  11.2   15:20   5.0    2:00  10.2   0.0  20.0   2.6  27.4    3:40     W
 6  10.4  12.9   10:00   7.3   00:00   7.9   0.0  26.2   4.0  46.7   20:00     W
 7   8.2  15.1   15:50  -0.7   00:00  10.1   0.0   0.2   1.9  38.6   16:30   WNW
 8   6.6  15.2   15:30  -1.3    2:30  11.6   0.0   0.0   1.9  38.6   10:30   WNW
 9   7.0  18.7   14:50  -1.9    6:10  11.3   0.0   0.0   0.3  16.1   13:50   ENE
10   8.3  19.8   14:00  -0.6    6:50  10.2   0.1   0.0   1.8  43.5   14:10   WNW
11   7.7  16.6   15:20  -1.1   00:00  10.7   0.0   0.0   1.3  27.4    6:10   WNW
12   5.8  16.3   14:40  -2.4    6:50  12.5   0.0   0.0   0.6  20.9   16:20   WNW
13   5.6  16.3   16:10  -2.4    6:20  12.7   0.0   0.0   1.3  27.4   11:00   ESE
14   6.6  18.1   15:30  -2.2    3:00  11.7   0.0   0.0   1.1  22.5   12:50   ESE
15   8.4  19.6   15:40  -1.6    6:20  10.0   0.1   0.0   1.0  22.5   11:10     E
16  10.1  20.2   14:40  -0.1    6:40   8.4   0.2   0.0   1.0  19.3   10:00   WNW
17   8.0  17.7   13:00  -0.5    5:50  10.3   0.0   0.0   2.1  38.6   12:40     W
18   8.4  18.9   12:40  -0.3    6:40   9.9   0.0   0.0   0.8  30.6   12:40     W
19  10.9  19.7   14:30   1.5    5:50   7.5   0.1   0.0   0.6  19.3   16:50   NNE
20  12.3  15.8   11:20   5.2   23:50   6.0   0.0   0.0   0.2  17.7    1:50    SE
21  11.4  16.7   16:50   5.3    0:10   6.9   0.0   0.0   0.2   9.7   15:50   WNW
22  11.8  16.6   15:30   7.3    0:20   6.5   0.0   0.6   0.2  22.5   22:40    SE
23  12.6  14.7   11:50   8.6   00:00   5.8   0.0   0.2   2.6  35.4   11:40    SE
24  12.6  22.0   16:10   5.7    5:40   6.3   0.6   0.0   0.8  17.7   13:50     W
25  12.2  21.9   12:30   3.5    6:30   6.7   0.6   7.8   1.6  38.6   19:00     W
26   8.2  14.3   17:00   2.9    6:30   9.6   0.0   1.0   2.1  38.6   14:00     W
27   8.0  14.6   15:20   0.7    7:40  10.3   0.0   0.2   3.1  30.6   18:00   WNW
28   7.6  18.2   16:00  -2.4    7:40  10.5   0.0   0.0   1.0  24.1   13:40   WNW
29   9.3  21.6   16:10  -1.7    7:30   9.5   0.5   0.0   0.8  20.9   14:00   ENE
30  11.4  24.8   17:20   0.7    6:50   8.1   1.2   0.0   1.1  24.1   14:10     W
31  11.8  23.2   15:50   2.7    6:30   7.6   1.1   0.0   1.1  27.4   14:20     W
-------------------------------------------------------------------------------------
     9.3  24.8    30    -2.4    28   281.5   4.5  61.4   1.6  46.7     6       W

Max >=  32.0:  0
Max <=   0.0:  0
Min <=   0.0: 14
Min <= -18.0:  0
Max Rain: 26.19 ON 06/03/17
Days of Rain: 10 (> .2 mm) 4 (> 2 mm) 1 (> 20 mm)
Heat Base:  18.3  Cool Base:  18.3  Method: Integration