NOAA-style Climate Reports

Select a Year or Month report

Report for 2017 Apr
                   MONTHLY CLIMATOLOGICAL SUMMARY for APR. 2017

NAME: Valle del Pavone   CITY: Castelnuovo V.C.   STATE: Italia 
ELEV:   360 m  LAT:  43.2036 N  LONG:  10.9186 E

                   TEMPERATURE (C), RAIN  (mm), WIND SPEED (km/hr)

                                      HEAT  COOL        AVG
    MEAN                              DEG   DEG         WIND                 DOM
DAY TEMP  HIGH   TIME   LOW    TIME   DAYS  DAYS  RAIN  SPEED HIGH   TIME    DIR
------------------------------------------------------------------------------------
 1  11.3  19.9   13:50   2.1    7:00   7.1   0.2   0.0   2.1  30.6   15:30     W
 2  12.9  16.1   10:40   8.7    2:30   5.4   0.0   2.6   1.8  29.0   13:10   SSE
 3  12.1  21.4   15:20   4.5    4:00   6.7   0.4   0.2   1.4  27.4   13:10   ESE
 4  12.0  22.5   15:20   3.1    7:10   7.0   0.7   0.2   1.0  27.4   15:20     E
 5   9.7  19.1   13:50   4.1    4:50   8.6   0.0  12.4   0.5  20.9   11:20     E
 6   8.1  17.4   14:20   2.1    6:50  10.3   0.0  12.4   0.3  19.3   15:10     W
 7   9.7  20.4   15:40   1.2    6:20   8.7   0.1   0.2   0.8  20.9   13:30     W
 8  11.1  21.5   16:10   2.1    6:40   7.8   0.6   0.0   1.3  20.9   16:50     E
 9  12.0  22.2   15:50   1.7    7:00   7.4   1.1   0.0   1.6  24.1   14:30   WNW
10  12.1  21.9   13:50   3.4    7:10   7.1   0.8   0.0   1.9  27.4   16:30   WNW
11  11.8  21.9   16:30   2.5    6:20   7.1   0.6   0.0   1.9  24.1   17:10   WNW
12  12.6  23.2   13:40   3.1    7:10   6.8   1.1   0.0   1.3  24.1   15:10     W
13  11.9  22.1   14:10   4.2    5:20   6.9   0.6   0.0   1.8  27.4   15:20   WNW
14  13.0  22.1   14:10   4.6    4:00   5.9   0.6   0.0   2.4  22.5   14:30    SE
15  13.6  19.6   14:40   7.9    6:50   4.8   0.0   0.2   2.3  29.0   12:30   ESE
16  13.6  21.4   14:50   7.3   23:40   5.1   0.4   0.0   2.3  27.4   17:40   WNW
17  11.8  20.1   16:40   4.3   00:00   6.6   0.1   0.2   1.9  25.7   12:10   WNW
18   8.9  20.1   13:30   1.9    5:30   9.4   0.0   0.0   1.4  37.0   21:30   ENE
19   6.3  13.4   15:30  -1.2    6:40  12.0   0.0   0.0   1.8  43.5   13:10   WNW
20   5.4  13.4   16:30  -3.0    6:20  12.7   0.0   0.0   1.3  27.4   18:00   WNW
21   6.0  14.8   15:20  -3.6    6:40  12.3   0.0   0.4   1.1  29.0   15:50   WNW
22   7.9  15.6   13:30  -0.6    4:50   8.8   0.0   0.0   1.9  37.0   12:50   WNW
23   9.9  19.5   17:30   0.8    6:30   8.4   0.0   0.0   1.0  24.1   13:20   WNW
24  10.8  19.1   16:30   1.8    4:50   7.5   0.0   0.0   1.6  29.0   11:30   WNW
25  13.6  19.2   16:00   8.4    2:00   4.7   0.0   0.0   4.8  38.6   18:10   WNW
26  14.4  16.4   13:40  12.4    5:50   3.9   0.0   0.4   7.9  53.1   14:30    SE
27  15.1  18.1   12:30  11.1   00:00   3.2   0.0  14.0   4.5  45.1    0:40   WNW
28  10.1  14.7   18:50   2.3   23:50   8.2   0.0   0.6   3.5  40.2   13:00   WNW
29   9.1  17.4   16:00  -0.1    6:40   9.2   0.0   0.0   0.8  33.8   15:50   WNW
30  10.0  20.6   17:20   0.2    5:30   8.4   0.1   0.0   1.3  27.4    9:50   WNW
-------------------------------------------------------------------------------------
    10.9  23.2    12    -3.6    21   228.1   7.6  43.8   2.0  53.1    26     WNW

Max >=  32.0:  0
Max <=   0.0:  0
Min <=   0.0:  5
Min <= -18.0:  0
Max Rain: 14.00 ON 27/04/17
Days of Rain: 12 (> .2 mm) 4 (> 2 mm) 0 (> 20 mm)
Heat Base:  18.3  Cool Base:  18.3  Method: Integration