NOAA-style Climate Reports

Select a Year or Month report

Report for 2017 May
                   MONTHLY CLIMATOLOGICAL SUMMARY for MAY. 2017

NAME: Valle del Pavone   CITY: Castelnuovo V.C.   STATE: Italia 
ELEV:   360 m  LAT:  43.2036 N  LONG:  10.9186 E

                   TEMPERATURE (C), RAIN  (mm), WIND SPEED (km/hr)

                                      HEAT  COOL        AVG
    MEAN                              DEG   DEG         WIND                 DOM
DAY TEMP  HIGH   TIME   LOW    TIME   DAYS  DAYS  RAIN  SPEED HIGH   TIME    DIR
------------------------------------------------------------------------------------
 1   9.4  16.8   10:50   1.8    3:40   8.9   0.0   7.0   2.1  40.2   10:10   WNW
 2  10.9  17.7   14:40   5.1   23:20   7.4   0.0   0.0   1.8  29.0   13:00   WNW
 3  12.7  20.6   16:40   5.5    0:10   5.7   0.1   0.0   1.3  25.7   15:20   WNW
 4  13.9  19.9   14:50   9.4    6:50   4.5   0.1   2.2   2.1  27.4   10:00   WNW
 5  13.3  21.2   18:00   5.8    5:20   5.3   0.3   0.0   0.8  19.3   14:00   WNW
 6  13.4  20.4   16:30   7.1    6:20   5.0   0.1   8.8   2.3  40.2   14:00   WNW
 7  14.1  18.2   15:10   7.2   00:00   4.3   0.0   0.0   4.0  35.4    1:30   WNW
 8  12.7  19.8   18:20   4.1    6:30   5.7   0.2   0.0   0.8  24.1   13:00   WNW
 9  13.5  19.7   17:30   6.6   23:50   4.9   0.1   0.4   1.3  22.5   14:40   WNW
10  13.8  22.2   15:50   3.8    5:00   5.4   0.9   0.0   2.4  30.6   10:20    SE
11  15.6  22.5   13:00   7.8    6:20   3.5   0.8   0.0   2.6  30.6   13:30    SE
12  16.7  22.2   15:20   9.7    5:40   2.4   0.9   0.0   0.8  22.5   10:30   WNW
13  16.1  23.3   15:10   9.1    5:10   3.6   1.3   0.4   1.6  25.7   15:30   WNW
14  15.2  22.8   15:00   6.9    6:10   4.1   1.1   0.0   1.6  24.1   17:50   WNW
15  15.4  24.6   16:40   6.4    6:10   4.3   1.4   6.2   1.1  22.5   12:40   WNW
16  16.7  24.7   15:50   8.3    6:40   3.6   2.0   0.4   2.4  38.6   12:40   WNW
17  17.0  26.6   15:50   6.6    5:30   4.0   2.8   0.0   1.6  25.7   11:20   ESE
18  17.7  25.8   14:00   8.2    5:20   3.2   2.5   0.0   1.8  27.4   12:10   WNW
19  16.9  23.2   17:40   9.2    6:40   2.8   1.5   0.0   2.7  37.0   12:50   WNW
20  14.6  20.7   12:30   9.3    2:00   3.9   0.2   0.0   3.2  30.6   15:50   WNW
21  17.0  24.5   17:20   9.6   00:00   3.0   1.7   0.0   2.6  29.0   14:20   WNW
22  16.1  25.7   15:10   6.6    6:00   4.3   2.1   0.0   2.1  25.7   15:30   WNW
23  15.8  25.4   16:30   5.9    6:10   4.7   2.2   0.0   1.6  22.5   13:20   WNW
24  16.1  26.5   15:10   6.4    6:00   4.7   2.5   0.0   1.6  22.5   13:00   WNW
25  17.2  26.7   14:50   6.9    5:10   3.7   2.6   0.0   2.4  22.5   14:00   WNW
26  18.8  26.3   15:20   9.8   00:00   1.8   2.2   0.0   3.2  22.5    9:50   WNW
27  17.5  28.4   16:10   5.8    5:50   4.0   3.2   0.0   2.1  25.7   15:40   WNW
28  18.4  29.4   15:10   6.7    5:30   3.6   3.8   0.0   1.8  25.7   16:40   WNW
29  19.4  29.8   14:10   9.3    6:10   2.7   3.8   0.0   2.1  24.1   15:20   WNW
30  19.3  28.2   13:40   9.6    5:40   2.6   3.6   0.0   2.3  22.5   10:50   WNW
31  18.4  27.6   16:50   8.7    6:00   3.1   3.3   0.0   2.3  25.7   12:40   WNW
-------------------------------------------------------------------------------------
    15.6  29.8    29     1.8     1   130.8  47.3  25.4   2.0  40.2     1     WNW

Max >=  32.0:  0
Max <=   0.0:  0
Min <=   0.0:  0
Min <= -18.0:  0
Max Rain: 8.79 ON 06/05/17
Days of Rain: 7 (> .2 mm) 4 (> 2 mm) 0 (> 20 mm)
Heat Base:  18.3  Cool Base:  18.3  Method: Integration