NOAA-style Climate Reports

Select a Year or Month report

Report for 2017 Jun
                   MONTHLY CLIMATOLOGICAL SUMMARY for JUN. 2017

NAME: Valle del Pavone   CITY: Castelnuovo V.C.   STATE: Italia 
ELEV:   360 m  LAT:  43.2036 N  LONG:  10.9186 E

                   TEMPERATURE (C), RAIN  (mm), WIND SPEED (km/hr)

                                      HEAT  COOL        AVG
    MEAN                              DEG   DEG         WIND                 DOM
DAY TEMP  HIGH   TIME   LOW    TIME   DAYS  DAYS  RAIN  SPEED HIGH   TIME    DIR
------------------------------------------------------------------------------------
 1  17.8  27.7   16:10   8.7    6:00   3.6   3.1   0.0   2.4  27.4   13:30    SE
 2  16.7  27.3   14:00   5.7    5:50   4.4   2.9   0.0   1.6  22.5   16:00   WNW
 3  18.1  28.6   16:10   8.0    6:00   3.6   3.3   0.0   1.6  24.1   18:00   WNW
 4  18.9  28.1   17:50   9.7    4:10   2.8   3.4   0.0   1.6  22.5   16:10   WNW
 5  19.2  27.4   13:00  10.2    5:40   2.4   3.3   0.0   1.6  27.4   16:00    SE
 6  18.5  24.7   12:20  13.3    2:30   1.4   1.6   1.4   2.1  29.0   13:50   WNW
 7  16.5  23.6   15:00   9.1   00:00   3.3   1.6   0.2   2.7  24.1   16:10   WNW
 8  17.4  28.6   17:10   6.2    5:20   4.1   3.2   0.0   1.9  25.7   12:50   WNW
 9  18.8  29.8   15:30   8.2    5:40   3.4   3.9   0.0   1.8  25.7   14:40   WNW
10  19.0  29.6   15:10   9.9    4:30   3.1   3.8   0.0   1.3  17.7   17:00   WNW
11  20.9  32.4   17:40   8.8    5:50   2.7   5.3   0.0   1.9  22.5   13:30   WNW
12  21.8  31.6   15:10  10.3    6:10   1.9   5.5   0.0   2.3  24.1   18:00   WNW
13  22.1  31.9   16:20  11.6    5:50   1.6   5.4   0.0   2.1  41.8   13:10   WNW
14  22.7  31.3   15:30  14.0    6:20   0.8   5.2   0.0   2.1  25.7   12:40   WNW
15  21.7  32.0   14:50  12.6    3:50   1.5   5.0   0.0   1.8  24.1   12:30   WNW
16  23.0  33.2   13:40  13.8    5:50   1.1   5.8   0.0   1.8  24.1   15:30   WNW
17  23.7  33.1   15:00  13.7    5:40   1.1   6.4   0.0   2.1  22.5   14:20   WNW
18  23.4  28.9   17:50  14.4   00:00   0.1   5.2   0.0   4.7  35.4    8:20   WNW
19  21.8  32.1   17:30  11.2    1:50   1.4   4.9   0.0   2.7  22.5    9:00   WNW
20  21.3  30.8   16:20  10.9    6:10   2.1   5.0   0.0   1.8  27.4   17:10   WNW
21  21.1  31.3   14:00  10.7    5:00   2.2   5.0   0.0   1.8  25.7   15:20   WNW
22  22.1  32.4   15:20  10.6    5:50   2.0   5.8   0.0   1.4  22.5   12:50   WNW
23  21.7  30.4   17:30  12.2    5:50   1.6   5.0   0.0   2.3  22.5   13:20   WNW
24  23.7  33.2   15:40  14.2    5:50   0.8   5.9   0.0   1.4  24.1   14:30   WNW
25  23.1  30.9   15:20  14.7    4:50   0.7   4.9   0.2   1.6  24.1   12:00   WNW
26  23.5  33.4   13:40  12.5    6:00   1.2   6.4   0.0   1.4  20.9   15:00   WNW
27  25.2  31.8   17:00  17.8   00:00   0.0   6.8   0.0   3.1  30.6   11:40   WNW
28  22.7  29.6   15:10  15.9    2:40   0.3   4.6  10.4   5.0  51.5   15:40   WNW
29  21.2  27.1   17:40  13.4   00:00   0.5   3.4   2.8   3.4  25.7    8:30   WNW
30  16.3  20.8   11:40  11.7    4:10   2.0   0.3  17.6   0.8  17.7   11:00   WNW
-------------------------------------------------------------------------------------
    20.8  33.4    26     5.7     2    57.6 131.7  32.6   2.1  51.5    28     WNW

Max >=  32.0:  8
Max <=   0.0:  0
Min <=   0.0:  0
Min <= -18.0:  0
Max Rain: 17.60 ON 30/06/17
Days of Rain: 6 (> .2 mm) 3 (> 2 mm) 0 (> 20 mm)
Heat Base:  18.3  Cool Base:  18.3  Method: Integration