NOAA-style Climate Reports

Select a Year or Month report

Report for 2017 Jul
                   MONTHLY CLIMATOLOGICAL SUMMARY for JUL. 2017

NAME: Valle del Pavone   CITY: Castelnuovo V.C.   STATE: Italia 
ELEV:   360 m  LAT:  43.2036 N  LONG:  10.9186 E

                   TEMPERATURE (C), RAIN  (mm), WIND SPEED (km/hr)

                                      HEAT  COOL        AVG
    MEAN                              DEG   DEG         WIND                 DOM
DAY TEMP  HIGH   TIME   LOW    TIME   DAYS  DAYS  RAIN  SPEED HIGH   TIME    DIR
------------------------------------------------------------------------------------
 1  17.9  24.4   14:20  12.2    5:30   2.1   1.7   0.0   2.3  30.6   17:30   WNW
 2  18.1  25.8   16:40   9.6    5:20   2.7   2.5   0.0   2.1  25.7   15:10   WNW
 3  20.3  29.6   13:50  10.6    6:10   2.4   4.4   0.0   2.1  25.7   15:20   WNW
 4  20.4  30.9   13:10   9.7    5:50   2.7   4.7   0.0   2.1  24.1   16:10   WNW
 5  20.9  31.2   16:00   9.8    5:20   2.6   5.2   0.0   2.3  25.7   13:50   WNW
 6  21.5  32.9   14:00   9.7    6:10   2.5   5.7   0.0   2.1  27.4   14:00   WNW
 7  21.8  33.3   14:40   9.9    6:00   2.4   5.8   0.0   1.8  29.0   13:00   WNW
 8  23.1  34.4   13:50  11.3    5:40   1.8   6.6   0.0   1.6  25.7   16:10   WNW
 9  23.8  34.2   13:20  12.9    5:30   1.3   6.8   0.0   2.4  27.4   14:10   WNW
10  24.6  31.3   15:30  17.2   00:00   0.1   6.4   0.0   3.1  24.1   14:10   WNW
11  23.4  32.8   14:30  14.6    5:50   0.8   5.8   0.0   2.7  30.6   13:40    SE
12  23.1  32.1   14:20  13.2    6:00   0.9   5.7   0.0   3.4  33.8   14:30   WNW
13  23.3  31.9   15:50  14.7    5:40   0.6   5.7   0.0   2.3  27.4   15:10   WNW
14  22.3  31.4   16:50  12.3    6:20   1.3   5.4   0.0   2.3  25.7   15:40   WNW
15  23.6  31.7   16:00  14.2    4:30   0.9   6.2   0.0   2.9  25.7   18:00   WNW
16  22.3  27.5   17:20  13.7   00:00   0.2   4.2   0.0   4.5  41.8   14:30   WNW
17  20.0  31.1   17:10   8.3    5:50   2.8   4.5   0.0   3.1  32.2   12:30   WNW
18  20.6  32.4   14:20   7.7    6:00   3.0   5.3   0.0   1.8  24.1   16:40   WNW
19  21.3  31.7   14:20  10.1    5:30   2.3   5.3   0.0   2.3  33.8   14:40   WNW
20  21.7  31.5   15:30  10.2    6:10   1.9   5.3   0.0   2.9  24.1   10:40    SE
21  22.1  31.3   14:30  11.2    6:10   1.8   5.6   0.0   2.9  33.8   17:10   WNW
22  24.7  31.2   17:50  17.9   00:00   0.0   6.4   0.0   2.6  29.0   14:10   WNW
23  24.0  32.9   14:00  16.1    6:30   0.3   6.0   0.0   2.1  35.4   15:30   WNW
24  22.9  29.3   13:10  17.1   00:00   0.0   4.6   2.8   3.4  30.6   16:00   WNW
25  18.7  27.7   11:40  13.1   00:00   1.8   2.2  22.8   1.6  37.0   12:30   WNW
26  18.9  27.9   13:20   9.9    6:20   2.6   3.2   0.0   2.3  30.6   15:10   WNW
27  20.3  29.3   15:20  11.6    6:10   2.0   4.1   0.0   2.1  29.0   14:20   WNW
28  21.8  30.3   15:20  12.2    6:30   1.6   5.1   0.0   2.1  27.4   15:00   WNW
29  23.2  32.7   15:50  13.1    6:30   1.1   5.9   0.0   1.6  24.1   17:20   WNW
30  23.4  32.7   16:40  14.8    6:30   0.7   5.8   0.0   2.6  24.1   12:00    SE
31  24.4  37.1   14:20  13.0    6:10   1.2   7.4   0.0   1.3  20.9   15:00   WNW
-------------------------------------------------------------------------------------
    21.9  37.1    31     7.7    18    48.4 159.3  25.6   2.4  41.8    16     WNW

Max >=  32.0: 11
Max <=   0.0:  0
Min <=   0.0:  0
Min <= -18.0:  0
Max Rain: 22.81 ON 25/07/17
Days of Rain: 2 (> .2 mm) 2 (> 2 mm) 1 (> 20 mm)
Heat Base:  18.3  Cool Base:  18.3  Method: Integration