NOAA-style Climate Reports

Select a Year or Month report

Report for 2017 Aug
                   MONTHLY CLIMATOLOGICAL SUMMARY for AUG. 2017

NAME: Valle del Pavone   CITY: Castelnuovo V.C.   STATE: Italia 
ELEV:   360 m  LAT:  43.2036 N  LONG:  10.9186 E

                   TEMPERATURE (C), RAIN  (mm), WIND SPEED (km/hr)

                                      HEAT  COOL        AVG
    MEAN                              DEG   DEG         WIND                 DOM
DAY TEMP  HIGH   TIME   LOW    TIME   DAYS  DAYS  RAIN  SPEED HIGH   TIME    DIR
------------------------------------------------------------------------------------
 1  26.5  38.3   15:40  14.9    6:20   0.6   8.7   0.0   1.8  24.1   14:50   WNW
 2  26.1  38.7   15:40  14.6    6:10   0.6   8.4   0.0   1.9  19.3   11:10   WNW
 3  25.7  37.8   13:40  15.1    5:30   0.6   7.9   0.0   1.6  29.0   14:40   WNW
 4  25.6  38.3   14:50  14.0    6:10   0.8   7.9   0.0   1.9  25.7   14:00   WNW
 5  25.6  38.0   14:30  13.7    6:20   0.9   8.0   0.0   1.9  29.0   15:20   WNW
 6  25.2  34.7   13:00  14.1    6:20   0.7   7.6   0.0   2.1  30.6   14:00   WNW
 7  23.1  35.9   15:00  13.8    6:10   1.0   5.1   0.0   1.3  24.1   15:40   WNW
 8  24.8  33.6   14:30  14.0    6:30   0.9   7.3   0.0   3.1  32.2   12:40   WNW
 9  27.0  33.1   16:40  19.6    6:50   0.0   8.7   0.0   4.0  33.8   11:30   WNW
10  23.7  30.0   11:50  15.8   00:00   0.2   4.4   0.2   2.7  35.4   14:50   WNW
11  19.9  25.2   13:10  13.4   00:00   0.6   2.1   0.0   3.9  40.2   12:40   WNW
12  17.3  24.7   16:30  12.5    3:40   2.5   1.5  20.4   2.3  27.4   16:30   WNW
13  19.7  29.3   14:50   9.4    7:00   2.4   3.7   0.0   2.1  29.0   15:00   WNW
14  20.7  32.7   15:20   9.6    6:30   2.4   4.7   0.0   1.9  27.4   16:50   WNW
15  20.4  32.1   15:40  10.6    6:30   2.5   4.4   0.0   1.6  24.1   15:10   WNW
16  20.8  32.6   14:30   9.5    6:20   2.8   5.2   0.0   1.6  22.5   14:50   WNW
17  24.8  35.6   15:30  10.9    6:10   1.1   6.6   0.0   1.9  22.5   18:20   WNW
18  26.8  34.1   12:40  14.3    7:20   0.2   6.0   0.0   1.3  24.1   17:00   WNW
19  22.8  32.3   14:40  13.9    6:40   0.9   5.2   0.0   2.7  33.8   12:50   SSE
20  22.3  30.3   14:50  15.1    6:10   0.6   4.4   0.0   2.4  25.7   16:10   WNW
21  18.4  28.7   16:50   9.9    6:20   2.5   2.7   0.0   2.9  27.4   13:50   WNW
22  20.3  30.0   15:30   9.6    6:30   2.0   3.9   0.0   3.4  24.1    9:40   WNW
23  20.9  30.1   14:50   9.3    6:00   2.0   4.1   0.0   2.1  30.6   15:40   WNW
24  20.4  31.8   15:10   9.2    6:40   2.9   5.0   0.0   1.6  30.6   14:40   WNW
25  21.2  31.9   16:40  11.3    6:50   2.1   5.0   0.0   1.8  27.4   14:20   WNW
26  21.7  33.8   15:10  10.7    6:20   2.3   5.7   0.0   1.6  25.7   16:50   WNW
27  21.4  33.8   16:30  10.0    6:50   2.5   5.7   0.0   1.6  27.4   14:50   WNW
28  22.4  33.4   13:20  10.5    6:40   2.1   5.9   0.0   2.3  33.8   16:10   WNW
29  25.4  34.0   16:00  16.6   00:00   0.1   7.3   0.0   2.9  20.9   11:40   WNW
30  23.2  33.8   14:20  13.2    6:50   1.3   6.3   0.0   1.9  29.0   16:30   WNW
31  22.9  32.8   13:40  14.3    5:20   0.8   5.4   0.0   3.1  30.6   16:00    SE
-------------------------------------------------------------------------------------
    22.8  38.7     2     9.2    24    43.0 175.0  20.6   2.2  40.2    11     WNW

Max >=  32.0: 21
Max <=   0.0:  0
Min <=   0.0:  0
Min <= -18.0:  0
Max Rain: 20.40 ON 12/08/17
Days of Rain: 2 (> .2 mm) 1 (> 2 mm) 1 (> 20 mm)
Heat Base:  18.3  Cool Base:  18.3  Method: Integration