NOAA-style Climate Reports

Select a Year or Month report

Report for 2017 Sep
                   MONTHLY CLIMATOLOGICAL SUMMARY for SEP. 2017

NAME: Valle del Pavone   CITY: Castelnuovo V.C.   STATE: Italia 
ELEV:   360 m  LAT:  43.2036 N  LONG:  10.9186 E

                   TEMPERATURE (C), RAIN  (mm), WIND SPEED (km/hr)

                                      HEAT  COOL        AVG
    MEAN                              DEG   DEG         WIND                 DOM
DAY TEMP  HIGH   TIME   LOW    TIME   DAYS  DAYS  RAIN  SPEED HIGH   TIME    DIR
------------------------------------------------------------------------------------
 1  21.3  27.6   15:20  16.9   21:40   0.2   3.2  32.4   2.3  25.7    3:20   WNW
 2  18.0  22.3   11:10  11.4   23:40   1.2   0.9   6.6   3.2  38.6   15:40   WNW
 3  15.3  23.8   16:50   8.0    7:10   3.8   1.0   1.4   1.8  27.4   14:30   WNW
 4  15.6  26.1   16:40   6.7    6:50   4.5   2.0   0.2   1.6  22.5   10:50   WNW
 5  16.8  26.2   15:20   9.2    7:00   3.8   2.3   0.0   1.8  24.1   14:20   WNW
 6  17.7  25.9   13:00  10.5    5:50   2.6   2.1   0.0   1.0  19.3   11:30    SE
 7  19.6  26.2   14:00  13.9    6:30   1.3   2.6   0.0   1.3  22.5   17:00   WNW
 8  18.7  25.7   13:40  13.1    7:10   1.5   1.9   0.0   1.3  24.1   17:50   WNW
 9  18.2  24.1   15:20  11.5    6:10   1.9   1.8   0.0   4.3  35.4   20:30   SSE
10  18.3  20.9    5:40  15.0   23:30   0.6   0.6  17.8   1.6  48.3    4:30   WNW
11  17.7  21.2   15:40  15.0    0:10   1.0   0.5   7.4   2.3  33.8   20:40   WNW
12  17.5  22.3   11:20  11.1   00:00   1.9   1.1   0.0   4.7  49.9   15:20   WNW
13  15.1  24.6   15:20   8.0    6:50   4.4   1.3   0.0   1.3  20.9   13:40   WNW
14  17.3  25.4   15:40   9.2    7:20   3.0   2.1   0.2   3.5  32.2   15:00   WNW
15  19.7  24.7   15:00  14.4    6:30   0.6   2.0   1.6   3.2  27.4    9:00    SE
16  17.0  21.9   13:30  11.4   22:30   1.7   0.4  28.6   2.3  29.0    1:30   WNW
17  14.3  20.2   14:20   8.6   23:10   4.2   0.3   2.6   2.6  38.6   10:20   WNW
18  14.5  21.8   14:10   8.7    2:40   4.4   0.6   5.6   1.6  25.7   11:00   WNW
19  12.8  18.6   14:50   8.7   23:40   5.5   0.0   9.8   1.6  30.6   17:50   WNW
20  11.7  20.5   15:20   5.7    3:30   6.8   0.2   0.2   1.6  33.8   15:20   WNW
21  11.0  21.6   16:00   3.1    6:40   7.7   0.4   0.0   1.3  20.9   11:50   WNW
22  12.7  23.7   15:40   4.3    5:30   6.4   0.8   0.2   1.0  22.5   12:20   WNW
23  12.8  21.9   15:30   6.7    6:10   4.1   0.4   0.2   0.8  19.3   10:40   WNW
24  14.1  16.9   17:20  11.4   00:00   1.2   0.0   2.2   0.0   3.2   17:20    SW
25  13.0  21.1   15:30   6.6    7:00   5.7   0.4   0.2   1.4  20.9   13:50   WNW
26  12.8  22.4   17:10   5.3    6:30   6.0   0.5   0.2   1.3  22.5   11:30   WNW
27  13.5  23.9   15:50   6.2    6:10   5.7   0.9   0.0   1.1  17.7   11:40   WNW
28  13.7  22.9   15:00   6.6    7:00   5.5   0.9   0.2   1.6  24.1   16:40   WNW
29  14.3  22.7   15:40   6.9    4:40   4.8   0.9   0.0   1.6  20.9   14:40   WNW
30  13.7  23.3   15:20   7.3    7:00   5.2   0.7   0.0   1.1  20.9    4:30   WNW
-------------------------------------------------------------------------------------
    15.6  27.6     1     3.1    21   107.4  32.6 117.6   1.9  49.9    12     WNW

Max >=  32.0:  0
Max <=   0.0:  0
Min <=   0.0:  0
Min <= -18.0:  0
Max Rain: 32.41 ON 01/09/17
Days of Rain: 19 (> .2 mm) 9 (> 2 mm) 2 (> 20 mm)
Heat Base:  18.3  Cool Base:  18.3  Method: Integration