NOAA-style Climate Reports

Select a Year or Month report

Report for 2017 Oct
                   MONTHLY CLIMATOLOGICAL SUMMARY for OCT. 2017

NAME: Valle del Pavone   CITY: Castelnuovo V.C.   STATE: Italia 
ELEV:   360 m  LAT:  43.2036 N  LONG:  10.9186 E

                   TEMPERATURE (C), RAIN  (mm), WIND SPEED (km/hr)

                                      HEAT  COOL        AVG
    MEAN                              DEG   DEG         WIND                 DOM
DAY TEMP  HIGH   TIME   LOW    TIME   DAYS  DAYS  RAIN  SPEED HIGH   TIME    DIR
------------------------------------------------------------------------------------
 1  13.5  19.3   16:10   9.1    0:50   4.9   0.0   1.4   0.2   6.4   15:10   WNW
 2  14.7  21.7   15:10   9.8   00:00   4.0   0.4   0.6   0.3  11.3   11:50    SE
 3  14.5  21.0   15:40   6.6    7:20   4.3   0.5   0.2   2.1  24.1   11:10    SE
 4  16.3  25.1   15:30  10.4    8:10   3.2   1.3   0.0   0.6  11.3   12:30   WNW
 5  14.3  23.3   14:20   7.7    7:20   4.9   0.9   0.2   1.1  24.1   12:30   WNW
 6  14.1  22.8   16:10   7.3    7:40   5.0   0.8   1.8   1.6  29.0   21:00   WNW
 7   9.4  20.6   15:50   2.0    7:20   9.1   0.2   0.2   1.0  16.1   13:20   WNW
 8  11.7  21.7   15:40   2.8    0:20   7.0   0.4   0.2   1.4  24.1   12:00   WNW
 9  11.6  22.2   14:00   4.3    7:40   7.0   0.3   0.0   0.6  19.3   14:10   WNW
10  12.2  21.4   15:10   5.4    7:30   6.5   0.4   0.2   0.6  16.1   12:10   WNW
11  12.2  22.9   16:00   5.2    7:20   7.0   0.9   0.2   1.0  20.9   14:40   WNW
12  12.7  20.2   14:20   4.9    7:40   4.5   0.2   0.2   1.0  20.9   14:30   WNW
13  13.1  22.4   16:20   7.3    6:00   5.9   0.8   0.2   1.3  14.5   13:20     E
14  11.9  23.6   15:00   4.8    8:00   7.2   0.9   0.2   1.1  12.9   13:20     E
15  11.2  24.8   14:30   3.1    7:50   8.2   1.1   0.2   1.0  16.1   13:20     E
16  11.2  26.1   15:10   1.8    7:50   8.4   1.2   0.2   0.8  12.9   15:20   WNW
17  10.9  25.3   15:40   2.8    7:10   8.4   1.0   0.2   0.8  11.3   14:10   WNW
18  10.7  23.7   16:00   3.1    7:50   8.4   0.8   0.2   0.8  16.1   15:00    SE
19  10.0  22.7   15:30   1.6    8:10   8.9   0.6   0.2   0.8  12.9   14:10   WNW
20  12.3  23.3   15:30   2.9    7:40   6.8   0.7   0.2   1.4  19.3   13:50    SE
21  14.1  22.9   14:50   8.6    7:00   4.9   0.7   0.2   1.4  20.9   13:00   WNW
22  15.1  20.8   14:00   9.6    4:20   3.5   0.3   0.8   4.8  51.5   16:10   WNW
23   9.2  18.3   14:50   1.3    8:00   9.1   0.0   0.0   2.1  32.2   15:00    NW
24   8.1  21.1   16:00  -0.4    8:10  10.6   0.3   0.2   1.8  29.0   14:00    NW
25   8.8  21.7   15:30  -0.6    5:50  10.0   0.5   0.0   1.1  17.7    9:30   WNW
26  10.1  23.8   14:40   1.7    7:00   9.2   0.9   0.0   0.8  17.7   13:30   WNW
27  11.9  18.7   14:20   2.8    2:10   6.4   0.0   0.0   1.3  22.5   14:10   WNW
28  11.6  18.8   14:40   4.2    8:40   6.7   0.0   0.0   2.1  25.7    3:20   WNW
29  11.2  18.4   14:00   3.9    6:10   7.1   0.0   0.0   1.6  24.1   10:30   WNW
30  11.1  19.3   14:40   5.4   21:10   7.2   0.0   0.0   1.3  17.7   10:20   WNW
31  10.4  18.9   14:20   1.6   00:00   7.9   0.0   0.0   2.3  19.3   10:10   WNW
-------------------------------------------------------------------------------------
    11.9  26.1    16    -0.6    25   212.1  16.1   8.1   1.3  51.5    22     WNW

Max >=  32.0:  0
Max <=   0.0:  0
Min <=   0.0:  2
Min <= -18.0:  0
Max Rain: 1.80 ON 06/10/17
Days of Rain: 21 (> .2 mm) 0 (> 2 mm) 0 (> 20 mm)
Heat Base:  18.3  Cool Base:  18.3  Method: Integration