NOAA-style Climate Reports

Select a Year or Month report

Report for 2017 Nov
                   MONTHLY CLIMATOLOGICAL SUMMARY for NOV. 2017

NAME: Valle del Pavone   CITY: Castelnuovo V.C.   STATE: Italia 
ELEV:   360 m  LAT:  43.2036 N  LONG:  10.9186 E

                   TEMPERATURE (C), RAIN  (mm), WIND SPEED (km/hr)

                                      HEAT  COOL        AVG
    MEAN                              DEG   DEG         WIND                 DOM
DAY TEMP  HIGH   TIME   LOW    TIME   DAYS  DAYS  RAIN  SPEED HIGH   TIME    DIR
------------------------------------------------------------------------------------
 1   6.4  19.1   14:10  -0.4    6:20  11.8   0.0   0.0   0.6  11.3   13:00   WNW
 2  10.1  17.8   15:00   0.9    4:40   8.3   0.0   0.0   2.3  27.4   22:20   WNW
 3  14.0  17.3   11:10   8.1   00:00   4.3   0.0   4.6   1.3  22.5   12:30   WNW
 4  10.5  17.8   12:10   4.4    6:30   7.8   0.0   0.2   0.6  19.3   14:20    SE
 5  13.0  15.3    6:50   7.5    0:10   5.3   0.0  57.0   4.7  67.6   10:10   WNW
 6   9.8  13.6   13:40   7.9   21:00   8.5   0.0   3.4   1.1  22.5   14:50   WNW
 7   7.4  12.3   12:40   2.8   21:40  10.9   0.0   0.0   1.1  16.1    3:50   WNW
 8   6.9  14.9   13:20  -0.6    7:10  11.4   0.0   1.6   1.0  22.5   12:10   WNW
 9   8.7  13.5   12:50   4.9    7:30   9.6   0.0   2.4   0.3  16.1    1:00   WNW
10   7.8  15.7   15:00   2.6   23:50  10.5   0.0   0.2   0.8  20.9   10:20   WNW
11   6.2  16.3   14:00   0.4    7:10  12.1   0.0   0.2   0.6  16.1   14:30   WNW
12   8.6  13.7   12:00   1.6    7:20   9.7   0.0   3.4   2.1  29.0   22:40   WNW
13   5.7  12.4    3:20   1.6   17:00  12.7   0.0  38.4   6.6  54.7   11:30   WNW
14   6.7   9.2   12:20   4.3    0:50  11.6   0.0   0.6   7.7  41.8   14:20     E
15   8.1  10.7   13:10   5.9   00:00  10.3   0.0   0.4   5.8  40.2    0:40   WNW
16   6.7  13.6   14:20   1.9   22:00  11.6   0.0   0.0   2.6  27.4   15:10   WNW
17   7.8  14.9   14:50   1.7    2:00  10.5   0.0   0.0   2.7  22.5   11:30   WNW
18   4.3  13.4   14:50  -1.6   00:00  14.0   0.0   0.2   1.3  19.3   14:20   WNW
19   5.4  12.6   13:40  -1.9    1:50  12.9   0.0   0.2   1.0  17.7   13:10   WNW
20   4.2  14.9   13:20  -1.7    7:20  14.1   0.0   0.2   0.6  11.3   14:00   WNW
21   8.6  17.1   15:10   1.1    0:10   9.8   0.0   0.0   1.9  24.1   11:40    SE
22   9.8  14.8   13:30   2.8    0:10   8.5   0.0   0.0   1.3  19.3   10:20    SE
23   9.0  14.4   14:20   5.0    7:00   9.3   0.0   0.2   0.8  19.3   13:20   WNW
24   8.3  16.2   12:50   2.8    7:20  10.0   0.0   0.2   0.8  20.9   12:00    SE
25  12.9  14.7   13:30   8.5    0:50   5.3   0.0   0.0   4.5  37.0   11:00   WNW
26   7.0  12.4    0:10  -0.7   23:20  11.3   0.0   0.0   5.0  33.8   16:30   WNW
27   0.1   9.1   14:40  -4.9   23:50  18.2   0.0   0.0   1.1  19.3   12:20   WNW
28   3.6   9.2   14:40  -5.2    1:50  14.8   0.0   0.8   3.2  30.6   19:00   WNW
29   9.3  11.1    6:20   6.1   23:50   9.0   0.0  27.0   2.6  33.8    4:20   WNW
30   4.1   9.8   13:00  -0.9   00:00  14.2   0.0   4.6   1.9  49.9   13:00   WNW
-------------------------------------------------------------------------------------
     7.7  19.1     1    -5.2    28   318.0   0.0 145.8   2.3  67.6     5     WNW

Max >=  32.0:  0
Max <=   0.0:  0
Min <=   0.0:  9
Min <= -18.0:  0
Max Rain: 57.00 ON 05/11/17
Days of Rain: 20 (> .2 mm) 8 (> 2 mm) 3 (> 20 mm)
Heat Base:  18.3  Cool Base:  18.3  Method: Integration