NOAA-style Climate Reports

Select a Year or Month report

Report for 2017 Dec
                   MONTHLY CLIMATOLOGICAL SUMMARY for DEC. 2017

NAME: Valle del Pavone   CITY: Castelnuovo V.C.   STATE: Italia 
ELEV:   360 m  LAT:  43.2036 N  LONG:  10.9186 E

                   TEMPERATURE (C), RAIN  (mm), WIND SPEED (km/hr)

                                      HEAT  COOL        AVG
    MEAN                              DEG   DEG         WIND                 DOM
DAY TEMP  HIGH   TIME   LOW    TIME   DAYS  DAYS  RAIN  SPEED HIGH   TIME    DIR
------------------------------------------------------------------------------------
 1   0.7   7.2   13:40  -2.7    3:30  17.6   0.0   2.8   0.2   9.7   10:00   WNW
 2   4.7   7.9   13:20   0.4    0:20  13.6   0.0   0.2   4.8  30.6   11:30   WNW
 3   1.2   7.2   14:00  -3.7   00:00  17.1   0.0   0.0   1.6  24.1   13:20   WNW
 4  -1.1   8.9   14:00  -5.2    7:40  19.4   0.0   0.2   0.6  16.1   12:10   WNW
 5   1.8  11.9   13:30  -2.7    0:10  16.5   0.0   0.2   0.8  19.3   12:30   WNW
 6   2.8  12.0   12:30  -2.2    3:50  15.5   0.0   0.2   0.6  19.3   12:30   WNW
 7   7.2  10.4   14:20   0.7    0:10  11.1   0.0   0.4   2.3  20.9   12:00   WNW
 8  10.4  11.4   16:10   8.5   00:00   7.9   0.0   3.4   5.6  41.8   23:40   WNW
 9   3.3   8.6    0:30  -6.6   00:00  15.0   0.0   0.0   3.4  53.1    1:00   WNW
10   3.3  12.3   23:50  -7.2    1:50  15.0   0.0  17.6   5.0  53.1   23:30   WNW
11  13.5  14.1   00:00  12.3    0:10   4.8   0.0   3.0  11.9  56.3    2:50    SE
12  10.1  14.9    3:10   6.8   22:00   8.3   0.0  21.4   2.9  64.4    1:50   WNW
13   7.0  11.3   13:20   3.1    7:00  11.3   0.0   3.2   1.9  35.4   16:10   WNW
14  10.3  13.0   22:00   4.4    0:10   8.0   0.0   1.8   5.5  35.4   15:10   WNW
15   9.8  12.6   12:10   6.7   21:50   8.4   0.0   3.8   3.5  40.2   23:20   WNW
16   5.4   8.9    0:10   0.3   23:50  12.9   0.0   6.2   2.4  35.4    9:00   WNW
17   0.6   8.7   14:10  -4.1   23:30  17.7   0.0   0.2   1.0  17.7   11:50   WNW
18  -1.3   8.6   14:20  -6.8    8:00  19.6   0.0   0.2   0.5  19.3   12:10   WNW
19  -1.4   6.4   14:30  -6.5    7:20  19.8   0.0   0.2   1.6  20.9   11:40   WNW
20  -0.4   7.1   14:40  -5.2   23:40  18.7   0.0   0.0   1.9  29.0   11:00   WNW
21  -0.8   7.4   14:10  -5.8    5:00  19.1   0.0   0.0   1.4  20.9   14:40   WNW
22   1.4  13.3   14:40  -4.7    8:00  16.8   0.0   0.2   1.0  24.1   13:20   WNW
23   1.4  13.9   13:00  -3.4    4:30  16.8   0.0   0.2   0.5  11.3   13:40   WNW
24   5.1  11.9   12:20  -2.7    7:40  13.2   0.0   0.0   1.3  22.5   11:20   ESE
25   9.4  11.7   14:20   6.7    7:30   8.8   0.0   0.0   2.1  19.3   22:20   SSW
26   9.8  11.0   14:00   8.7    7:40   8.5   0.0   0.4   4.2  33.8   14:40   WNW
27   9.3  10.5   11:40   6.3   00:00   9.0   0.0  54.8   6.8  54.7   14:30    SE
28   3.1   6.9   13:40  -1.8   23:30  15.2   0.0  10.0   2.1  30.6    0:50   WNW
29   0.4   7.6   13:10  -3.8    8:00  17.9   0.0   1.8   0.6  14.5   12:20   WNW
30   8.0  10.7   12:50   3.4    0:10  10.3   0.0   2.6   3.4  27.4    3:50   WNW
31  10.8  14.3   14:20   7.4   19:30   7.5   0.0   0.0   2.1  24.1   23:20   WNW
-------------------------------------------------------------------------------------
     4.7  14.9    12    -7.2    10   421.2   0.0 135.1   2.7  64.4    12     WNW

Max >=  32.0:  0
Max <=   0.0:  0
Min <=   0.0: 17
Min <= -18.0:  0
Max Rain: 54.79 ON 27/12/17
Days of Rain: 24 (> .2 mm) 11 (> 2 mm) 2 (> 20 mm)
Heat Base:  18.3  Cool Base:  18.3  Method: Integration