NOAA-style Climate Reports

Select a Year or Month report

Report for 2018 Jan
                   MONTHLY CLIMATOLOGICAL SUMMARY for JAN. 2018

NAME: Valle del Pavone   CITY: Castelnuovo V.C.   STATE: Italia 
ELEV:   360 m  LAT:  43.2036 N  LONG:  10.9186 E

                   TEMPERATURE (C), RAIN  (mm), WIND SPEED (km/hr)

                                      HEAT  COOL        AVG
    MEAN                              DEG   DEG         WIND                 DOM
DAY TEMP  HIGH   TIME   LOW    TIME   DAYS  DAYS  RAIN  SPEED HIGH   TIME    DIR
------------------------------------------------------------------------------------
 1  10.7  11.8   10:00   8.4   17:50   7.6   0.0  11.8   6.6  56.3   19:50   WNW
 2   6.3  13.3   14:20   0.3   20:30  12.0   0.0   5.4   3.1  35.4    1:40   WNW
 3   7.3  14.0   18:10   2.1    2:30  11.0   0.0   0.2   4.8  49.9   17:00   WNW
 4  11.3  13.2   13:30   4.0    0:30   7.0   0.0   1.0   5.3  38.6    7:50   WNW
 5  10.2  14.1   16:10   3.7   22:30   8.1   0.0   0.0   3.1  38.6    3:10   WNW
 6  12.0  13.2   15:50   7.1   00:00   6.3   0.0   0.2   4.3  32.2    7:20    SE
 7  12.7  16.8   11:50   4.4    2:20   5.7   0.0   0.0   6.3  37.0   11:00    SE
 8  14.6  17.6   12:50   8.6    3:10   3.8   0.0   4.6   7.4  49.9   20:50    SE
 9  11.1  13.9    0:20   6.2   00:00   7.3   0.0   4.6   3.2  33.8    0:10    SE
10   6.6  11.7   12:30   0.6    7:40  11.7   0.0   0.2   1.1  17.7   12:30   WNW
11   6.0   9.3    0:30   2.0    6:10  12.3   0.0   2.8   2.1  24.1   16:30   WNW
12   6.6  10.3   14:00   3.3   23:50  11.8   0.0   0.2   4.2  29.0   13:40   WNW
13   3.1   9.9   14:30  -1.6   23:50  15.3   0.0   0.0   1.6  29.0   13:20   WNW
14   0.9   8.9   12:30  -3.6    8:00  17.4   0.0   0.2   0.5  16.1   12:30   WNW
15   3.3  11.4   15:20  -4.3    8:10  15.0   0.0   0.2   1.0  22.5   23:30   WNW
16  10.0  13.7   22:10   7.4    6:20   8.3   0.0   4.0   7.4  51.5   22:20    SE
17   8.9  13.2    0:10  -3.2   23:50   9.4   0.0   0.4   9.3  59.5    8:50   WNW
18   4.0  11.5   14:40  -4.1    3:50  14.3   0.0   0.0   1.4  20.9   12:00   WNW
19   8.9  12.3   15:10   1.1    8:30   9.4   0.0   0.0   2.6  35.4   19:50   WNW
20   6.7  11.3   12:10   0.1    8:30  11.6   0.0   9.8   2.3  25.7   14:40   WNW
21   8.2  14.6   14:30   0.3   23:40  10.1   0.0   4.4   3.1  38.6    8:10   WNW
22   4.8  11.1   16:00  -1.8    7:30  13.5   0.0   0.2   1.1  24.1   16:30    SE
23   7.6  15.2   14:10  -0.1   23:40  10.7   0.0   0.0   0.8  16.1   12:50   WNW
24   4.9  14.7   15:20  -1.4    3:10  13.4   0.0   0.2   1.8  22.5   11:00    SE
25   6.1  11.6   13:00  -0.2    2:30  12.2   0.0   0.2   1.8  24.1   13:20    SE
26   9.5  11.2   20:20   5.6    7:00   8.8   0.0   0.0   3.2  29.0   11:00   WNW
27   9.2  14.1   15:30   1.3   23:50   9.1   0.0   0.0   1.8  27.4    0:30    SE
28   4.8  15.2   12:50  -0.8    6:50  13.5   0.0   0.0   0.6  17.7   13:20   WNW
29   4.7  13.6   13:50  -1.3    5:30  13.6   0.0   0.2   1.0  20.9   13:00   WNW
30   8.1  10.5   11:20   5.8    0:10  10.2   0.0   0.0   0.5   9.7   16:10   WNW
31   8.9  10.7   13:40   6.5    5:10   9.4   0.0   0.0   2.3  20.9   20:20   WNW
-------------------------------------------------------------------------------------
     7.7  17.6     8    -4.3    15   329.5   0.0  50.8   3.1  59.5    17     WNW

Max >=  32.0:  0
Max <=   0.0:  0
Min <=   0.0: 11
Min <= -18.0:  0
Max Rain: 11.81 ON 01/01/18
Days of Rain: 20 (> .2 mm) 8 (> 2 mm) 0 (> 20 mm)
Heat Base:  18.3  Cool Base:  18.3  Method: Integration