NOAA-style Climate Reports

Select a Year or Month report

Report for 2018 Feb
                   MONTHLY CLIMATOLOGICAL SUMMARY for FEB. 2018

NAME: Valle del Pavone   CITY: Castelnuovo V.C.   STATE: Italia 
ELEV:   360 m  LAT:  43.2036 N  LONG:  10.9186 E

                   TEMPERATURE (C), RAIN  (mm), WIND SPEED (km/hr)

                                      HEAT  COOL        AVG
    MEAN                              DEG   DEG         WIND                 DOM
DAY TEMP  HIGH   TIME   LOW    TIME   DAYS  DAYS  RAIN  SPEED HIGH   TIME    DIR
------------------------------------------------------------------------------------
 1   9.6  10.4   10:30   8.7   18:50   8.7   0.0  24.0   5.1  37.0    6:40   WNW
 2   8.1   9.7    6:00   5.8   23:50  10.2   0.0  44.6   2.3  33.8    4:50   WNW
 3   2.4   5.8    0:10  -1.3   00:00  15.9   0.0  12.2   0.8  17.7    9:40   WNW
 4   1.2   8.6   14:20  -3.9    6:10  17.1   0.0   0.0   0.3   8.0   12:50   WNW
 5   4.1  11.3   14:10  -1.3    2:50  14.2   0.0   1.6   1.3  24.1   15:00    SE
 6   4.8   6.6   19:10   0.5    3:10  13.5   0.0  11.8   2.9  20.9   12:10   WNW
 7   4.9   9.1   14:00   1.7    4:00  13.4   0.0   0.8   1.0  16.1    9:50   WNW
 8   4.8   8.1   14:50   1.2    1:10  13.5   0.0   1.0   1.6  25.7   11:40   WNW
 9   3.1   9.8   15:20  -1.5   00:00  15.2   0.0   0.0   0.3   8.0   11:40     E
10   2.2   9.8   14:10  -4.4    7:20  16.1   0.0   0.2   2.6  24.1   15:20   WNW
11   1.6   9.6   14:50  -4.5    7:30  16.7   0.0   0.0   1.3  20.9   14:40   WNW
12   5.9   9.3   10:40  -0.9   22:30  12.4   0.0   2.8   3.2  29.0   13:00   WNW
13   1.0   7.3   14:00  -4.6   23:40  17.3   0.0   0.2   1.9  22.5   14:30   WNW
14   0.9   8.5   15:30  -4.4    0:10  17.4   0.0   0.0   1.9  22.5   16:40    NW
15   1.1   9.7   14:20  -6.8    7:00  17.2   0.0   0.0   1.0  16.1   11:00   WNW
16   6.7  11.3   15:00   2.3    0:10  11.6   0.0   0.0   0.6  17.7   11:50   WNW
17   8.3  10.9   23:50   5.9    6:50  10.0   0.0  10.2   2.1  22.5   14:40   WNW
18   7.4  11.0    0:10   3.9   23:50  10.9   0.0  20.2   2.6  25.7    5:20   WNW
19   3.7   6.5   14:20  -1.3   00:00  14.7   0.0   6.6   2.9  24.1   12:30   WNW
20   1.5   7.4   15:20  -2.8    5:20  16.8   0.0   0.0   1.9  19.3   14:20   WNW
21   3.3   5.9   13:00   1.3   00:00  15.0   0.0   1.0   4.8  33.8   14:20   WNW
22   3.1   7.2   15:40   0.9   21:30  15.2   0.0   6.2   3.4  22.5   12:50   WNW
23   3.4   5.9   12:50   1.2    0:10  14.9   0.0  16.6   3.2  29.0   12:10   WNW
24   7.6  11.7   13:20   3.5    2:00  10.7   0.0   1.6   6.1  38.6   13:20    SE
25   1.4   6.3    0:10  -3.3   23:20  16.8   0.0   3.0   4.2  33.8   21:00   WNW
26  -4.8  -1.7   14:50 -10.7   00:00  23.1   0.0   0.0   5.6  38.6   14:00   WNW
27  -6.9   0.6   15:40 -13.1    7:20  25.2   0.0   0.0   1.8  19.3   14:30   WNW
28  -2.9   2.0   13:10 -11.9    1:40  21.2   0.0   0.2   5.0  29.0   10:10    NW
-------------------------------------------------------------------------------------
     3.1  11.7    24   -13.1    27   425.0   0.0 164.8   2.6  38.6    24     WNW

Max >=  32.0:  0
Max <=   0.0:  1
Min <=   0.0: 16
Min <= -18.0:  0
Max Rain: 44.60 ON 02/02/18
Days of Rain: 19 (> .2 mm) 11 (> 2 mm) 3 (> 20 mm)
Heat Base:  18.3  Cool Base:  18.3  Method: Integration