NOAA-style Climate Reports

Select a Year or Month report

Report for 2018 Mar
                   MONTHLY CLIMATOLOGICAL SUMMARY for MAR. 2018

NAME: Valle del Pavone   CITY: Castelnuovo V.C.   STATE: Italia 
ELEV:   360 m  LAT:  43.2036 N  LONG:  10.9186 E

                   TEMPERATURE (C), RAIN  (mm), WIND SPEED (km/hr)

                                      HEAT  COOL        AVG
    MEAN                              DEG   DEG         WIND                 DOM
DAY TEMP  HIGH   TIME   LOW    TIME   DAYS  DAYS  RAIN  SPEED HIGH   TIME    DIR
------------------------------------------------------------------------------------
 1  -0.3   1.7   17:50  -2.9    0:20  18.6   0.0   0.2   5.1  25.7    1:20    NW
 2   5.2  11.4   11:50   0.6    2:40  13.1   0.0  32.2   4.0  57.9   16:30   WNW
 3   7.8  11.3   14:50   4.5    7:00  10.5   0.0  14.4   4.7  40.2   18:10   WNW
 4   8.9  13.1   12:40   4.2    7:10   9.4   0.0   5.4   1.9  22.5   12:10   WNW
 5   6.6   8.1   12:50   5.1   23:10  11.7   0.0   2.0   1.4  14.5   12:30   WNW
 6   7.9  12.4   15:40   4.7    7:10  10.4   0.0  22.6   2.3  35.4   16:10   WNW
 7   9.3  12.2   13:20   6.9    2:00   9.0   0.0   2.8   4.8  30.6   11:50   WNW
 8   9.8  14.4   13:40   4.1   22:50   8.5   0.0   0.0   3.7  38.6   11:50   WNW
 9  10.4  15.5   15:30   4.1   00:00   7.9   0.0   0.0   3.5  30.6   13:40   WNW
10   8.5  12.5   15:50   0.9    4:00   9.8   0.0   0.0   3.4  33.8   13:00   WNW
11  11.6  15.3   11:40   8.2   22:30   6.7   0.0  39.0   4.7  49.9   13:10   WNW
12  10.1  11.8   16:50   5.7    9:00   8.2   0.0  12.8   4.2  30.6   15:20   WNW
13  10.2  12.3   11:20   7.4    4:30   8.1   0.0   0.0   6.4  41.8   11:40   WNW
14   9.4  15.7   13:00   0.9   00:00   8.9   0.0   0.0   3.1  27.4   16:30   WNW
15   8.2  11.7   23:40  -0.1    3:00  10.1   0.0  42.6   5.6  53.1   12:40   WNW
16  11.4  16.6   15:40   5.3    7:10   6.9   0.0   6.2   4.5  35.4    0:50   WNW
17   8.5  12.2   11:50   1.3   23:30   9.8   0.0   2.6   2.9  40.2   14:00   WNW
18   5.8   8.8    7:10   1.8    0:10  12.5   0.0  39.4   4.3  32.2   12:20    SE
19   5.0   7.1   17:10   2.3   20:20  12.8   0.0   4.6   1.6  20.9    1:20   WNW
20   5.0   9.9   14:20  -0.2    6:20  13.3   0.0  24.2   3.1  27.4   17:30     E
21   3.6   6.1   16:30   2.0   23:50  14.7   0.0   4.0   7.2  37.0    9:50    NW
22   3.5   8.0   15:50  -0.4    5:30  14.8   0.0   0.0   7.1  46.7   11:30   WNW
23   4.4  10.7   15:50  -2.5   00:00  13.9   0.0   0.0   5.0  45.1   12:40   WNW
24   4.6  12.4   14:30  -3.3    1:50  13.7   0.0   0.0   2.7  24.1   16:40   WNW
25   5.0  13.2   15:50  -3.1    5:10  12.7   0.0   0.0   3.9  29.0   13:20    SE
26   4.9  15.4   16:20  -3.7    6:30  13.4   0.0   0.0   2.3  27.4   17:20   WNW
27   6.1  15.9   15:10  -2.7    6:50  12.2   0.0   0.0   2.4  25.7   12:40   WNW
28   7.9  16.2   12:40  -1.7    7:00  10.4   0.0   0.0   1.8  22.5   23:10   WNW
29  12.7  16.2   17:40  10.3    0:10   5.7   0.0   0.0   6.6  38.6   17:50   WNW
30  13.4  15.8   13:50  12.0    0:10   4.9   0.0   0.0   8.4  54.7   18:50    SE
31  10.8  12.9   15:30   7.8   11:00   7.5   0.0   3.2   5.6  46.7   10:00   WNW
-------------------------------------------------------------------------------------
     7.6  16.6    16    -3.7    26   330.2   0.0 258.2   4.1  57.9     2     WNW

Max >=  32.0:  0
Max <=   0.0:  0
Min <=   0.0: 10
Min <= -18.0:  0
Max Rain: 42.60 ON 15/03/18
Days of Rain: 17 (> .2 mm) 16 (> 2 mm) 6 (> 20 mm)
Heat Base:  18.3  Cool Base:  18.3  Method: Integration