NOAA-style Climate Reports

Select a Year or Month report

Report for 2018 Apr
                   MONTHLY CLIMATOLOGICAL SUMMARY for APR. 2018

NAME: Valle del Pavone   CITY: Castelnuovo V.C.   STATE: Italia 
ELEV:   360 m  LAT:  43.2036 N  LONG:  10.9186 E

                   TEMPERATURE (C), RAIN  (mm), WIND SPEED (km/hr)

                                      HEAT  COOL        AVG
    MEAN                              DEG   DEG         WIND                 DOM
DAY TEMP  HIGH   TIME   LOW    TIME   DAYS  DAYS  RAIN  SPEED HIGH   TIME    DIR
------------------------------------------------------------------------------------
 1  10.6  14.4   15:00   5.1   00:00   6.2   0.0   7.2   5.5  40.2    3:00   WNW
 2   9.4  16.9   13:50  -0.4    5:50   7.4   0.0   0.0   3.4  35.4   18:40   WNW
 3  11.8  16.6   15:40   4.2    0:50   6.5   0.0   0.0   6.0  35.4   12:30    SE
 4  11.9  13.2   14:40   9.8   23:20   6.4   0.0  30.0   5.1  46.7   20:50   WNW
 5  10.8  16.1   15:40   4.9   00:00   7.5   0.0   1.0   3.2  35.4   14:20   WNW
 6  10.6  21.8   17:20   1.4    7:20   8.1   0.4   0.0   1.4  20.9   13:00   WNW
 7  11.3  21.2   14:40   1.3    6:10   7.5   0.5   0.2   2.1  25.7   17:40   WNW
 8  12.9  22.0   17:40   3.8    6:00   6.0   0.6   0.0   2.7  27.4   13:00    SE
 9  10.6  12.3    0:10   9.8   22:20   7.7   0.0  14.4   1.4  19.3   14:20   WNW
10  10.7  14.6   13:50   5.2    6:30   7.7   0.0   3.2   3.1  32.2   12:10   WNW
11  11.0  14.4   19:30   5.2    6:00   7.3   0.0   1.0   2.3  27.4   22:10    SE
12  12.3  16.9   12:50   7.2    7:00   6.0   0.0   0.2   2.6  24.1    1:50   WNW
13  11.9  18.2   17:10   5.4   00:00   6.4   0.0   0.0   3.7  38.6   14:10   WNW
14  13.2  22.5   15:50   2.3    6:10   5.8   0.8   0.0   3.7  27.4   12:20   ESE
15  15.4  20.4   17:30   9.9   00:00   3.0   0.2   0.0   4.5  30.6   16:50   WNW
16  13.2  20.9   13:20   5.4    6:10   5.6   0.5   0.2   2.6  29.0   14:20   WNW
17  14.3  23.0   13:30   6.6    7:00   4.8   0.8   0.0   1.6  20.9   13:50   WNW
18  15.8  20.9   18:30   7.4    4:40   3.1   0.6   0.0   4.0  32.2   10:50   WNW
19  16.9  25.0   15:40   8.4    2:20   2.9   1.5   0.0   3.1  30.6   13:10   WNW
20  16.3  27.2   16:40   6.3    6:00   4.6   2.6   0.0   2.1  22.5   14:20   WNW
21  16.3  28.8   17:00   5.9    6:20   4.8   2.7   0.0   2.6  27.4   18:00    NW
22  14.7  24.3   16:40   5.9    6:30   5.3   1.8   0.0   2.3  25.7   16:20   WNW
23  14.5  23.4   17:00   5.7    6:40   5.5   1.7   0.0   2.4  27.4   13:30   WNW
24  15.2  24.6   14:00   5.9    4:30   4.8   1.7   0.0   3.1  33.8   16:10    SE
25  15.6  24.8   15:30   6.0    6:50   4.3   1.6   0.0   4.3  32.2   13:30    SE
26  15.3  24.4   15:50   5.6    6:30   4.7   1.7   0.0   3.4  33.8   10:40    SE
27  15.8  26.3   17:20   5.0    6:30   5.0   2.5   0.0   1.4  20.9   12:20   WNW
28  17.1  27.3   15:40   7.4    6:20   3.9   2.7   0.0   1.4  22.5   14:00   WNW
29  16.6  25.3   14:10   7.6    5:20   3.6   1.9   0.0   2.6  37.0   16:40   WNW
30  14.7  19.7   16:40   7.7   23:50   3.7   0.1   0.0   3.4  37.0    2:30   WNW
-------------------------------------------------------------------------------------
    13.6  28.8    21    -0.4     2   166.2  27.0  57.4   3.0  46.7     4     WNW

Max >=  32.0:  0
Max <=   0.0:  0
Min <=   0.0:  1
Min <= -18.0:  0
Max Rain: 30.00 ON 04/04/18
Days of Rain: 9 (> .2 mm) 4 (> 2 mm) 1 (> 20 mm)
Heat Base:  18.3  Cool Base:  18.3  Method: Integration