NOAA-style Climate Reports

Select a Year or Month report

Report for 2018 May
                   MONTHLY CLIMATOLOGICAL SUMMARY for MAY. 2018

NAME: Sorbo   CITY: Castelnuovo V.C.   STATE: Italia 
ELEV:   595 m  LAT: 43.2094 N  LONG: 10.9019 E

                   TEMPERATURE (C), RAIN  (mm), WIND SPEED (km/hr)

                                      HEAT  COOL        AVG
    MEAN                              DEG   DEG         WIND                 DOM
DAY TEMP  HIGH   TIME   LOW    TIME   DAYS  DAYS  RAIN  SPEED HIGH   TIME    DIR
------------------------------------------------------------------------------------
 1   9.7  11.7   11:00   6.2    3:10   8.6   0.0   8.8   0.2  12.9   12:00    NE
 2  11.4  13.8   15:50   9.2    0:40   6.9   0.0  17.8   0.2  14.5    9:10   ENE
 3  13.1  15.4   11:40  11.2    0:50   5.2   0.0   2.2   3.5  29.0   12:50    NE
 4  13.2  16.1   15:30  11.8    6:10   5.1   0.0  16.2   1.9  20.9    4:10    NE
 5  14.3  19.9   16:20  11.1   00:00   4.1   0.1  12.4   0.6  16.1   18:20   NNE
 6  14.7  18.2   14:30  10.6    0:30   3.6   0.0  14.4   0.3  11.3    4:30   ENE
 7  15.7  22.1   15:10  11.1    5:10   3.1   0.5   1.4   0.5  17.7   16:40   NNE
 8  15.2  21.3   13:00  11.8    5:50   3.4   0.3   1.6   0.5  16.1   14:20    SW
 9  14.2  17.3   12:40  11.0   00:00   4.1   0.0   2.2   0.0   8.0   12:20   NNE
10  13.8  17.7   16:20  10.4    1:00   4.5   0.0  14.8   0.2   9.7   18:30   SSE
11  14.6  21.1   14:50   9.6    6:20   3.9   0.3   0.0   0.5  11.3   16:40   SSE
12  14.2  18.9   14:20  10.6   00:00   4.1   0.0   0.2   0.6  12.9   13:20   NNE
13  14.1  19.5   11:50   9.1    4:10   4.3   0.1  11.4   0.8  22.5   20:20    SW
14   8.5  11.4   10:00   5.0   23:40   9.8   0.0  13.2   0.5  16.1    0:50   NNE
15   9.4  13.8   11:50   5.1    0:10   8.8   0.0   0.6   0.2  11.3    3:50    NE
16  11.3  16.2   15:10   8.8    4:50   7.0   0.0  20.6   0.2  11.3    3:00   SSE
17  11.7  16.6   11:10   8.7   23:40   6.6   0.0  16.2   0.2  12.9    1:30    SW
18  14.2  20.7   14:20   7.6    5:40   4.4   0.3   0.2   0.6  16.1   12:10   NNE
19  15.8  22.3   15:50   9.0    5:50   3.3   0.8   0.0   0.6  16.1   10:10     S
20  16.7  22.4   13:50  11.8    3:20   2.4   0.9   0.0   0.6  14.5   12:50    NE
21  16.1  21.1   12:00  13.5   00:00   2.4   0.2  11.8   0.3  14.5   10:00    NE
22  14.0  16.4   16:00  11.1   00:00   4.3   0.0  17.0   0.3  17.7   12:50    SW
23  14.8  20.8   15:40  11.0    1:00   3.7   0.2   0.0   0.6  11.3   11:50   SSE
24  15.7  20.8   15:50  11.8   22:50   3.0   0.4   0.2   0.6  14.5   15:40   SSE
25  17.7  23.9   14:20  11.7    4:00   2.2   1.6   0.0   0.3   9.7   12:10   SSE
26  20.3  26.6   15:10  13.9    2:30   1.2   3.2   0.0   0.6  11.3   15:20   ESE
27  20.1  25.2   13:10  16.3    4:50   0.5   2.4   0.0   0.2  14.5   17:10   SSW
28  19.2  23.6   13:20  15.7    6:20   0.5   1.5   0.0   0.3  11.3    3:00    SW
29  19.3  24.9   14:30  13.8    6:10   1.1   2.1   0.0   0.2  11.3   10:10    SW
30  18.7  23.6   10:30  14.4   00:00   0.6   1.0   9.6   0.0   9.7   11:00     S
31  17.2  22.7   15:40  13.6    3:50   1.9   0.9   0.2   0.3   9.7   13:00   SSE
-------------------------------------------------------------------------------------
    14.8  26.6    26     5.0    14   125.0  16.7 193.1   0.5  29.0     3      NE

Max >=  32.0:  0
Max <=   0.0:  0
Min <=   0.0:  0
Min <= -18.0:  0
Max Rain: 20.60 ON 16/05/18
Days of Rain: 22 (> .2 mm) 15 (> 2 mm) 1 (> 20 mm)
Heat Base:  18.3  Cool Base:  18.3  Method: Integration