NOAA-style Climate Reports

Select a Year or Month report

Report for 2018 Jun
                   MONTHLY CLIMATOLOGICAL SUMMARY for JUN. 2018

NAME: Valle del Pavone   CITY: Castelnuovo V.C.   STATE: Italia 
ELEV:   360 m  LAT:  43.2036 N  LONG:  10.9186 E

                   TEMPERATURE (C), RAIN  (mm), WIND SPEED (km/hr)

                                      HEAT  COOL        AVG
    MEAN                              DEG   DEG         WIND                 DOM
DAY TEMP  HIGH   TIME   LOW    TIME   DAYS  DAYS  RAIN  SPEED HIGH   TIME    DIR
------------------------------------------------------------------------------------
 1  16.9  24.2   13:00   9.9    3:30   3.1   1.7   0.0   2.4  22.5   15:40   WNW
 2  16.0  27.4   15:40   7.9    5:50   3.7   1.8   0.0   0.8  16.1   11:40   WNW
 3  19.1  29.4   16:00   8.3    5:40   3.0   3.8   0.0   1.1  19.3   13:20   WNW
 4  17.8  25.4   14:00  11.9    5:30   2.2   1.6   0.0   2.6  32.2   12:00   WNW
 5  17.6  22.3   12:50  12.7    2:00   1.9   1.1   0.6   2.7  30.6   13:30   WNW
 6  18.7  25.7   16:20  12.8    2:50   1.9   2.3   0.0   1.3  22.5   17:00   WNW
 7  18.1  27.3   14:10  11.2    4:30   2.0   1.9   1.0   0.8  29.0   19:00     E
 8  16.3  23.0   12:50  10.9    6:00   2.8   0.8  11.2   1.3  40.2   17:30   WNW
 9  18.3  23.8   17:40  11.6   00:00   1.5   1.6   0.0   2.7  35.4   12:20   WNW
10  18.2  27.1   14:40   9.4    5:30   2.8   2.7   0.0   1.4  29.0   10:30   WNW
11  19.5  30.3   12:20  10.2    5:30   2.6   3.7   0.0   1.6  24.1   13:20    SE
12  19.3  25.8   13:00  12.0    6:30   1.3   2.3   0.0   2.9  33.8   17:30   WNW
13  16.4  21.7   12:40  12.7    4:10   2.2   0.4  22.6   1.0  25.7   13:30   WNW
14  17.8  25.4   14:00  13.2   00:00   2.0   1.4   2.0   1.4  22.5   13:20   WNW
15  17.6  24.5   13:30   9.6    5:40   2.8   2.1   0.0   2.7  30.6   12:40   WNW
16  18.5  27.6   18:00   8.8    6:10   2.7   2.8   0.0   1.6  22.5   16:20   WNW
17  18.9  28.3   14:20   9.3    6:20   2.7   3.4   0.0   1.6  22.5   16:30   WNW
18  20.2  29.3   16:50  10.1    6:00   2.3   4.2   0.0   1.4  22.5   17:40   WNW
19  19.9  29.7   17:10  10.6    5:40   2.2   3.8   0.0   1.9  22.5   18:40     E
20  21.3  31.7   15:30  11.1    6:10   1.8   4.8   0.0   1.6  25.7   10:20   WNW
21  21.4  28.3   16:50  13.8    5:40   1.0   4.2   0.0   2.3  29.0   14:30   WNW
22  19.7  28.4   14:30  12.2    5:10   1.7   3.0   1.8   0.8  16.1   11:20   WNW
23  19.9  27.4   18:10  11.9   00:00   0.8   2.3   0.0   3.1  24.1    6:00   WNW
24  17.4  27.9   15:30   6.2    5:50   3.6   2.7   0.0   1.6  16.1    8:50   WNW
25  16.0  26.2   13:00   8.4    4:10   3.7   1.4   2.4   1.6  22.5   18:10   WNW
26  17.2  24.4   16:40   8.0    6:20   3.1   1.9   0.2   3.4  49.9   17:00   WNW
27  19.7  27.0   15:50   8.4    2:10   1.3   2.4   2.6   1.8  24.1   12:10   WNW
28  18.0  26.7   14:20  10.9    5:30   2.4   2.1   0.4   1.4  24.1   15:40   WNW
29  19.1  26.7   15:00   9.6    5:50   2.5   3.3   0.0   1.9  25.7   13:20   WNW
30  20.4  30.1   15:50  10.2    5:40   2.4   4.6   0.0   1.4  19.3   14:10   WNW
-------------------------------------------------------------------------------------
    18.5  31.7    20     6.2    24    70.1  76.1  44.8   1.8  49.9    26     WNW

Max >=  32.0:  0
Max <=   0.0:  0
Min <=   0.0:  0
Min <= -18.0:  0
Max Rain: 22.61 ON 13/06/18
Days of Rain: 10 (> .2 mm) 5 (> 2 mm) 1 (> 20 mm)
Heat Base:  18.3  Cool Base:  18.3  Method: Integration