NOAA-style Climate Reports

Select a Year or Month report

Report for 2018 Jul
                   MONTHLY CLIMATOLOGICAL SUMMARY for JUL. 2018

NAME: Valle del Pavone   CITY: Castelnuovo V.C.   STATE: Italia 
ELEV:   360 m  LAT:  43.2036 N  LONG:  10.9186 E

                   TEMPERATURE (C), RAIN  (mm), WIND SPEED (km/hr)

                                      HEAT  COOL        AVG
    MEAN                              DEG   DEG         WIND                 DOM
DAY TEMP  HIGH   TIME   LOW    TIME   DAYS  DAYS  RAIN  SPEED HIGH   TIME    DIR
------------------------------------------------------------------------------------
 1  20.5  30.4   15:00   9.6    5:30   2.4   4.6   0.0   2.9  24.1   13:30    SE
 2  21.3  31.2   16:40  10.2    6:00   2.0   5.0   0.0   1.8  24.1    9:50   WNW
 3  21.9  30.3   14:40  16.1    6:30   0.5   4.2   0.0   1.4  24.1   16:50   WNW
 4  21.4  29.0   17:30  14.0    6:20   1.1   4.3   0.0   1.6  22.5   13:10   WNW
 5  22.2  28.7   15:40  14.7    2:00   0.8   4.6   0.0   1.9  25.7   14:10   WNW
 6  21.0  27.8   12:20  13.7    6:00   1.1   3.7   0.0   1.8  25.7   12:10   WNW
 7  19.4  30.6   14:00  13.1    5:30   1.8   2.8  36.8   1.6  37.0   16:20   WNW
 8  19.8  31.1   13:50  12.4    6:00   2.0   3.5   1.8   0.8  22.5   15:50   WNW
 9  20.4  30.7   17:20  12.0    6:30   1.7   3.9   0.2   1.3  16.1   18:20   WNW
10  20.9  29.9   16:20  11.7    6:10   1.8   4.4   0.0   1.9  24.1   17:10   WNW
11  22.1  29.3   15:50  14.4    4:40   0.7   4.5   0.0   2.7  24.1    7:30   WNW
12  20.7  29.1   16:10  12.6    6:30   1.3   3.7   0.0   1.0  19.3   13:30   WNW
13  21.2  31.6   15:20  11.2    6:30   2.0   4.9   0.0   1.4  22.5   11:20   WNW
14  22.1  32.4   15:30  11.3    5:30   1.9   5.7   0.0   1.4  20.9   11:50    SE
15  21.3  30.1   15:10  11.3    6:10   1.8   4.9   0.0   1.9  29.0   16:40   WNW
16  20.6  28.7   16:30  11.1    6:10   2.0   4.3   6.4   1.9  35.4   23:10   WNW
17  20.4  27.9   15:10  13.0    6:30   1.4   3.5   1.8   1.9  20.9   16:00   WNW
18  19.9  30.9   15:50  10.3    6:10   2.5   4.1   0.0   1.0  22.5   17:20   WNW
19  20.2  31.6   16:30  10.6    4:40   2.5   4.5   0.0   1.3  19.3   15:00   WNW
20  20.8  30.9   17:00  11.1    6:20   2.1   4.6   0.0   1.4  22.5   17:20   WNW
21  21.7  29.0   18:20  12.2    3:50   0.9   4.3   0.0   3.1  35.4   15:20   WNW
22  21.2  27.1   12:20  14.7    6:40   0.7   3.6   0.6   2.7  32.2   13:40   WNW
23  20.9  29.0   16:50  15.2    6:40   0.6   3.2   0.8   2.3  27.4   13:20   WNW
24  21.6  30.6   15:50  11.6    6:10   1.7   4.9   0.0   2.1  24.1   17:30   WNW
25  20.4  31.1   14:40  11.8    6:20   1.9   4.0   0.0   1.0  24.1   16:00   WNW
26  19.4  32.9   14:50  11.6    6:10   1.9   3.0  19.6   1.0  41.8   15:50   WNW
27  21.8  31.0   16:10  14.6    5:30   1.0   4.4   0.4   1.0  19.3   17:00   WNW
28  21.3  29.6   17:10  14.2    4:00   1.3   4.3   0.2   1.8  25.7   17:20   WNW
29  21.7  31.4   13:50  12.8    5:50   1.6   5.0   0.0   1.3  19.3   15:20   WNW
30  23.3  34.2   14:50  13.8    5:00   1.1   6.2   0.0   1.4  20.9   11:30   WNW
31  24.7  35.6   15:30  15.2    6:50   0.4   6.9   0.0   1.4  24.1   17:00   WNW
-------------------------------------------------------------------------------------
    21.2  35.6    31     9.6     1    46.5 135.6  68.6   1.7  41.8    26     WNW

Max >=  32.0:  4
Max <=   0.0:  0
Min <=   0.0:  0
Min <= -18.0:  0
Max Rain: 36.80 ON 07/07/18
Days of Rain: 10 (> .2 mm) 3 (> 2 mm) 1 (> 20 mm)
Heat Base:  18.3  Cool Base:  18.3  Method: Integration