NOAA-style Climate Reports

Select a Year or Month report

Report for 2018 Aug
                   MONTHLY CLIMATOLOGICAL SUMMARY for AUG. 2018

NAME: Valle del Pavone   CITY: Castelnuovo V.C.   STATE: Italia 
ELEV:   360 m  LAT:  43.2036 N  LONG:  10.9186 E

                   TEMPERATURE (C), RAIN  (mm), WIND SPEED (km/hr)

                                      HEAT  COOL        AVG
    MEAN                              DEG   DEG         WIND                 DOM
DAY TEMP  HIGH   TIME   LOW    TIME   DAYS  DAYS  RAIN  SPEED HIGH   TIME    DIR
------------------------------------------------------------------------------------
 1  25.1  35.9   15:30  15.1    6:20   0.6   7.3   0.0   0.8  20.9   17:00   WNW
 2  21.9  35.1   13:50  15.1    6:00   0.8   4.4   0.6   1.3  30.6   14:40   WNW
 3  23.5  30.8   18:00  15.7    5:30   0.6   5.7   0.0   2.7  29.0   16:10   WNW
 4  23.2  34.0   16:00  15.2    6:20   0.6   5.5   0.0   1.1  19.3   16:50   WNW
 5  24.3  34.3   15:50  15.1    6:00   0.5   6.6   0.0   1.6  22.5   11:00   WNW
 6  23.8  34.8   14:20  13.7    6:30   0.9   6.5   0.0   1.1  17.7   13:10   WNW
 7  21.4  32.3   12:50  14.6    6:20   0.8   3.9  18.8   1.0  24.1   14:30   WNW
 8  22.1  32.1   13:00  15.2    6:50   0.6   4.3   1.4   1.1  33.8   15:40   WNW
 9  23.0  32.9   14:20  14.7    6:10   0.8   5.5   0.0   1.4  22.5   16:10   WNW
10  22.8  30.1   16:00  15.3    6:10   0.5   5.1   0.0   1.6  22.5   15:20   WNW
11  22.3  30.8   15:40  13.8    6:30   1.1   4.9   0.0   1.8  27.4   14:50   WNW
12  21.2  32.3   14:40  10.5    6:20   2.1   5.0   0.0   1.3  17.7   13:10   WNW
13  19.6  30.3   14:10  11.5    5:30   2.0   3.3   0.4   1.6  29.0   15:00   WNW
14  19.1  28.2   16:00  15.9    9:50   0.8   1.6  20.0   1.1  19.3    6:50   WNW
15  20.5  27.9   17:30  14.3    6:30   1.0   3.2   0.2   2.1  25.7   12:30   WNW
16  20.5  30.8   15:10  12.6    6:20   1.8   4.0   0.0   0.3  24.1   13:10   WNW
17  20.3  29.6   17:00  11.2    6:40   2.2   4.2   0.0   0.2  20.9   12:40   WNW
18  21.4  32.4   17:20  11.6    6:20   1.9   5.0   0.0   0.2  27.4   15:30   WNW
19  20.9  30.8   14:50  13.2    6:30   1.2   3.9   3.8   0.2  20.9   12:40   WNW
20  19.9  33.2   14:40  13.1    6:30   1.5   3.1   3.4   0.0  19.3   15:10    SE
21  20.4  33.2   16:10  12.2    6:40   1.8   3.9   1.0   0.2  20.9   16:10   SSE
22  20.8  33.3   15:40  11.9    6:30   1.9   4.4   0.2   0.2  25.7   17:20   ESE
23  21.1  32.7   15:20  12.4    6:50   1.7   4.5   0.0   0.5  29.0   17:30   WNW
24  20.4  30.3   17:30  13.0    6:40   1.7   3.9   0.4   0.5  20.9   15:10   WNW
25  19.2  29.2   13:00  13.4    6:50   1.9   2.8  11.8   0.5  25.7   14:50   WNW
26  17.6  24.1   16:40  11.5   00:00   2.2   1.5   0.2   0.5  22.5   15:40   WNW
27  15.4  26.2   17:00   6.2    6:30   4.7   1.8   0.0   0.5  19.3   14:30   WNW
28  17.7  31.4   16:30   7.6    7:00   3.9   3.3   0.0   0.6  19.3   15:00   WNW
29  18.8  31.4   14:20   8.6    6:40   3.5   3.9   0.0   0.2  17.7   17:20   WNW
30  20.2  30.2   13:50  11.6    6:50   2.1   4.0   0.0   0.2  22.5   17:10   WNW
31  20.1  27.2   16:10  12.6    6:30   1.5   3.3   0.2   1.1  22.5   10:50   WNW
-------------------------------------------------------------------------------------
    20.9  35.9     1     6.2    27    49.5 130.5  62.4   0.9  33.8     8     WNW

Max >=  32.0: 14
Max <=   0.0:  0
Min <=   0.0:  0
Min <= -18.0:  0
Max Rain: 19.99 ON 14/08/18
Days of Rain: 14 (> .2 mm) 5 (> 2 mm) 0 (> 20 mm)
Heat Base:  18.3  Cool Base:  18.3  Method: Integration