NOAA-style Climate Reports

Select a Year or Month report

Report for 2018 Sep
                   MONTHLY CLIMATOLOGICAL SUMMARY for SEP. 2018

NAME: Valle del Pavone   CITY: Castelnuovo V.C.   STATE: Italia 
ELEV:   360 m  LAT:  43.2036 N  LONG:  10.9186 E

                   TEMPERATURE (C), RAIN  (mm), WIND SPEED (km/hr)

                                      HEAT  COOL        AVG
    MEAN                              DEG   DEG         WIND                 DOM
DAY TEMP  HIGH   TIME   LOW    TIME   DAYS  DAYS  RAIN  SPEED HIGH   TIME    DIR
------------------------------------------------------------------------------------
 1  17.5  25.4   14:40  11.7    7:00   1.9   1.2   0.0   1.0  19.3   15:50   WNW
 2  15.7  23.9   12:50  11.4    7:10   3.2   0.6  56.0   0.6  41.8   13:20   WNW
 3  15.7  23.7   14:50  10.0    5:40   3.7   1.1   0.6   0.6  16.1   15:00   WNW
 4  17.3  24.9   14:00  10.2    1:10   2.8   1.8   5.4   1.0  17.7   11:00   WNW
 5  17.7  28.4   16:00   9.8    6:30   3.3   2.7   0.2   1.1  19.3   17:40   WNW
 6  18.6  28.8   14:30  10.1    6:50   2.8   3.1   0.2   1.6  19.3   14:00   WNW
 7  18.7  25.8   16:50  13.4    3:10   1.7   2.1  13.4   1.1  25.7   14:40   WNW
 8  18.6  28.2   15:50  12.2    6:10   2.1   2.3   0.0   0.8  16.1   15:30   WNW
 9  18.8  29.4   15:20  11.0    7:20   2.6   3.2   0.2   0.6  12.9   14:50   WNW
10  18.9  31.3   14:00  10.8    7:10   2.9   3.5   0.0   0.6  22.5   16:00   WNW
11  18.6  31.6   14:30   9.6    7:20   3.4   3.6   0.2   0.3   9.7   11:30   WNW
12  18.4  31.3   14:40   8.9    7:00   3.5   3.6   0.0   0.6  19.3   15:20   WNW
13  17.5  25.2   14:00  12.4    5:20   2.4   1.6   0.6   0.6  14.5   12:20   WNW
14  18.9  28.2   13:40  13.1   00:00   2.0   2.7   0.2   1.1  22.5   15:00   WNW
15  18.2  28.1   15:30  10.9    7:00   2.7   2.6   0.0   0.5  16.1   12:50   WNW
16  18.7  27.1   16:30  11.4    6:30   2.4   2.8   0.2   0.8  19.3   15:00   WNW
17  17.6  26.9   13:40  12.9    5:40   2.0   1.3  17.6   0.6  32.2   15:20   WNW
18  19.3  27.2   13:10  15.3    6:50   1.1   2.1   5.0   0.5  19.3   13:20   WNW
19  19.1  26.8   17:10  14.1    6:20   1.5   2.3   0.2   0.3  14.5   12:40   WNW
20  18.9  29.7   15:40  13.1    7:20   1.9   2.6   0.2   0.5  17.7   11:40   SSE
21  18.7  29.8   14:00  11.8    7:00   2.4   2.8   0.2   0.6  22.5   16:40   WNW
22  19.2  27.5   14:40  12.8    6:50   1.9   2.8   0.2   1.3  20.9   13:00   WNW
23  19.1  26.7   15:40  10.9    7:00   2.1   2.9   0.2   2.1  24.1   11:50    SE
24  21.3  27.8   16:00  16.3   23:50   0.2   3.1   0.0   3.4  33.8   22:20   WNW
25  16.3  21.4   15:50  12.3    7:10   2.5   0.5   0.0   4.7  45.1   10:30   WNW
26  13.3  19.8   15:50   6.4   23:40   5.0   0.1   0.0   2.1  43.5    1:50   WNW
27  11.8  25.8   16:10  -0.5    7:20   8.1   1.6   0.0   0.3  19.3   15:40   WNW
28  13.8  26.7   15:10   2.3    7:50   5.8   1.8   0.0   0.2  14.5   14:00   WNW
29  15.0  26.8   15:30   3.4    6:40   5.5   2.3   0.4   0.8  25.7   12:00    SE
30  16.7  25.1   15:30   9.0   00:00   3.0   1.3   0.0   0.5  19.3    4:00   WNW
-------------------------------------------------------------------------------------
    17.6  31.6    11    -0.5    27    86.4  66.1 101.3   1.0  45.1    25     WNW

Max >=  32.0:  0
Max <=   0.0:  0
Min <=   0.0:  1
Min <= -18.0:  0
Max Rain: 56.01 ON 02/09/18
Days of Rain: 19 (> .2 mm) 5 (> 2 mm) 1 (> 20 mm)
Heat Base:  18.3  Cool Base:  18.3  Method: Integration