NOAA-style Climate Reports

Select a Year or Month report

Report for 2018 Oct
                   MONTHLY CLIMATOLOGICAL SUMMARY for OCT. 2018

NAME: Valle del Pavone   CITY: Castelnuovo V.C.   STATE: Italia 
ELEV:   360 m  LAT:  43.2036 N  LONG:  10.9186 E

                   TEMPERATURE (C), RAIN  (mm), WIND SPEED (km/hr)

                                      HEAT  COOL        AVG
    MEAN                              DEG   DEG         WIND                 DOM
DAY TEMP  HIGH   TIME   LOW    TIME   DAYS  DAYS  RAIN  SPEED HIGH   TIME    DIR
------------------------------------------------------------------------------------
 1  13.9  22.0   14:00   8.2    1:50   4.7   0.3  25.4   0.6  38.6   14:10    SE
 2  12.3  16.2   13:40  10.1   20:30   6.0   0.0  36.0   1.8  35.4    7:00   WNW
 3  13.9  22.7   15:30   4.8    7:30   5.1   0.7   0.0   0.3  22.5   10:00   WNW
 4  15.7  23.6   14:50   8.1    6:30   3.6   0.9   0.0   0.5  22.5   11:00   WNW
 5  16.6  20.7   16:20  12.0    4:40   2.1   0.4   0.0   1.0  25.7   14:20   WNW
 6  14.4  15.9    1:10  12.6   22:25   3.9   0.0   7.8   0.5  14.5    2:30   WNW
 7  15.1  21.7   16:10  11.3   23:45   3.5   0.3   0.2   0.2  12.9   14:05    NW
 8  14.4  23.4   14:05   8.7    7:35   4.7   0.8   0.2   0.3  22.5   16:00   SSE
 9  13.9  23.7   15:35   7.2    7:10   5.2   0.8   0.2   0.3  16.1   15:50    NW
10  15.1  23.8   13:50   7.8    7:10   4.2   0.9   1.2   0.2  11.3   15:20   SSE
11  15.7  20.5   16:10  11.4   00:00   2.9   0.3   1.8   0.2  17.7   21:20    NW
12  13.8  24.2   15:10   7.9   00:00   5.4   0.9   0.2   0.2  12.9   14:55    NW
13  12.2  23.2   15:30   4.6    6:45   6.9   0.8   0.2   0.2  16.1   11:50    NW
14  11.7  22.4   13:25   5.1    7:20   5.4   0.4   0.2   0.0   8.0   13:35    NW
15  15.3  22.4   15:10   4.9    7:50   2.7   0.6   0.2   0.0   8.0   15:40    NW
16  16.3  18.5   11:25  13.6    2:10   2.0   0.0   0.6   0.8  19.3    9:40    NW
17  16.3  20.2   16:10  12.4    7:45   2.3   0.3   0.2   0.0   6.4    2:05    NW
18  17.2  23.6   15:30  12.3   00:00   2.0   1.0   0.2   0.0   3.2    0:50    NW
19  13.8  23.9   15:40   8.0    7:55   5.4   1.0   0.0   0.0   8.0   15:05    NW
20  12.8  23.8   15:00   5.4    7:40   6.4   0.9   0.2   0.3  12.9   15:40    NW
21  12.2  22.5   14:20   4.6    7:30   6.7   0.7   0.2   1.3  35.4   19:40    NW
22  10.3  15.2   16:00   3.2    3:30   8.0   0.0   0.0   4.3  41.8   13:15    NW
23  11.3  18.6   15:30   3.8   23:55   7.0   0.0   0.0   2.9  25.7   13:45    NW
24  10.6  20.4   13:10   2.6    3:55   8.1   0.4   0.2   1.4  22.5   13:25    NW
25  11.2  21.8   15:25   4.2    7:55   5.4   0.5   0.2   0.3  20.9   14:30    NW
26  18.0  20.6   15:25  16.2    8:20   0.5   0.3   0.0   1.4  20.9   23:45    NW
27  18.2  20.5   14:20  16.6    3:35   0.6   0.4   0.4   6.9  46.7   18:55   SSE
28  17.2  19.5   11:50  12.9   20:00   1.3   0.2   1.4   5.6  41.8    7:35    NW
29  16.0  21.2   15:10  10.7   23:50   2.8   0.4 125.0   4.7  51.5   19:55    SE
30  11.0  13.9   14:55   7.8   23:10   7.3   0.0  27.6   3.4  40.2   10:25    NW
31  11.7  15.4   14:15   7.8    5:25   6.6   0.0   2.8   1.0  22.5   15:45    NW
-------------------------------------------------------------------------------------
    14.1  24.2    12     2.6    24   138.7  14.2 232.6   1.3  51.5    29      NW

Max >=  32.0:  0
Max <=   0.0:  0
Min <=   0.0:  0
Min <= -18.0:  0
Max Rain: 124.99 ON 29/10/18
Days of Rain: 24 (> .2 mm) 6 (> 2 mm) 4 (> 20 mm)
Heat Base:  18.3  Cool Base:  18.3  Method: Integration