NOAA-style Climate Reports

Select a Year or Month report

Report for 2018 Nov
                   MONTHLY CLIMATOLOGICAL SUMMARY for NOV. 2018

NAME: Valle del Pavone   CITY: Castelnuovo V.C.   STATE: Italia 
ELEV:   360 m  LAT:  43.2036 N  LONG:  10.9186 E

                   TEMPERATURE (C), RAIN  (mm), WIND SPEED (km/hr)

                                      HEAT  COOL        AVG
    MEAN                              DEG   DEG         WIND                 DOM
DAY TEMP  HIGH   TIME   LOW    TIME   DAYS  DAYS  RAIN  SPEED HIGH   TIME    DIR
------------------------------------------------------------------------------------
 1  13.1  17.3   15:10   8.2   22:10   5.2   0.0  32.8   0.8  33.8    3:30    NW
 2  13.7  15.6   21:40   8.9    0:05   4.7   0.0  18.2   0.0  11.3   18:05    NW
 3  15.4  20.0   13:50  11.7    6:00   3.1   0.2   0.6   0.0   9.7   23:10    NW
 4  15.4  18.3   15:00  10.8   23:55   2.8   0.0   0.0   0.0  16.1   10:25   SSE
 5  13.0  18.4   12:55   9.3    7:20   5.3   0.0   1.2   0.2  11.3    9:40    NW
 6  14.2  17.6   13:25  11.2    0:05   3.9   0.0   5.4   0.2  17.7   22:25    NW
 7  12.4  14.7   11:40   9.3   00:00   5.9   0.0  13.4   0.0  14.5    7:00    NW
 8  10.1  18.2   13:30   4.6    6:45   8.2   0.0   0.2   0.0   8.0    9:50    SE
 9   9.2  18.4   14:00   3.7    7:45   9.1   0.0   0.2   0.0   3.2   11:30   SSW
10   9.4  17.9   12:55   3.4    7:15   8.9   0.0   0.2   0.0   4.8   11:35   SSE
11  10.9  17.8   13:25   5.3    1:55   7.4   0.0   0.6   0.0   4.8   15:20    NW
12   9.7  18.7   13:05   5.0    3:30   8.6   0.0   0.2   0.0   1.6    0:55    NW
13   9.3  17.3   13:35   4.2    4:10   9.0   0.0   0.2   0.0   3.2   15:20   SSE
14   9.5  17.8   13:25   4.7    2:40   8.8   0.0   0.2   0.0   6.4   16:25    NW
15   8.6  16.3   14:25   2.5    2:45   9.7   0.0   0.2   0.0   6.4    4:00    NW
16   9.5  13.8   14:20   6.5   23:40   8.8   0.0   0.0   0.0   1.6    0:05     N
17   6.6   9.7   12:30   4.2    5:00  11.7   0.0   0.0   1.6  29.0   14:25    NW
18   4.6   9.3   12:10  -2.2   23:00  13.7   0.0   0.0   3.2  27.4   11:30    NW
19   2.8   7.1   18:20  -4.2    7:05  15.5   0.0   2.4   2.1  20.9   12:05    NW
20   5.0   6.1   21:15   3.9   00:00  13.3   0.0   5.0   3.2  17.7    0:10    NW
21   5.9  12.1   14:25  -0.6    7:30  12.4   0.0   4.4   0.0   8.0   15:25    NW
22   7.3  14.1   13:45   2.9    7:45  11.0   0.0   0.4   0.0   6.4   14:20    NW
23  10.9  14.7   23:35   4.8    3:20   7.4   0.0   6.0   0.0   6.4    9:30    NW
24  13.6  16.0   12:25   9.6   23:55   4.8   0.0   9.0   0.0   1.6    1:05   SSE
25   9.7  12.1   14:20   5.1   20:35   8.6   0.0  13.6   0.0   6.4   14:00   ESE
26   8.4  11.1   14:05   5.9    4:05   9.7   0.0  24.4   0.0   9.7   18:30    NW
27   6.9  10.2   13:10   2.4   22:45  11.3   0.0   0.2   0.0   4.8    0:30   WNW
28   6.0  10.6   14:00   0.7   21:20  12.3   0.0   0.0   0.3   9.7    2:50    NW
29   3.6  11.9   13:55  -2.1   23:30  14.8   0.0   0.0   0.8  22.5    6:50    NW
30   3.9  11.6   14:00  -2.2    0:20  14.4   0.0   0.2   0.2  19.3   10:40   SSE
-------------------------------------------------------------------------------------
     9.3  20.0     3    -4.2    19   270.1   0.2 139.2   0.4  33.8     1      NW

Max >=  32.0:  0
Max <=   0.0:  0
Min <=   0.0:  5
Min <= -18.0:  0
Max Rain: 32.79 ON 01/11/18
Days of Rain: 24 (> .2 mm) 11 (> 2 mm) 2 (> 20 mm)
Heat Base:  18.3  Cool Base:  18.3  Method: Integration