NOAA-style Climate Reports

Select a Year or Month report

Report for 2018 Dec
                   MONTHLY CLIMATOLOGICAL SUMMARY for DEC. 2018

NAME: Valle del Pavone   CITY: Castelnuovo V.C.   STATE: Italia 
ELEV:   360 m  LAT:  43.2036 N  LONG:  10.9186 E

                   TEMPERATURE (C), RAIN  (mm), WIND SPEED (km/hr)

                                      HEAT  COOL        AVG
    MEAN                              DEG   DEG         WIND                 DOM
DAY TEMP  HIGH   TIME   LOW    TIME   DAYS  DAYS  RAIN  SPEED HIGH   TIME    DIR
------------------------------------------------------------------------------------
 1   6.9  13.4   12:35   1.2   00:00  11.4   0.0  12.0   0.2   8.0    7:25    NW
 2   6.1  12.0   14:55  -0.3    6:40  12.2   0.0   1.2   0.2  11.3   22:40    NW
 3  12.3  13.7   22:15  10.4    0:05   6.0   0.0   0.8   1.0  19.3    4:15    NW
 4  11.0  15.8   12:45   2.1   00:00   7.3   0.0   0.0   0.2  19.3    1:45    NW
 5   5.2  17.0   14:00  -0.4    6:45  13.1   0.0   0.2   0.0   8.0    1:20    NW
 6   7.8  11.9   13:10   3.5   00:00  10.5   0.0  14.0   0.2  16.1   20:55    NW
 7   7.6  13.8   13:05   0.9    7:30  10.7   0.0   0.2   0.0   4.8    2:45    NW
 8   9.6  13.9   12:45   1.8   23:55   8.7   0.0   7.0   0.0   8.0    8:35    NW
 9   8.8  13.8   10:00   0.6    4:35   9.5   0.0   1.2   0.2  22.5   10:00    NW
10   4.5  15.6   13:00  -3.0   00:00   9.9   0.0   0.0   0.3  20.9    2:30    NW
11  -0.4  11.0   14:05  -5.4    7:35  18.7   0.0   0.2   0.5  11.3   13:00    NW
12   0.1   6.5   12:55  -6.4    7:45  18.2   0.0   0.2   0.2   8.0   19:15    NW
13   2.8   4.5    1:30   0.9    5:35  15.5   0.0   3.2   3.2  20.9    2:25    NW
14   1.6   3.8   14:50  -3.3   22:45  16.7   0.0   2.0   3.2  20.9   10:45    NW
15  -0.9   5.6   13:55  -5.8   23:25  19.3   0.0   0.2   2.1  33.8   12:35    NW
16   0.1   6.9   13:10  -6.6    3:00  18.2   0.0  26.4   1.1  25.7   22:20    NW
17   2.7   4.8   14:05  -2.0   00:00  15.6   0.0   2.2   3.4  24.1   14:15    NW
18  -0.2   9.8   14:40  -4.8    8:30  18.5   0.0   0.2   0.5  12.9   12:50   WNW
19   3.1   9.7   14:15  -4.3    2:50  15.2   0.0   2.0   1.3  25.7   22:40    NW
20   8.4  10.7   12:15   4.9   19:25   9.8   0.0  15.8   1.9  29.0    5:20    NW
21   8.7  12.0   13:10   4.2    1:15   9.6   0.0   2.2   2.7  30.6   12:30    NW
22  11.9  14.8   13:40   7.8   23:25   6.4   0.0   0.0   2.7  22.5   10:25    NW
23   9.3  16.6   13:20   5.7    7:55   9.0   0.0   0.0   0.0   6.4   14:55    NW
24  10.3  13.7   13:00   5.6    1:05   8.0   0.0   0.0   1.8  27.4   23:00    NW
25   5.2  11.1   13:55  -2.8   23:40  13.1   0.0   0.0   2.9  22.5    1:20   NNW
26   0.5  11.4   13:50  -4.6    7:35  17.8   0.0   0.2   0.3   9.7   11:40    NW
27   3.5  10.7   13:45  -1.3    3:05  14.8   0.0   0.2   0.2  16.1   13:55    NW
28   3.4  10.8   13:50  -1.4    7:35  14.9   0.0   0.0   0.2  11.3   13:50    NW
29   5.2  12.7   13:35  -0.8    6:20  13.1   0.0   0.2   0.3  16.1   11:45    NW
30   6.5  12.6   14:25  -1.9   00:00  11.8   0.0   0.0   0.8  19.3    8:55    NW
31   1.9  13.3   13:05  -3.1    4:20  16.4   0.0   0.2   0.5  14.5   13:10    NW
-------------------------------------------------------------------------------------
     5.3  17.0     5    -6.6    16   399.9   0.0  92.0   1.0  33.8    15      NW

Max >=  32.0:  0
Max <=   0.0:  0
Min <=   0.0: 18
Min <= -18.0:  0
Max Rain: 26.39 ON 16/12/18
Days of Rain: 23 (> .2 mm) 10 (> 2 mm) 1 (> 20 mm)
Heat Base:  18.3  Cool Base:  18.3  Method: Integration