NOAA-style Climate Reports

Select a Year or Month report

Report for 2019 Jan
                   MONTHLY CLIMATOLOGICAL SUMMARY for JAN. 2019

NAME: Valle del Pavone   CITY: Castelnuovo V.C.   STATE: Italia 
ELEV:   360 m  LAT:  43.2036 N  LONG:  10.9186 E

                   TEMPERATURE (C), RAIN  (mm), WIND SPEED (km/hr)

                                      HEAT  COOL        AVG
    MEAN                              DEG   DEG         WIND                 DOM
DAY TEMP  HIGH   TIME   LOW    TIME   DAYS  DAYS  RAIN  SPEED HIGH   TIME    DIR
------------------------------------------------------------------------------------
 1   4.4  11.9   13:50  -1.9    0:55  13.9   0.0   0.0   1.8  20.9    6:55    NW
 2   6.9  12.1   12:30  -4.2   00:00  11.4   0.0   0.0   2.7  30.6   12:20    NW
 3  -2.8   5.9   14:20  -7.9    7:00  21.1   0.0   0.0   1.3  27.4   13:55    NW
 4  -5.0   4.6   14:35 -10.8    7:55  23.3   0.0   0.0   0.6  14.5   12:10    NW
 5   0.9   7.2   12:15  -6.7    0:15  17.4   0.0   0.0   1.0  17.7   12:05    NW
 6   2.2  11.4   14:25  -3.1   23:30  16.1   0.0   0.0   0.5  12.9   13:30    NW
 7  -0.2  11.5   13:55  -5.0    6:50  18.4   0.0   0.2   0.6  14.5   11:25    NW
 8   2.2   9.3   14:30  -4.4    2:40  16.1   0.0   0.2   1.4  30.6   14:35     S
 9   1.1   9.7   14:05  -5.7   23:40  17.2   0.0   0.0   0.8  16.1   15:05   ESE
10  -2.8   7.2   13:35  -7.3    7:05  14.2   0.0   0.2   1.3  25.7   13:25   ESE
11  -1.8   6.6   15:10  -7.4   00:00  20.1   0.0   0.0   1.8  20.9   10:50   WNW
12  -2.2   8.8   14:05  -9.6    6:25  20.5   0.0   0.0   1.0  17.7   14:45    NW
13   4.1  10.4   13:55  -1.7    1:00  14.2   0.0   0.2   0.6  16.1   13:30    NW
14   6.2  13.9   14:15  -3.6   23:50  12.1   0.0   0.0   1.4  24.1   12:25    NW
15   0.9  12.1   13:35  -5.9    7:45  17.4   0.0   0.2   0.8  14.5   13:40    NW
16   2.6  10.7   12:15  -3.7    8:00  10.9   0.0   0.2   1.3  30.6   11:50    NW
17   7.9  10.6   14:30   3.5   20:20  10.4   0.0   5.0   2.3  20.9    2:10    NW
18   5.9  10.8   14:30  -2.1   21:55  12.4   0.0   0.0   2.6  24.1   12:20   WNW
19   1.2   7.9   12:55  -2.8    4:00  17.1   0.0   0.2   0.6  17.7   14:30    NW
20   2.2   8.8   13:00  -2.5    7:15  16.1   0.0   0.6   0.6  12.9   23:55    NW
21   3.9   6.2   11:30   0.6   00:00  14.4   0.0  10.8   3.9  22.5   10:55    NW
22   0.6   1.2    2:20  -0.1   23:10  17.7   0.0   2.8   1.1  17.7    0:45    NW
23   1.4   5.6   12:55  -0.4    1:05  16.9   0.0  13.6   0.8  16.1   14:10    NW
24   2.8   5.8   13:35  -1.3   00:00  15.5   0.0   1.8   4.8  29.0   12:20   NNW
25   1.8   6.3   13:30  -1.6   21:40  16.5   0.0   0.0   4.8  53.1   14:00   NNW
26   1.3  10.0   14:00  -4.2    6:30  17.0   0.0   0.0   1.4  17.7    0:40    NW
27   3.8  11.1   15:15  -4.4    4:35  14.5   0.0   0.4   2.1  25.7   23:30    NW
28   5.6   9.9   13:50  -2.1   00:00  12.7   0.0   3.8   3.5  37.0   15:35    NW
29   0.2   9.1   14:50  -4.1    7:40  18.2   0.0   0.2   1.0  14.5   11:05    NW
30   0.1   3.2   15:55  -3.9    3:40  18.3   0.0   4.0   0.5  17.7   21:35    NW
31   3.6   8.7   23:15  -3.3    4:50  14.8   0.0   7.8   2.1  27.4   13:15    NW
-------------------------------------------------------------------------------------
     1.9  13.9    14   -10.8     4   496.7   0.0  52.2   1.7  53.1    25      NW

Max >=  32.0:  0
Max <=   0.0:  0
Min <=   0.0: 29
Min <= -18.0:  0
Max Rain: 13.59 ON 23/01/19
Days of Rain: 18 (> .2 mm) 7 (> 2 mm) 0 (> 20 mm)
Heat Base:  18.3  Cool Base:  18.3  Method: Integration