NOAA-style Climate Reports

Select a Year or Month report

Report for 2019 Feb
                   MONTHLY CLIMATOLOGICAL SUMMARY for FEB. 2019

NAME: Valle del Pavone   CITY: Castelnuovo V.C.   STATE: Italia 
ELEV:   360 m  LAT:  43.2036 N  LONG:  10.9186 E

                   TEMPERATURE (C), RAIN  (mm), WIND SPEED (km/hr)

                                      HEAT  COOL        AVG
    MEAN                              DEG   DEG         WIND                 DOM
DAY TEMP  HIGH   TIME   LOW    TIME   DAYS  DAYS  RAIN  SPEED HIGH   TIME    DIR
------------------------------------------------------------------------------------
 1  11.2  13.1   14:40   8.6    0:05   7.1   0.0  35.2   5.3  51.5   21:50   SSE
 2   9.2  11.4    1:05   5.2   21:10   9.1   0.0  63.6   2.6  43.5    2:50    NW
 3   6.3   9.5   10:45   3.0    4:25  11.9   0.0   4.0   1.4  16.1    6:55    NW
 4   4.6  11.2   13:45  -0.4   22:55  13.7   0.0   0.2   1.9  25.7   13:10    NW
 5   2.9  11.2   15:40  -3.4    7:15  15.4   0.0   0.2   2.3  22.5   16:00    NW
 6   5.9  12.5   15:15  -1.6    5:05  12.4   0.0   0.0   4.8  33.8   13:10    NW
 7   5.4  13.8   15:00  -3.3    7:40  11.1   0.0   0.0   1.4  14.5   14:30    NW
 8   3.4  11.9   14:20  -1.8   23:55  14.9   0.0   0.6   0.6  11.3   12:20    NW
 9   4.3  11.9   12:10  -2.9    4:40  14.0   0.0   0.0   1.0  27.4   11:50    NW
10   7.4  12.0   13:20  -0.4    4:30  10.9   0.0   0.2   3.5  30.6   13:20    NW
11   7.5  12.1   15:30  -3.0   00:00  10.8   0.0   0.0   4.3  32.2   12:30   NNW
12   1.9  13.4   13:55  -5.9    7:45  16.4   0.0   0.0   1.4  25.7   14:15    NW
13   1.9  12.5   15:40  -5.1    6:35  16.4   0.0   0.0   1.6  19.3   10:25    NW
14   3.6  17.1   14:20  -4.5    7:00  14.7   0.0   0.2   1.0  12.9   13:25    NW
15   6.2  17.6   14:45  -3.9    4:50  12.1   0.0   0.0   1.8  27.4   21:25    NW
16   5.6  16.2   15:00  -3.1    8:00  12.7   0.0   0.0   1.6  20.9   11:40    NW
17   3.2  15.0   14:35  -3.3    5:35  10.4   0.0   0.0   0.5  16.1   14:10    NW
18   3.5  14.7   15:55  -4.4    7:15  14.8   0.0   0.2   0.8  17.7   14:15    NW
19   6.2  11.9   13:15   0.1    0:05  12.1   0.0   0.0   1.3  19.3   12:35   SSE
20   6.4  13.4   14:30  -0.8   23:50  11.9   0.0   0.0   1.4  19.3   11:30    NW
21   4.2  13.9   15:05  -2.8    5:45  14.1   0.0   0.0   1.3  17.7   13:25    NW
22   7.6  14.7   14:40   0.1   23:40  10.7   0.0   0.0   1.6  20.9   13:15    NW
23   5.1   9.8   14:55  -0.8    3:00  13.2   0.0   0.2   6.3  48.3   13:30   NNW
24   3.7  11.2   15:50  -1.9   22:45  14.6   0.0   0.0   4.0  29.0   11:00   NNW
25   7.3  15.6   14:30  -4.2    5:15  11.0   0.0   0.0   4.8  43.5   19:45   NNW
26   7.8  14.8   15:15  -0.8    7:25  10.5   0.0   0.0   1.4  19.3    1:25    NW
27   7.2  20.2   14:15  -1.4    6:55  11.3   0.3   0.0   1.0  19.3   15:30    NW
28   5.7  16.5   12:50  -1.7    6:15  12.6   0.0   0.0   1.4  20.9   13:00    NW
-------------------------------------------------------------------------------------
     5.5  20.2    27    -5.9    12   350.8   0.3 104.6   2.2  51.5     1      NW

Max >=  32.0:  0
Max <=   0.0:  0
Min <=   0.0: 23
Min <= -18.0:  0
Max Rain: 63.60 ON 02/02/19
Days of Rain: 10 (> .2 mm) 3 (> 2 mm) 2 (> 20 mm)
Heat Base:  18.3  Cool Base:  18.3  Method: Integration