NOAA-style Climate Reports

Select a Year or Month report

Report for 2019 Mar
                   MONTHLY CLIMATOLOGICAL SUMMARY for MAR. 2019

NAME: Valle del Pavone   CITY: Castelnuovo V.C.   STATE: Italia 
ELEV:   360 m  LAT:  43.2036 N  LONG:  10.9186 E

                   TEMPERATURE (C), RAIN  (mm), WIND SPEED (km/hr)

                                      HEAT  COOL        AVG
    MEAN                              DEG   DEG         WIND                 DOM
DAY TEMP  HIGH   TIME   LOW    TIME   DAYS  DAYS  RAIN  SPEED HIGH   TIME    DIR
------------------------------------------------------------------------------------
 1   7.4  13.2   13:35   1.4   23:35  10.9   0.0   0.0   0.8  16.1   14:15    NW
 2   6.5  17.8   15:00  -1.6    7:05  11.8   0.0   0.2   1.1  25.7   13:05    NW
 3   6.4  17.9   16:05  -2.2    4:30  11.9   0.0   0.0   1.6  22.5   14:05    NW
 4   8.3  14.0   15:15   0.1    3:30  10.0   0.0   0.2   4.7  45.1   13:25    NW
 5  10.4  14.8   13:00   2.1   23:55   7.9   0.0   0.0   4.5  38.6    1:15    NW
 6   8.1  15.7   15:10  -1.8    6:20  10.2   0.0   0.0   3.5  32.2   22:30   SSE
 7  12.3  14.7   12:20   8.1   00:00   5.9   0.0   0.2   6.8  45.1    6:05     S
 8   7.9  15.9   15:55   0.3   23:55  10.3   0.0   0.0   1.9  29.0   13:20    NW
 9   6.6  16.1   14:45  -1.7    5:50  11.7   0.0   0.0   2.1  22.5   10:55    NW
10   9.2  17.1   15:35   0.1    2:20   9.1   0.0   0.0   3.2  25.7   11:55   SSE
11   9.6  13.5   11:10   1.6   21:40   8.7   0.0   1.0   4.7  49.9   18:05    NW
12   4.0  13.2   14:55  -5.2    7:00  14.3   0.0   0.0   3.1  33.8    0:05    NW
13   5.6  12.7   13:00  -2.2    3:15  12.8   0.0   0.0   2.9  33.8   14:25    NW
14   6.4  13.8   11:20  -3.6    6:50  11.8   0.0   0.0   3.1  38.6   12:05    NW
15  10.6  17.3   13:40   2.9   00:00   7.7   0.0   0.0   4.2  53.1    2:00    NW
16   9.8  20.0   13:55   0.2    6:35   8.5   0.0   0.0   3.1  29.0   20:35    NW
17  11.0  14.8   12:55   5.9    4:30   7.3   0.0   0.0   4.8  32.2   11:55   SSE
18   9.6  13.3   13:40   6.3   23:55   8.7   0.0   0.6   3.4  38.6    4:55    NW
19   6.1   9.5   16:00   1.6   22:20  12.3   0.0   0.8   4.3  33.8   13:30    NW
20   7.4  13.2   15:05   1.3    0:45  10.9   0.0   0.0   5.8  33.8   12:20   NNW
21   9.7  17.3   15:20   3.4    1:40   8.6   0.0   0.0   6.4  32.2   14:05   NNW
22  11.6  20.8   15:55   1.9   23:15   6.9   0.2   0.0   4.0  27.4    0:15    NW
23  10.5  22.3   16:40   1.2    6:45   8.4   0.6   0.0   2.1  24.1   12:30    NW
24   9.6  22.6   12:45  -1.1    6:30   9.5   0.8   0.0   1.8  24.1   13:40    NW
25   9.4  19.8   12:05  -1.1    5:55   9.1   0.2   0.0   2.1  30.6   12:55    NW
26   7.7  11.7   12:05   3.6    0:10  10.6   0.0   1.8   7.1  43.5   12:45    SE
27   9.0  14.2   13:20   4.1    1:10   9.3   0.0   0.0   5.6  30.6    2:45   ESE
28   8.6  14.1   15:20   1.9    4:10   9.7   0.0   0.0   5.6  32.2   12:35   NNW
29   9.7  17.5   14:50   0.7   00:00   8.6   0.0   0.0   4.5  25.7   10:25   NNW
30   7.1  19.0   14:40  -3.7    6:00  11.2   0.0   0.0   1.8  24.1   15:35    NW
31   8.3  19.8   16:25  -2.9    7:25   9.7   0.1   0.0   1.6  22.5   15:15    NW
-------------------------------------------------------------------------------------
     8.5  22.6    24    -5.2    12   304.3   1.9   4.8   3.6  53.1    15      NW

Max >=  32.0:  0
Max <=   0.0:  0
Min <=   0.0: 11
Min <= -18.0:  0
Max Rain: 1.80 ON 26/03/19
Days of Rain: 7 (> .2 mm) 0 (> 2 mm) 0 (> 20 mm)
Heat Base:  18.3  Cool Base:  18.3  Method: Integration