NOAA-style Climate Reports

Select a Year or Month report

Report for 2019 Apr
                   MONTHLY CLIMATOLOGICAL SUMMARY for APR. 2019

NAME: Valle del Pavone   CITY: Castelnuovo V.C.   STATE: Italia 
ELEV:   360 m  LAT:  43.2036 N  LONG:  10.9186 E

                   TEMPERATURE (C), RAIN  (mm), WIND SPEED (km/hr)

                                      HEAT  COOL        AVG
    MEAN                              DEG   DEG         WIND                 DOM
DAY TEMP  HIGH   TIME   LOW    TIME   DAYS  DAYS  RAIN  SPEED HIGH   TIME    DIR
------------------------------------------------------------------------------------
 1  10.1  22.5   15:20  -0.9    6:10   8.9   0.7   0.0   1.6  29.0   15:30    NW
 2  11.3  20.4   16:50   3.6    7:00   7.2   0.2   0.0   2.4  20.9   15:30    NW
 3  11.3  13.5   10:55   9.6    5:50   6.9   0.0   0.8   4.3  33.8   22:30    NW
 4   9.2  12.7   14:50   3.2   23:45   9.2   0.0  58.8   6.0  40.2   12:30   SSE
 5   6.7  12.9   18:05   0.2   23:45  11.6   0.0   1.4   3.4  27.4   10:20    NW
 6   6.6  15.4   14:25  -1.8    6:40  11.7   0.0   0.0   1.1  19.3   16:10    NW
 7   7.1  13.3   17:35   1.1   23:55  11.2   0.0   9.2   1.4  20.9   17:20    NW
 8   7.2  14.3   14:05  -0.6    3:15  11.1   0.0   0.0   2.9  33.8   18:15    NW
 9  10.9  16.7   16:40   2.6   00:00   7.4   0.0   0.0   2.7  24.1   14:35    NW
10   9.0  17.2   15:05   1.8    1:00   9.3   0.0   0.0   2.4  29.0   13:10   SSE
11   8.9  14.8   13:30   5.2    6:50   9.4   0.0  13.6   1.1  25.7   14:30    NW
12   9.8  16.8   13:35   5.8    4:05   8.5   0.0   9.2   1.9  19.3    9:55    NW
13   8.6  13.6   16:15   2.1   23:50   9.8   0.0   0.4   1.8  17.7   13:35    NW
14   6.6  13.1   11:40   0.5    3:25  11.8   0.0   6.0   1.9  22.5   10:05    NW
15   9.4  16.1   17:35   3.3    6:55   8.9   0.0   0.2   3.7  27.4   11:10    NW
16   8.6  16.9   12:25   0.1    6:35   9.7   0.0   0.0   2.1  25.7   16:00    NW
17   9.4  19.4   13:45   0.6    6:40   8.9   0.0   0.0   1.9  24.1   18:05    NW
18  12.2  21.2   15:15   0.8    6:40   6.7   0.5   0.0   3.2  29.0   13:45   SSE
19  13.7  21.4   14:40   4.6   00:00   5.0   0.4   0.0   3.4  22.5   12:10    NW
20  11.3  21.7   15:50   0.7    6:40   7.7   0.6   0.0   3.2  29.0   10:30   ESE
21  15.1  21.8   14:55   6.2    2:25   3.9   0.7   0.0   2.1  16.1   11:35    NW
22  14.2  18.8   12:40   9.8    2:45   4.1   0.0  11.2   2.6  19.3    5:10    NW
23  13.4  16.5   13:05  11.8    0:25   4.9   0.0  36.8   4.8  35.4   15:00   SSE
24  15.7  20.9   14:45  12.3   00:00   2.8   0.2   0.2   5.5  35.4   14:00    NW
25  14.6  22.8   13:05   5.1    6:45   4.9   1.2   0.0   1.6  25.7   13:40    NW
26  13.4  18.6   14:40   8.6   00:00   4.9   0.0   1.0   1.8  20.9   17:50    NW
27  12.2  17.6   14:25   5.4   00:00   6.1   0.0   0.0   5.0  40.2   10:15    NW
28   9.1  16.9   13:40   3.1    4:50   9.2   0.0   0.0   2.4  40.2   14:50    NW
29   6.9  11.9   13:20   2.4   00:00  11.4   0.0   9.8   1.4  24.1    7:50    NW
30   9.1  16.6   14:40   0.0    6:45   9.2   0.0   0.2   2.3  22.5   14:05    NW
-------------------------------------------------------------------------------------
    10.4  22.8    25    -1.8     6   242.4   4.7 158.8   2.7  40.2     4      NW

Max >=  32.0:  0
Max <=   0.0:  0
Min <=   0.0:  4
Min <= -18.0:  0
Max Rain: 58.80 ON 04/04/19
Days of Rain: 15 (> .2 mm) 8 (> 2 mm) 2 (> 20 mm)
Heat Base:  18.3  Cool Base:  18.3  Method: Integration