NOAA-style Climate Reports

Select a Year or Month report

Report for 2019 May
                   MONTHLY CLIMATOLOGICAL SUMMARY for MAY. 2019

NAME: Valle del Pavone   CITY: Castelnuovo V.C.   STATE: Italia 
ELEV:   360 m  LAT:  43.2036 N  LONG:  10.9186 E

                   TEMPERATURE (C), RAIN  (mm), WIND SPEED (km/hr)

                                      HEAT  COOL        AVG
    MEAN                              DEG   DEG         WIND                 DOM
DAY TEMP  HIGH   TIME   LOW    TIME   DAYS  DAYS  RAIN  SPEED HIGH   TIME    DIR
------------------------------------------------------------------------------------
 1  11.7  19.8   12:40   4.2   23:55   6.7   0.0   0.0   1.4  24.1   15:40    NW
 2  11.6  20.2   14:10   1.2    5:55   6.9   0.2   0.0   2.7  32.2   15:35    NW
 3  14.2  18.2   16:15  12.1    0:05   4.1   0.0   0.0   5.3  41.8   11:20    NW
 4  12.2  16.3   16:55   7.2    6:35   6.1   0.0   4.4   1.6  29.0   20:35    NW
 5   8.2  13.2    7:40   4.4   23:20  10.1   0.0   9.4   2.6  40.2    8:05    NW
 6   7.8  13.7   18:35   1.8   00:00  10.5   0.0   0.0   2.7  27.4   15:25    NW
 7   8.5  17.3   15:50  -0.7    6:00   9.8   0.0   0.0   2.4  22.5   14:40    NW
 8  10.2  15.9   13:00   2.2    2:35   8.1   0.0   0.2   4.7  33.8   16:10     S
 9  13.3  17.6   11:05   6.1   00:00   5.0   0.0  18.2   6.3  48.3    1:25    NW
10  11.7  19.2   18:10   4.9    2:15   6.6   0.0   0.0   1.9  24.1   15:40    NW
11  12.8  21.2   13:45   3.7    4:05   5.8   0.2   2.4   3.5  37.0   15:30    NW
12  11.4  16.7   15:30   6.6    5:05   6.9   0.0   3.8   3.9  32.2   19:05    NW
13  11.8  15.0   12:25   9.8    0:05   6.5   0.0   0.0   5.8  37.0   10:20    NW
14  12.3  17.2   13:10   7.7   23:20   6.0   0.0   0.0   5.6  32.2   10:55   NNW
15   8.8  12.3   17:05   4.4    6:05   9.5   0.0   0.0   2.9  24.1   14:40    NW
16   9.7  18.8   14:20   0.8    5:10   8.6   0.0   0.0   2.3  19.3   17:00   WNW
17  11.2  18.9   13:35   0.9    5:55   7.1   0.0   0.0   2.3  30.6   14:40     S
18  12.4  17.5   14:25  10.2    5:00   5.8   0.0  40.4   0.8  14.5   11:00    NW
19  12.1  16.5   15:25  10.6    5:35   6.2   0.0  28.2   1.8  25.7   13:45    NW
20  12.9  18.3   13:30   7.3    5:55   5.4   0.0   0.2   3.2  38.6   14:20   SSE
21  15.7  21.5   16:50  11.6    0:05   3.0   0.4   1.6   2.9  25.7   12:05    NW
22  13.8  20.9   18:30   9.9    3:10   4.6   0.1  10.6   1.1  19.3   13:40   SSE
23  14.5  21.3   16:35   8.9   00:00   4.3   0.5   0.0   1.8  24.1   14:40    NW
24  14.4  22.5   14:40   5.8    5:45   4.9   1.0   0.2   2.1  24.1   16:25    NW
25  14.7  22.6   16:45   6.3    5:20   4.5   0.9   0.0   1.3  17.7   15:00    NW
26  13.7  16.1   17:05  10.4    1:20   4.6   0.0  15.4   1.3  20.9   21:30    NW
27  15.4  20.6   15:25  12.2   00:00   3.1   0.1  22.6   1.6  24.1   16:05    NW
28  15.3  19.6   16:10  12.1    0:10   3.1   0.1   1.8   1.4  24.1   18:20    NW
29  13.1  18.3   10:50   8.6    6:20   5.2   0.0   6.6   0.6  19.3   11:20    NW
30  14.2  19.8   18:40   8.7   00:00   4.1   0.1   0.0   1.6  19.3   10:40   WNW
31  14.4  22.9   15:30   6.8    5:55   4.8   0.9   0.0   1.8  25.7   11:40    NW
-------------------------------------------------------------------------------------
    12.4  22.9    31    -0.7     7   187.8   4.6 166.0   2.6  48.3     9      NW

Max >=  32.0:  0
Max <=   0.0:  0
Min <=   0.0:  1
Min <= -18.0:  0
Max Rain: 40.41 ON 18/05/19
Days of Rain: 16 (> .2 mm) 11 (> 2 mm) 3 (> 20 mm)
Heat Base:  18.3  Cool Base:  18.3  Method: Integration