NOAA-style Climate Reports

Select a Year or Month report

Report for 2019 Jun
                   MONTHLY CLIMATOLOGICAL SUMMARY for JUN. 2019

NAME: Valle del Pavone   CITY: Castelnuovo V.C.   STATE: Italia 
ELEV:   360 m  LAT:  43.2036 N  LONG:  10.9186 E

                   TEMPERATURE (C), RAIN  (mm), WIND SPEED (km/hr)

                                      HEAT  COOL        AVG
    MEAN                              DEG   DEG         WIND                 DOM
DAY TEMP  HIGH   TIME   LOW    TIME   DAYS  DAYS  RAIN  SPEED HIGH   TIME    DIR
------------------------------------------------------------------------------------
 1  15.3  24.4   16:00   5.2    5:55   4.9   2.0   0.0   1.8  27.4   12:20   ESE
 2  16.9  26.3   15:25   6.9    5:35   4.1   2.7   0.0   1.9  27.4   15:25    NW
 3  16.8  24.9   14:05   8.5    6:15   3.8   2.3   0.0   1.9  24.1   16:10    NW
 4  16.3  25.4   15:00   7.1    5:05   4.3   2.3   0.0   1.4  17.7   15:05    NW
 5  17.7  26.4   14:20   6.6    6:00   3.5   2.9   0.0   2.7  24.1   12:15   SSE
 6  18.5  23.8   13:40   9.2   00:00   1.2   1.4   0.0   4.2  33.8    3:45    NW
 7  17.8  25.8   15:00   6.8    6:00   3.3   2.9   0.0   3.1  32.2   13:35    NW
 8  21.6  29.3   15:10  13.5    6:00   0.7   3.9   0.0   1.4  24.1   10:45    NW
 9  22.3  31.1   13:00  11.7    5:40   1.4   5.4   0.0   2.3  25.7   13:10    NW
10  24.7  31.4   13:55  15.6   00:00   0.1   6.5   0.0   2.9  27.4    0:15    NW
11  21.2  27.7   16:25  12.9    6:35   1.1   4.1   0.0   1.9  17.7   12:35    NW
12  19.4  25.0   15:00  10.4   00:00   1.2   2.3   0.0   2.6  27.4   15:20    NW
13  17.8  30.3   16:30   5.9    5:35   4.0   3.5   0.0   1.0  16.1   16:35    NW
14  21.6  31.3   13:40   9.4    4:50   2.6   5.9   0.0   2.4  30.6   17:40    NW
15  20.6  25.7   16:40  12.3   00:00   0.8   3.2   0.2   2.1  25.7    0:25    NW
16  18.3  26.7   16:00  10.2    5:00   2.8   2.8   0.0   1.8  17.7   10:25    NW
17  20.1  30.7   15:40   8.6    5:30   2.7   4.5   0.0   1.4  22.5   17:50    NW
18  21.3  31.2   15:15  12.4    6:15   1.6   4.6   0.0   1.3  20.9   18:20    NW
19  19.6  29.2   15:45  10.8    5:35   2.5   3.8   0.0   1.4  20.9   17:50    NW
20  19.7  29.8   14:30   9.1    5:40   2.9   4.2   0.0   1.6  20.9   13:55    NW
21  20.1  29.6   14:55  10.2    5:30   2.1   3.8   0.0   1.6  22.5   10:50    NW
22  21.4  27.3   16:55  13.6   00:00   0.8   3.9   0.8   2.3  30.6    8:15    NW
23  19.3  28.1   14:40  10.3    5:10   2.6   3.6   0.0   1.6  20.9   13:35    NW
24  21.6  33.6   15:45  10.4    5:55   2.1   5.5   0.0   1.3  17.7    9:35   ESE
25  23.5  34.1   17:25  12.8    5:05   1.1   6.2   0.0   1.8  17.7    9:20    NW
26  24.0  35.4   15:50  13.7    6:00   0.9   6.6   0.0   1.8  19.3   16:10   WNW
27  24.6  36.6   15:15  13.5    6:20   1.0   7.3   0.0   0.8  16.1   16:45    NW
28  24.7  35.4   16:15  13.9    5:10   1.1   7.5   0.0   1.3  20.9   14:05    NW
29  24.9  34.7   17:20  15.3    5:10   0.3   6.9   0.0   1.6  20.9   11:05    SE
30  23.4  35.4   16:10  12.7    6:50   1.0   6.2   0.0   1.8  17.7   11:00   WNW
-------------------------------------------------------------------------------------
    20.5  36.6    27     5.2     1    62.9 128.5   1.0   1.9  33.8     6      NW

Max >=  32.0:  7
Max <=   0.0:  0
Min <=   0.0:  0
Min <= -18.0:  0
Max Rain: 0.79 ON 22/06/19
Days of Rain: 2 (> .2 mm) 0 (> 2 mm) 0 (> 20 mm)
Heat Base:  18.3  Cool Base:  18.3  Method: Integration