NOAA-style Climate Reports

Select a Year or Month report

Report for 2019 Jul
                   MONTHLY CLIMATOLOGICAL SUMMARY for JUL. 2019

NAME: Valle del Pavone   CITY: Castelnuovo V.C.   STATE: Italia 
ELEV:   360 m  LAT:  43.2036 N  LONG:  10.9186 E

                   TEMPERATURE (C), RAIN  (mm), WIND SPEED (km/hr)

                                      HEAT  COOL        AVG
    MEAN                              DEG   DEG         WIND                 DOM
DAY TEMP  HIGH   TIME   LOW    TIME   DAYS  DAYS  RAIN  SPEED HIGH   TIME    DIR
------------------------------------------------------------------------------------
 1  22.6  33.9   15:00  11.3    6:20   1.9   6.1   0.0   1.3  16.1   12:30   WNW
 2  22.3  34.7   15:30   9.7    6:00   2.2   6.2   0.0   1.0  17.7   16:15    NW
 3  21.5  33.8   14:05  12.4    5:35   1.5   4.2   0.0   1.0  17.7   13:10   WNW
 4  23.3  33.4   15:00  13.9    6:10   1.0   5.9   0.0   1.6  22.5   17:50   WNW
 5  23.4  33.6   16:10  12.8    6:20   1.2   6.3   0.0   1.6  19.3   12:10   WNW
 6  23.2  33.4   15:40  13.7    6:10   1.0   5.9   0.0   1.6  20.9   13:30    NW
 7  22.3  31.3   14:55  13.9    6:00   0.9   4.9   0.2   1.4  20.9   16:40    NW
 8  24.1  31.0   16:20  18.1    7:20   0.0   5.7   8.4   2.1  38.6    7:00    NW
 9  23.8  32.7   16:50  17.8   23:55   0.0   5.5   0.0   1.4  24.1   17:45    NW
10  23.2  28.5   14:30  17.7   23:50   0.0   4.9   3.2   2.6  25.7   16:20    NW
11  21.9  29.1   15:10  15.7   00:00   0.5   4.1   0.0   2.4  19.3    7:00    NW
12  21.7  29.4   16:30  14.9    5:55   0.8   4.1   0.0   1.4  25.7   17:25    NW
13  21.1  29.4   12:45  14.2    4:15   1.2   3.9   0.0   1.1  19.3   14:30    NW
14  20.7  30.2   15:50  10.2    6:10   2.1   4.4   0.0   1.4  17.7   15:05    NW
15  17.3  19.7   16:00  15.8   21:40   1.2   0.2   7.4   2.3  22.5   17:50    NW
16  19.9  27.6   16:50  11.3   00:00   1.5   3.1   0.2   3.5  27.4   11:55    NW
17  18.9  31.2   16:20   8.0    6:00   3.4   4.0   0.0   1.6  19.3   18:15    NW
18  19.6  28.9   13:00   9.1    5:50   2.8   4.1   0.0   1.6  17.7   13:35   WNW
19  20.7  30.9   15:10  10.5    5:40   2.4   4.7   0.0   1.9  20.9   17:50   WNW
20  21.6  31.4   18:10  11.6    5:20   1.9   5.2   0.0   1.9  19.3   11:10   WNW
21  21.2  32.0   16:40  10.7    6:20   2.1   5.1   0.0   1.3  17.7   14:10   WNW
22  22.9  34.3   14:20  11.8    6:15   1.7   6.2   0.0   1.3  17.7   15:30    NW
23  25.1  36.8   17:10  15.2    6:45   0.6   7.4   0.0   1.6  19.3   10:25    NW
24  25.0  36.1   14:55  14.7    6:00   0.7   7.3   0.0   1.4  19.3   16:40    NW
25  25.7  36.8   13:25  15.4    5:55   0.6   7.9   0.0   1.3  20.9   16:35    NW
26  24.3  33.6   13:30  14.9    6:35   0.5   6.6   0.0   2.6  33.8   15:30   SSE
27  22.3  30.0   14:05  15.4    3:40   0.4   4.4  59.2   3.9  30.6   15:25    NW
28  19.1  21.8   17:50  15.1    6:35   0.4   1.2  38.8   1.9  22.5    4:35    NW
29  21.2  26.3   15:05  14.7   00:00   0.3   3.2   0.0   2.7  24.1    2:00    NW
30  20.1  27.8   14:45  13.4    3:00   1.7   3.4   0.2   1.9  17.7   13:50    NW
31  20.5  29.2   15:25  12.6    5:55   2.0   4.1   0.0   1.6  24.1   16:10    NW
-------------------------------------------------------------------------------------
    21.9  36.8    23     8.0    17    38.3 150.5 117.6   1.8  38.6     8      NW

Max >=  32.0: 13
Max <=   0.0:  0
Min <=   0.0:  0
Min <= -18.0:  0
Max Rain: 59.21 ON 27/07/19
Days of Rain: 8 (> .2 mm) 5 (> 2 mm) 2 (> 20 mm)
Heat Base:  18.3  Cool Base:  18.3  Method: Integration