NOAA-style Climate Reports

Select a Year or Month report

Report for 2019 Aug
                   MONTHLY CLIMATOLOGICAL SUMMARY for AUG. 2019

NAME: Valle del Pavone   CITY: Castelnuovo V.C.   STATE: Italia 
ELEV:   360 m  LAT:  43.2036 N  LONG:  10.9186 E

                   TEMPERATURE (C), RAIN  (mm), WIND SPEED (km/hr)

                                      HEAT  COOL        AVG
    MEAN                              DEG   DEG         WIND                 DOM
DAY TEMP  HIGH   TIME   LOW    TIME   DAYS  DAYS  RAIN  SPEED HIGH   TIME    DIR
------------------------------------------------------------------------------------
 1  20.3  33.0   16:05   9.6    6:05   2.7   4.8   0.2   0.6  12.9   13:50    NW
 2  22.4  30.1   16:00  13.7    2:05   0.9   5.0   0.0   2.6  30.6    9:10    NW
 3  21.4  32.6   17:15  13.1    6:15   1.5   4.6   0.2   1.0  12.9   19:05    NW
 4  20.5  31.6   13:40  10.7    6:05   2.3   4.5   0.0   0.8  16.1   17:15    NW
 5  20.2  31.5   15:55  10.9    6:35   2.3   4.3   0.0   1.1  17.7   12:45    NW
 6  22.3  31.5   15:00  12.9    6:15   1.5   5.5   0.0   2.4  19.3   11:00   SSE
 7  24.6  29.1   12:20  14.5    4:10   0.2   6.4   0.0   4.0  29.0   10:20    NW
 8  24.1  31.2   15:45  16.4   00:00   0.1   5.9   0.0   1.3  19.3   19:05    NW
 9  22.7  33.1   13:45  14.2    4:00   1.1   5.5   0.0   1.1  17.7   16:25    NW
10  23.4  33.5   13:05  13.9    6:15   1.1   6.2   0.0   0.8  16.1   12:35    NW
11  24.1  35.0   15:10  14.0    6:50   0.8   6.6   0.0   0.8  19.3   13:05    NW
12  23.2  33.4   14:05  15.1    6:20   0.8   5.7   0.0   0.5  19.3   17:40    NW
13  22.2  30.1   14:35  15.4    6:25   0.6   4.5   0.0   1.9  24.1   16:20    NW
14  20.1  27.5   12:25  13.2    5:40   1.6   3.4   0.0   1.6  22.5   14:00    NW
15  19.8  29.0   15:15  11.4    6:05   2.2   3.7   0.0   1.1  17.7   18:30    NW
16  20.5  30.5   14:00  11.7    6:20   1.9   4.1   0.0   1.4  19.3   16:55    NW
17  20.3  29.7   13:45  12.0    6:15   2.0   4.0   0.0   1.4  27.4   14:50    NW
18  20.2  30.8   17:10  10.9    6:40   2.3   4.2   0.0   1.3  20.9   13:10    NW
19  20.7  31.8   15:55   9.8    6:40   2.6   5.0   0.0   1.6  20.9   14:40    NW
20  21.6  33.7   16:35  10.2    5:50   2.4   5.7   0.0   1.1  19.3   14:40    NW
21  22.1  33.3   17:45  11.0    6:45   1.9   5.6   0.0   0.8  20.9   13:05    NW
22  21.7  31.0   14:00  14.9    6:45   0.7   4.1  19.0   1.4  20.9   19:25    NW
23  21.8  27.1   12:10  18.5    6:10   0.0   3.5   0.0   1.8  25.7   12:30    NW
24  21.9  28.1   14:15  17.6   00:00   0.0   3.6   0.8   1.8  16.1    8:40    NW
25  20.9  31.1   14:05  14.3    6:45   1.0   3.6   6.6   1.1  22.5   16:50   SSE
26  21.4  32.1   15:30  14.6    6:05   1.2   4.3   1.4   1.0  16.1   11:30    NW
27  22.0  32.9   14:20  14.6    6:25   1.0   4.7   0.2   0.8  29.0   14:50    NW
28  22.8  31.6   17:10  17.5    6:10   0.1   4.3   0.0   0.8  17.7   16:00    NW
29  22.2  31.7   15:00  15.4    5:30   0.7   4.5   0.0   0.8  17.7   16:15    NW
30  21.3  32.6   15:05  15.1    6:35   0.8   3.8   4.8   0.8  16.1   15:25    NW
31  21.3  31.8   16:10  14.9    6:40   1.1   4.2  33.0   1.1  40.2   18:40    NW
-------------------------------------------------------------------------------------
    21.7  35.0    11     9.6     1    39.2 145.6  66.2   1.3  40.2    31      NW

Max >=  32.0: 11
Max <=   0.0:  0
Min <=   0.0:  0
Min <= -18.0:  0
Max Rain: 32.99 ON 31/08/19
Days of Rain: 9 (> .2 mm) 4 (> 2 mm) 1 (> 20 mm)
Heat Base:  18.3  Cool Base:  18.3  Method: Integration