NOAA-style Climate Reports

Select a Year or Month report

Report for 2019 Sep
                   MONTHLY CLIMATOLOGICAL SUMMARY for SEP. 2019

NAME: Valle del Pavone   CITY: Castelnuovo V.C.   STATE: Italia 
ELEV:   360 m  LAT:  43.2036 N  LONG:  10.9186 E

                   TEMPERATURE (C), RAIN  (mm), WIND SPEED (km/hr)

                                      HEAT  COOL        AVG
    MEAN                              DEG   DEG         WIND                 DOM
DAY TEMP  HIGH   TIME   LOW    TIME   DAYS  DAYS  RAIN  SPEED HIGH   TIME    DIR
------------------------------------------------------------------------------------
 1  21.0  30.0   13:10  14.3    6:55   1.1   3.8   0.2   0.6  20.9   15:25    NW
 2  19.4  29.3   15:05  14.7   00:00   1.3   2.4  73.0   0.6  41.8   18:25    NW
 3  18.9  27.5   15:30  12.8    5:40   2.0   2.6   0.4   1.0  22.5   12:05    NW
 4  17.1  27.6   16:40  10.1    4:25   3.4   2.2   0.2   1.4  17.7   10:35    NW
 5  17.4  28.4   15:00   7.9    6:45   3.7   2.8   0.2   0.8  16.1   15:45    NW
 6  16.1  24.3   14:35  10.9    5:00   3.0   0.7   4.2   1.8  30.6   13:45    NW
 7  15.9  23.4   13:20  11.2    7:10   3.4   1.0   1.0   0.5  17.7   13:25    NW
 8  17.0  23.3   15:10  11.2    0:40   2.4   1.2   1.2   2.9  33.8    8:55    NW
 9  16.7  23.2   15:00   9.7   00:00   2.7   1.1   1.2   2.6  24.1    0:50    NW
10  15.2  26.0   16:30   7.2    7:10   4.7   1.7   0.2   1.3  17.7   10:35    NW
11  18.2  28.3   15:30  11.1    0:25   2.5   2.4   0.0   2.3  17.7   10:25    NW
12  17.3  28.4   15:10   8.2    7:00   3.9   3.0   0.0   1.6  25.7   16:40    NW
13  18.8  29.5   15:20  10.4    2:05   2.7   3.2   0.0   1.8  24.1   12:05    NW
14  18.6  29.6   16:05   9.8    3:05   2.8   3.1   0.8   1.9  20.9   11:35    NW
15  19.9  29.0   15:40  12.7   23:50   1.2   2.8   0.0   1.6  16.1   11:25    NW
16  18.2  29.0   15:30  10.1    6:45   3.2   3.0   0.0   0.8  14.5   16:00   WNW
17  17.4  27.1   14:15   8.3    4:55   3.5   2.6   0.0   1.1  17.7   15:35   WNW
18  19.2  27.4   14:45  12.3    2:45   1.8   2.7   0.2   0.8  12.9   15:30     S
19  17.8  23.0   10:25  14.7    6:00   1.4   0.8   1.2   1.0  20.9   13:45   WNW
20  17.3  24.1   16:05  12.5   00:00   2.1   1.2   0.0   3.4  24.1   10:55    NW
21  14.9  24.7   15:50   5.3    7:25   4.7   1.3   0.0   0.6   9.7   11:50   WNW
22  17.9  20.1   10:55  15.6    7:55   0.7   0.4  28.4   1.0  22.5    2:50   SSE
23  17.2  21.7   11:00  14.2   23:45   1.4   0.3  37.2   1.6  49.9   12:35   WNW
24  16.7  22.7   13:35  12.0    6:45   2.4   0.8   0.2   1.1  17.7   16:10    NW
25  18.1  24.1   14:05  13.6   22:05   1.6   1.4   0.4   1.9  35.4   14:05   WNW
26  16.6  24.7   14:20  11.8    5:05   2.9   1.1   0.2   0.6  12.9   14:25   WNW
27  16.6  24.9   12:40  10.6    7:30   3.2   1.4   0.2   0.6  17.7   12:45   WNW
28  16.9  25.6   16:15  10.3    6:25   3.2   1.8   0.0   0.8  29.0   16:30   WNW
29  17.4  23.7   13:55  13.1   23:35   1.8   1.0   0.0   0.5  12.9   16:45   WNW
30  17.3  25.6   15:40  12.4    7:15   2.7   1.7   0.2   1.1  17.7   11:50   WNW
-------------------------------------------------------------------------------------
    17.6  30.0     1     5.3    21    77.5  55.5 150.8   1.3  49.9    23      NW

Max >=  32.0:  0
Max <=   0.0:  0
Min <=   0.0:  0
Min <= -18.0:  0
Max Rain: 73.00 ON 02/09/19
Days of Rain: 20 (> .2 mm) 4 (> 2 mm) 3 (> 20 mm)
Heat Base:  18.3  Cool Base:  18.3  Method: Integration