NOAA-style Climate Reports

Select a Year or Month report

Report for 2019 Oct
                   MONTHLY CLIMATOLOGICAL SUMMARY for OCT. 2019

NAME: Valle del Pavone   CITY: Castelnuovo V.C.   STATE: Italia 
ELEV:   360 m  LAT:  43.2036 N  LONG:  10.9186 E

                   TEMPERATURE (C), RAIN  (mm), WIND SPEED (km/hr)

                                      HEAT  COOL        AVG
    MEAN                              DEG   DEG         WIND                 DOM
DAY TEMP  HIGH   TIME   LOW    TIME   DAYS  DAYS  RAIN  SPEED HIGH   TIME    DIR
------------------------------------------------------------------------------------
 1  17.2  25.1   15:35  10.5    7:45   2.8   1.8   0.2   0.8  14.5   14:40    NW
 2  16.7  21.6   11:35  10.9   23:35   2.2   0.6  10.2   1.8  19.3    8:30   WNW
 3  11.5  16.4   11:50   4.8   23:55   6.8   0.0   0.2   1.9  27.4   17:35    NW
 4  10.4  20.0   15:45   2.4    6:20   8.0   0.1   0.2   0.8  14.5   15:05    NW
 5  15.2  21.3   15:25   8.4   23:55   3.6   0.4   0.2   1.9  19.3   12:40    NW
 6  12.4  22.1   12:50   5.9    5:05   6.2   0.3   0.2   0.3  12.9   13:00   WNW
 7  14.1  19.8   15:50   9.8   00:00   4.3   0.1   4.8   2.7  38.6   16:45    NW
 8  13.1  22.2   14:55   6.3   23:55   5.7   0.5   0.0   1.6  17.7    5:45    NW
 9  13.4  21.5   14:00   5.0    6:55   5.4   0.5   0.2   2.6  24.1   16:25   WNW
10  15.9  20.6   14:40   7.7   23:55   2.6   0.3   0.0   1.8  25.7   13:30    NW
11  12.2  22.5   14:30   4.4    7:30   6.8   0.7   0.2   0.5  11.3   12:55   WNW
12  13.0  21.7   15:05   6.6    4:35   5.7   0.4   0.0   0.8  20.9   12:30   SSE
13  13.6  21.8   14:35   6.6    7:55   5.3   0.6   0.2   0.8  20.9   12:20   SSE
14  16.4  22.0   12:40  10.4    7:55   2.8   0.9   0.0   1.3  22.5   13:45   WNW
15  17.4  20.6   14:00  13.1   23:20   1.3   0.4  24.0   3.4  29.0   18:50   WNW
16  13.0  19.5   15:50   8.2    8:05   5.3   0.0   0.2   0.8  29.0    2:00    NW
17  11.9  20.9   15:25   6.3    6:40   6.6   0.2   0.2   0.3  12.9   15:40   WNW
18  12.3  20.3   14:10   4.7    6:35   6.1   0.1   0.2   0.6  19.3   12:30   SSE
19  15.8  20.2   15:40  10.2    2:50   2.7   0.2   0.0   2.6  27.4   11:20    NW
20  17.8  20.6   15:20  12.3    6:05   1.4   0.9   0.0   4.0  27.4   20:55   SSE
21  19.8  22.7   15:00  18.4   22:55   0.0   1.5   0.0   4.5  33.8    5:55     S
22  15.6  25.7   15:20   9.1    7:50   4.1   1.4   0.0   0.3  12.9   14:05   WNW
23  14.4  23.9   14:00   7.4    7:35   5.1   1.2   0.2   1.1  22.5   23:40    SE
24  16.1  19.8   11:20  11.1    6:30   2.3   0.1  21.0   2.6  33.8   11:40   WNW
25  15.2  21.1   16:10  11.3    8:35   3.5   0.3   0.0   1.9  19.3   15:15    NW
26  13.6  23.1   14:15   7.8    8:10   5.4   0.7   0.0   0.3  11.3    2:40    NW
27  13.3  23.6   13:40   7.1    4:45   5.9   0.8   0.2   0.3   8.0   13:40    NW
28  11.8  21.1   14:30   5.7    6:10   6.8   0.3   0.2   0.3  12.9   14:45    NW
29  13.6  20.2   13:50   8.3    3:30   4.9   0.2   3.0   1.0  17.7   10:50    NW
30  14.2  18.4   13:20  11.1    5:40   4.1   0.0   3.0   0.3  11.3    0:45    SE
31  14.1  17.6   12:20  11.9    0:50   4.3   0.0  10.0   0.5  11.3   10:45   WNW
-------------------------------------------------------------------------------------
    14.4  25.7    22     2.4     4   138.0  15.5  78.9   1.4  38.6     7      NW

Max >=  32.0:  0
Max <=   0.0:  0
Min <=   0.0:  0
Min <= -18.0:  0
Max Rain: 24.00 ON 15/10/19
Days of Rain: 21 (> .2 mm) 7 (> 2 mm) 2 (> 20 mm)
Heat Base:  18.3  Cool Base:  18.3  Method: Integration