NOAA-style Climate Reports

Select a Year or Month report

Report for 2019 Nov
                   MONTHLY CLIMATOLOGICAL SUMMARY for NOV. 2019

NAME: Valle del Pavone   CITY: Castelnuovo V.C.   STATE: Italia 
ELEV:   360 m  LAT:  43.2036 N  LONG:  10.9186 E

                   TEMPERATURE (C), RAIN  (mm), WIND SPEED (km/hr)

                                      HEAT  COOL        AVG
    MEAN                              DEG   DEG         WIND                 DOM
DAY TEMP  HIGH   TIME   LOW    TIME   DAYS  DAYS  RAIN  SPEED HIGH   TIME    DIR
------------------------------------------------------------------------------------
 1  12.8  16.4   10:55   8.1   22:35   5.5   0.0   0.0   1.6  17.7    9:50    NW
 2  13.5  16.2   00:00   7.6    1:55   4.8   0.0  11.0   2.7  30.6   14:15     S
 3  15.6  17.6   10:05  13.2   23:20   2.7   0.0  19.6   3.9  35.4   12:40   WNW
 4  14.8  18.4   14:55  12.1    6:10   3.4   0.0   9.4   4.0  41.8    1:00    NW
 5  14.4  17.5   11:40   8.9   21:50   3.9   0.0  67.4   4.2  56.3   13:05   WNW
 6   9.4  13.6   11:05   6.3    6:00   8.9   0.0   9.0   0.6  29.0   11:20   WNW
 7   9.4  15.0   12:20   4.4    6:30   8.9   0.0   3.0   1.1  22.5   12:55   WNW
 8  11.2  14.2   14:35   7.9   00:00   7.1   0.0  37.0   1.9  25.7    3:50    NW
 9   6.5  12.8   10:45   1.9    6:50  11.8   0.0  14.0   0.5  11.3    9:55   WNW
10   7.5  13.7   13:30   1.7    7:30  10.8   0.0   0.0   0.8  20.9   23:35   SSE
11  10.1  13.4   13:30   7.8   21:35   8.2   0.0   5.0   2.4  22.5    2:50    NW
12   9.6  12.2   14:50   6.8    7:25   8.8   0.0  22.0   1.0  17.7   11:10    NW
13   8.6  12.5   11:50   4.6   00:00   9.7   0.0   0.0   0.8  24.1   11:40    NW
14   8.3  14.1   13:40   0.2    7:35  10.0   0.0   0.0   2.1  45.1   23:50   SSE
15  11.2  13.9    2:00   9.3   19:10   7.1   0.0  40.0   4.3  38.6    1:25   WNW
16   9.4  11.1   10:45   7.3    8:30   8.9   0.0  38.0   1.8  29.0    2:55    NW
17   9.1  13.4    7:10   4.1   00:00   9.2   0.0  29.0   2.1  45.1    7:10    NW
18   8.8  12.4   11:30   3.5    3:25   9.4   0.0  15.0   2.4  35.4   23:45    SE
19   9.7  12.6    8:40   4.8   23:35   8.6   0.0  19.6   2.9  32.2    6:35     S
20   8.8  14.6   14:10   5.1    0:05   9.5   0.0   1.0   0.5  14.5   12:50    SE
21   8.1  13.1   12:55   4.2    6:10  10.2   0.0   0.6   1.0  22.5   10:40    SE
22   9.4  13.6   12:20   3.2    4:45   8.9   0.0   0.0   1.6  24.1   12:25   SSE
23  13.4  15.7   13:45  11.8   23:30   4.9   0.0  32.8  12.1  46.7   11:55    SE
24  11.4  13.9   15:05   9.8   20:35   6.9   0.0   5.0   2.6  43.5    0:35    SE
25  11.9  17.9   13:45   4.9   23:40   6.4   0.0   0.4   1.8  29.0   10:15    NW
26   8.3  16.2   12:45   3.2    6:05  10.0   0.0   0.0   0.5  14.5   12:00    NW
27  10.8  13.9   19:00   6.2    6:05   7.5   0.0  12.0   2.9  33.8   12:50    NW
28  11.6  14.8    9:40   7.8    2:30   6.7   0.0   3.2   3.4  35.4   22:15    NW
29  12.8  14.6   13:05   9.1   00:00   5.5   0.0   0.2   4.3  40.2   13:45    NW
30   6.9  14.5   13:20   1.9   23:10  11.4   0.0   0.0   0.5  16.1   10:40   WNW
-------------------------------------------------------------------------------------
    10.4  18.4     4     0.2    14   235.7   0.0 394.2   2.4  56.3     5      NW

Max >=  32.0:  0
Max <=   0.0:  0
Min <=   0.0:  0
Min <= -18.0:  0
Max Rain: 67.41 ON 05/11/19
Days of Rain: 23 (> .2 mm) 19 (> 2 mm) 7 (> 20 mm)
Heat Base:  18.3  Cool Base:  18.3  Method: Integration