NOAA-style Climate Reports

Select a Year or Month report

Report for 2019 Dec
                   MONTHLY CLIMATOLOGICAL SUMMARY for DEC. 2019

NAME: Valle del Pavone   CITY: Castelnuovo V.C.   STATE: Italia 
ELEV:   360 m  LAT:  43.2036 N  LONG:  10.9186 E

                   TEMPERATURE (C), RAIN  (mm), WIND SPEED (km/hr)

                                      HEAT  COOL        AVG
    MEAN                              DEG   DEG         WIND                 DOM
DAY TEMP  HIGH   TIME   LOW    TIME   DAYS  DAYS  RAIN  SPEED HIGH   TIME    DIR
------------------------------------------------------------------------------------
 1   9.0  13.3   11:35   2.4    0:05   9.3   0.0   3.0   2.6  27.4   10:20    SE
 2  13.1  14.9   13:50   9.4   20:15   5.2   0.0  30.0   2.9  29.0    0:35    NW
 3   8.9  11.9   14:15   4.7   23:25   9.4   0.0   0.0   4.2  25.7   17:05    NW
 4   6.0   9.7   14:05   0.4   00:00  12.3   0.0   0.0   4.5  30.6   10:00    NW
 5   4.6  11.3   13:05  -1.0    3:25  13.7   0.0   0.0   0.3   9.7   12:25    NW
 6   7.9  14.0   12:30   3.3    4:25  10.4   0.0   0.0   0.6  17.7   11:50   WNW
 7  10.3  13.0   12:35   7.4   00:00   8.0   0.0   6.0   0.6  16.1    9:10   WNW
 8   6.9  14.2   13:20   1.3    7:45  11.3   0.0   0.0   0.5  12.9   11:45    NW
 9   9.4  12.5   12:50   2.9   23:35   8.9   0.0   3.0   3.1  37.0   11:50    NW
10   5.6  11.6   14:10   0.7    4:15  12.7   0.0   0.0   2.3  27.4   13:30    NW
11   2.3   8.6   14:15  -2.5   19:40  16.0   0.0   0.0   1.4  24.1   11:05    NW
12   4.3   8.3   12:45  -0.8   22:25  14.0   0.0   5.6   1.9  27.4    6:40    NW
13   7.3  11.2   14:25  -0.7    0:55  11.0   0.0  18.2   4.8  54.7   14:25    NW
14   7.9  13.6   19:30  -1.3    4:45  10.4   0.0   1.0   3.7  45.1   18:30    NW
15  10.8  14.9   11:35   4.7    7:20   7.5   0.0   0.2   1.9  22.5   12:20   SSE
16  13.1  14.2   23:10  10.8    7:40   5.2   0.0   0.2   2.9  29.0   14:45    SE
17  14.4  15.1   11:40  13.7   00:00   3.9   0.0   0.0   7.1  48.3    7:55    SE
18  11.9  15.3   12:15   8.9    7:20   6.4   0.0   0.0   1.1  17.7    1:55    NW
19   9.4  12.5   13:50   4.1   23:55   8.9   0.0   6.0   0.6  22.5   19:35   WNW
20  10.7  12.5   19:00   3.4    1:05   7.6   0.0  20.4   6.4  56.3   17:10   SSE
21  12.1  16.0   14:15   6.8   20:45   5.7   0.0  35.4   4.0  49.9    7:30    NW
22  11.4  14.2    3:35   9.6    7:00   6.9   0.0  31.8   7.7  57.9    7:50    NW
23   7.7  14.2   13:20   0.8   23:55  10.7   0.0   0.2   2.7  45.1    1:05    NW
24   7.3  13.3   13:50  -0.7    3:15  11.0   0.0   0.0   1.9  22.5   22:50    NW
25   9.3  15.3   12:45   0.7   00:00   9.0   0.0   0.0   2.1  20.9    2:25    NW
26   3.7  14.6   13:40  -2.1    7:05  14.6   0.0   0.0   1.0  17.7   12:05    NW
27   2.9  12.1   12:45  -1.8    7:25  15.4   0.0   0.0   0.3  11.3   12:00    NW
28   3.7   9.3   14:30  -2.9   23:00  14.6   0.0   0.0   3.1  27.4   10:00    NW
29   0.8   7.9   14:30  -5.1    8:00  17.5   0.0   0.0   2.1  20.9   11:20    NW
30   2.0   7.9   14:05  -4.1    4:35  16.3   0.0   0.0   3.2  22.5    7:55    NW
31   1.5  10.4   14:20  -4.9    8:15  16.8   0.0   0.0   1.1  14.5    0:45    NW
-------------------------------------------------------------------------------------
     7.6  16.0    21    -5.1    29   330.8   0.0 161.0   2.7  57.9    22      NW

Max >=  32.0:  0
Max <=   0.0:  0
Min <=   0.0: 12
Min <= -18.0:  0
Max Rain: 35.41 ON 21/12/19
Days of Rain: 14 (> .2 mm) 10 (> 2 mm) 4 (> 20 mm)
Heat Base:  18.3  Cool Base:  18.3  Method: Integration