NOAA-style Climate Reports

Select a Year or Month report

Report for 2020 Jan
                   MONTHLY CLIMATOLOGICAL SUMMARY for JAN. 2020

NAME: Valle del Pavone   CITY: Castelnuovo V.C.   STATE: Italia 
ELEV:   360 m  LAT:  43.2036 N  LONG:  10.9186 E

                   TEMPERATURE (C), RAIN  (mm), WIND SPEED (km/hr)

                                      HEAT  COOL        AVG
    MEAN                              DEG   DEG         WIND                 DOM
DAY TEMP  HIGH   TIME   LOW    TIME   DAYS  DAYS  RAIN  SPEED HIGH   TIME    DIR
------------------------------------------------------------------------------------
 1   2.2  13.4   14:20  -2.8    6:30  16.1   0.0   0.0   0.8  11.3   13:10   WNW
 2   2.2  13.6   14:30  -2.6    8:30  16.0   0.0   0.2   0.8   9.7   15:20     W
 3   6.8  11.2   14:20   0.3    0:10  11.1   0.0   0.0   1.0  14.5   12:25    NW
 4   7.9  13.1   14:25   0.6   23:31  10.2   0.0   0.0   1.1  12.9   11:55    NW
 5   4.6  13.1   14:05  -1.0   00:00  13.5   0.0   0.0   2.1  19.3   12:45    NW
 6   1.8   9.9   14:40  -4.1    4:45  15.9   0.0   0.0   1.9  20.9    8:00    NW
 7   1.4   9.3   13:50  -4.3    5:40  16.6   0.0   0.0   0.2   6.4   14:05    NW
 8   2.1  13.2   14:25  -4.0    6:55  15.9   0.0   0.0   1.4  17.7   13:30    NW
 9   1.3  13.2   14:05  -4.2    6:50  17.0   0.0   0.0   0.6  11.3   12:05    NW
10   4.7  13.3   14:10  -1.8    3:10  13.6   0.0   0.0   0.8  17.7   14:15    NW
11   4.3  12.7   14:00  -1.2   00:00  14.0   0.0   0.0   1.1  14.5   15:00    NW
12   2.9  11.6   14:50  -3.3   23:35  15.4   0.0   0.0   1.8  14.5    8:15    NW
13   0.0  11.3   14:10  -5.8    7:45  18.3   0.0   0.0   0.5  11.3   12:40    NW
14   2.6  10.5   12:40  -3.4    5:30  15.8   0.0   0.2   0.8  19.3   12:05    NW
15   5.6  12.1   12:35   0.4   23:25  12.7   0.0   0.2   1.3  20.9   12:55    NW
16   3.3  11.3   13:50  -2.1    7:45  15.0   0.0   0.0   0.5   9.7   12:30    NW
17   4.6  10.5   12:30  -2.3    7:50  13.8   0.0   1.0   1.1  19.3   23:05    NW
18   6.6   9.7    1:15   1.9   00:00  11.7   0.0  19.6   1.4  24.1    0:35    NW
19   4.3   8.7   14:45  -1.7    7:05  14.0   0.0   0.2   3.1  25.7   15:55    SE
20   5.7   8.4   12:55   3.8   22:25  12.6   0.0   0.0   5.1  32.2   10:35   SSE
21   4.4   9.4   13:05   0.3   23:45  13.9   0.0   0.0   3.1  24.1    9:35    NW
22   4.1  15.3   15:00  -1.5    6:30  14.2   0.0   0.0   0.6  17.7   14:10    NW
23   3.1  14.3   13:50  -1.7    6:05  15.2   0.0   0.0   0.6  12.9   13:35    NW
24   5.6  11.8   13:00  -1.7    6:25  12.7   0.0   5.6   2.1  20.9   20:25    NW
25   8.4  12.9   15:15   4.4   21:20   9.8   0.0  19.8   1.0  17.7   15:25    NW
26   6.4  13.1   14:20   0.2   23:45  11.9   0.0   0.2   0.5  11.3   14:25    NW
27   6.4  12.3   13:45   0.1    0:30  11.9   0.0   0.0   1.4  19.3   14:25    NW
28  10.6  15.2   14:40   3.2    4:35   7.8   0.0   0.0   6.4  40.2   17:20    NW
29   9.8  11.9   12:30   5.6   21:35   8.5   0.0   0.0   6.3  53.1    0:40    NW
30   8.0  15.0   15:05   0.8    5:55  10.3   0.0   0.0   1.8  19.3   22:15    NW
31  11.4  12.3   12:30  10.0    1:00   6.9   0.0   1.0   3.4  24.1    7:10    NW
-------------------------------------------------------------------------------------
     4.9  15.3    22    -5.8    13   412.3   0.0  48.0   1.8  53.1    29      NW

Max >=  32.0:  0
Max <=   0.0:  0
Min <=   0.0: 18
Min <= -18.0:  0
Max Rain: 19.81 ON 25/01/20
Days of Rain: 10 (> .2 mm) 3 (> 2 mm) 0 (> 20 mm)
Heat Base:  18.3  Cool Base:  18.3  Method: Integration