NOAA-style Climate Reports

Select a Year or Month report

Report for 2020 Feb
                   MONTHLY CLIMATOLOGICAL SUMMARY for FEB. 2020

NAME: Valle del Pavone   CITY: Castelnuovo V.C.   STATE: Italia 
ELEV:   360 m  LAT:  43.2036 N  LONG:  10.9186 E

                   TEMPERATURE (C), RAIN  (mm), WIND SPEED (km/hr)

                                      HEAT  COOL        AVG
    MEAN                              DEG   DEG         WIND                 DOM
DAY TEMP  HIGH   TIME   LOW    TIME   DAYS  DAYS  RAIN  SPEED HIGH   TIME    DIR
------------------------------------------------------------------------------------
 1  11.5  12.6   13:40  10.8    4:50   6.8   0.0   1.6   2.7  20.9   16:55    NW
 2  11.2  15.3   14:10   4.7    7:50   7.1   0.0   0.0   2.1  24.1   11:55    NW
 3  11.8  16.7   13:30   3.7   00:00   6.5   0.0   0.0   3.1  22.5    9:45    NW
 4  10.4  17.0   10:20   2.7   00:00   7.9   0.0   0.0   6.3  41.8   12:00    NW
 5   5.3  12.2   14:00  -3.3    7:35  13.0   0.0   0.0   3.9  43.5   15:25    NW
 6   3.4  11.5   15:05  -4.2   23:30  14.9   0.0   0.0   3.1  33.8   11:35    NW
 7   1.0  12.8   14:30  -5.9    5:15  17.3   0.0   0.0   1.1  19.3   13:10    NW
 8   2.7  14.0   15:20  -4.5    7:30  15.6   0.0   0.0   0.8  11.3   12:40    NW
 9   5.4  11.9   13:55  -3.6    4:05  12.9   0.0   0.0   2.7  29.0   11:50    NW
10  12.3  15.0   16:05  10.0    6:05   6.0   0.0   0.0   5.1  45.1   22:05     S
11  13.1  14.6   10:05  11.6   00:00   5.2   0.0   0.0  10.3  56.3   23:05    NW
12   8.7  14.8   13:10  -0.1   00:00   9.6   0.0   0.0   4.3  45.1    1:55    NW
13   5.4  14.1   13:10  -2.2    6:30  12.5   0.0   0.0   2.1  24.1   11:35    NW
14   9.5  16.1   15:05   0.1   00:00   8.8   0.0   1.8   4.0  35.4    2:35    NW
15   4.5  16.9   15:10  -2.8    7:25  13.8   0.0   0.0   0.8  17.7   14:50    NW
16   4.7  16.4   14:40  -2.7    7:00  13.6   0.0   0.2   1.0  12.9   15:00    NW
17   6.8  13.5   12:20  -0.8    3:15  11.5   0.0   0.0   2.3  25.7   13:35    NW
18   9.9  16.1   15:10   1.2   23:55   8.4   0.0   0.0   1.6  14.5   11:50    NW
19   5.4  10.8   13:10   0.2    2:05  12.9   0.0   5.8   1.0  22.5   14:05    NW
20   4.5  14.5   15:00  -1.6    4:25  13.8   0.0   0.2   1.6  19.3   10:00    NW
21   4.2  13.4   13:45  -2.8    3:30  14.1   0.0   0.0   0.8  16.1   10:25    NW
22   5.8  17.3   13:45  -1.1    4:05  12.5   0.0   0.0   1.1  17.7   14:40    NW
23   7.0  13.4   13:25  -0.2    4:20  11.3   0.0   0.0   1.3  20.9   13:40    NW
24   7.3  17.8   14:45  -0.2    7:05  11.0   0.0   0.0   1.0  14.5   14:50    NW
25  11.5  15.9   13:05   2.2    0:05   6.8   0.0   0.0   4.8  30.6   11:40    NW
26   8.4  11.3    3:50   0.3   20:50   9.9   0.0   0.8   6.6  64.4    8:20    NW
27   5.0  11.8   13:15  -4.0    7:35  13.3   0.0  10.4   4.0  37.0   22:25    NW
28   7.3  14.3   15:15  -2.5   00:00  11.0   0.0   9.8   2.9  33.8    1:35    NW
29   6.7  13.6   13:05  -2.7    2:05  11.6   0.0   0.0   4.3  43.5   12:45    NW
-------------------------------------------------------------------------------------
     7.3  17.8    24    -5.9     7   319.8   0.0  30.6   3.0  64.4    26      NW

Max >=  32.0:  0
Max <=   0.0:  0
Min <=   0.0: 18
Min <= -18.0:  0
Max Rain: 10.39 ON 27/02/20
Days of Rain: 8 (> .2 mm) 3 (> 2 mm) 0 (> 20 mm)
Heat Base:  18.3  Cool Base:  18.3  Method: Integration