NOAA-style Climate Reports

Select a Year or Month report

Report for 2020 Mar
                   MONTHLY CLIMATOLOGICAL SUMMARY for MAR. 2020

NAME: Valle del Pavone   CITY: Castelnuovo V.C.   STATE: Italia 
ELEV:   360 m  LAT:  43.2036 N  LONG:  10.9186 E

                   TEMPERATURE (C), RAIN  (mm), WIND SPEED (km/hr)

                                      HEAT  COOL        AVG
    MEAN                              DEG   DEG         WIND                 DOM
DAY TEMP  HIGH   TIME   LOW    TIME   DAYS  DAYS  RAIN  SPEED HIGH   TIME    DIR
------------------------------------------------------------------------------------
 1  11.1  12.4   11:45   9.5   22:50   7.2   0.0  12.6   6.1  41.8    2:25   SSE
 2  10.3  12.2   11:25   7.3    3:40   7.9   0.0  58.4   6.8  48.3   13:50    NW
 3   7.1  10.1    9:10   1.8   00:00  11.3   0.0  20.2   4.0  29.0    0:05    NW
 4   4.4  12.7   14:40  -1.1    5:45  13.9   0.0   0.0   1.3  17.7   12:10    NW
 5   5.9  12.7   12:10  -1.9    3:20  12.4   0.0   7.2   4.0  51.5   19:45    NW
 6   9.6  12.2    1:10   5.3   00:00   8.7   0.0   9.4   6.4  49.9    2:10   WNW
 7   5.8  11.3   14:30   0.2   00:00  12.5   0.0   0.0   2.1  25.7   14:00    NW
 8   5.2  13.4   16:30  -1.3    6:50  13.1   0.0   0.0   1.8  22.5   13:30    NW
 9   5.4  12.4   12:50  -1.8    5:45  12.9   0.0   0.2   1.6  19.3   14:00    NW
10   6.1  15.6   14:25  -0.7    6:30  11.9   0.0   0.0   1.6  19.3   14:00    NW
11   8.4  19.6   15:30  -0.8    6:45   9.9   0.0   0.0   2.3  27.4   11:15    NW
12  10.9  13.6   16:30   6.8   21:30   7.4   0.0   0.0   2.4  16.1   15:50   SSE
13  11.6  17.5   14:25   5.6   21:30   6.8   0.0   0.0   2.1  19.3   13:35   SSE
14  11.1  15.9   14:15   7.7   00:00   7.2   0.0   0.0   1.6  22.5   14:40    NW
15   8.8  16.0   16:05   2.1    6:35   9.5   0.0   0.0   3.9  27.4   12:20    NW
16   7.2  17.1   13:25  -2.3    5:40  11.1   0.0   0.0   1.8  22.5   10:55    NW
17   7.2  18.0   13:25  -0.4    6:10  11.1   0.0   0.0   1.3  19.3   16:05    NW
18   8.8  19.9   16:00  -0.8    6:40   9.6   0.1   0.0   1.9  24.1   14:15    NW
19  10.1  20.4   14:05   0.9    6:30   8.4   0.2   0.0   2.6  20.9   14:35    NW
20   8.8  17.4   13:05   0.3    5:50   9.5   0.0   0.0   1.4  20.9   12:15    NW
21   8.8  18.4   15:00   1.3    5:55   9.4   0.0   0.0   1.6  22.5   14:40    NW
22   9.4  17.7   14:05   1.6    3:40   8.9   0.0   0.0   3.2  22.5    9:20    NW
23   4.9   8.8   14:20   1.3   00:00  13.4   0.0   0.0   6.4  40.2   12:35    NW
24   1.7   7.9   14:40  -6.6    6:15  16.5   0.0   0.0   3.9  37.0   13:40   ESE
25   2.4   6.1   16:55  -1.3    3:20  15.8   0.0   0.2   4.8  29.0    9:05    NW
26   3.0   5.6   00:00   0.3    7:50  15.3   0.0   7.6   5.0  30.6   14:25   ESE
27   7.6  11.6   14:40   5.1    4:05  10.8   0.0   0.2   3.5  24.1   14:40    NW
28   8.7  16.8   13:40   1.7   00:00   9.6   0.0   0.2   2.1  22.5   15:25    NW
29   7.2  16.6   14:50  -0.4    7:10  10.6   0.0   0.0   1.8  29.0   16:55    NW
30   6.8  16.3   12:25  -0.4    7:00  11.5   0.0   4.6   0.8  19.3   13:00    NW
31   4.7   8.1   17:55  -0.3   00:00  13.6   0.0   5.8   3.1  25.7   19:00    NW
-------------------------------------------------------------------------------------
     7.4  20.4    19    -6.6    24   337.8   0.4 126.6   3.0  51.5     5      NW

Max >=  32.0:  0
Max <=   0.0:  0
Min <=   0.0: 14
Min <= -18.0:  0
Max Rain: 58.39 ON 02/03/20
Days of Rain: 12 (> .2 mm) 8 (> 2 mm) 2 (> 20 mm)
Heat Base:  18.3  Cool Base:  18.3  Method: Integration