NOAA-style Climate Reports

Select a Year or Month report

Report for 2016 Jul
                   MONTHLY CLIMATOLOGICAL SUMMARY for JUL. 2016

NAME: Poggio alle Forche   CITY: Pomarance   STATE: Italia 
ELEV:   380 m  LAT: 43.3071 N  LONG: 10.8692 E

                   TEMPERATURE (C), RAIN  (mm), WIND SPEED (km/hr)

                                      HEAT  COOL        AVG
    MEAN                              DEG   DEG         WIND                 DOM
DAY TEMP  HIGH   TIME   LOW    TIME   DAYS  DAYS  RAIN  SPEED HIGH   TIME    DIR
------------------------------------------------------------------------------------
 1  23.6  29.7   14:00  18.9    5:30   0.0   5.3   0.0   9.3  38.6   14:30     W
 2  23.2  27.1   13:00  20.4    6:00   0.0   4.9   0.0  11.3  45.1   18:30     W
 3  23.2  27.8   16:00  19.7    4:00   0.0   4.9   0.0  11.1  35.4   13:00   WNW
 4  24.9  31.4   16:00  18.7    6:00   0.0   6.6   0.0   8.0  32.2   18:00     E
 5  25.1  30.7   13:30  20.8    6:30   0.0   6.8   0.0  12.6  43.5   18:30     W
 6  24.5  29.9   14:30  19.9    5:30   0.0   6.2   0.0  10.9  41.8   15:30     W
 7  25.6  32.3   14:30  21.2    3:30   0.0   7.3   0.0  10.5  40.2   17:30     W
 8  24.9  30.3   16:00  21.1    8:00   0.0   6.6   0.0  11.4  41.8   20:00   WSW
 9  24.9  29.7   15:30  20.7    6:00   0.0   6.6   0.0  10.0  35.4   18:30     W
10  27.1  32.1   14:30  22.9    2:00   0.0   8.8   0.0   9.2  38.6   16:00     W
11  27.2  31.9   14:00  23.4   22:30   0.0   8.9   0.0  10.1  37.0   16:00     W
12  25.7  31.1   16:00  21.1    5:30   0.0   7.4   0.0  12.1  41.8   18:30     W
13  23.1  27.5   12:30  19.4   00:00   0.0   4.8   1.8  16.7  61.2   22:30     W
14  19.3  22.8   14:30  16.8   00:00   0.2   1.2  25.8  21.9  72.4    0:30     W
15  17.8  21.6   18:30  14.2    9:00   1.1   0.6   0.4  13.4  53.1    9:30    NE
16  20.5  25.1   14:30  16.0    5:30   0.4   2.6   0.0   9.7  43.5   16:30   NNE
17  20.6  24.5   15:00  17.6    7:30   0.0   2.4   0.0  12.6  43.5   15:00     W
18  22.0  27.4   15:00  17.2    6:30   0.1   3.8   0.0  13.4  45.1   16:30     W
19  23.4  28.9   13:30  18.8   00:00   0.0   5.1   0.0  11.9  41.8   17:00     W
20  22.9  29.1   15:00  17.2    6:00   0.0   4.6   0.0  13.8  45.1   17:00     W
21  24.6  29.8   17:00  19.3    0:30   0.0   6.3   0.0   9.3  33.8   14:00   WNW
22  26.1  32.2   13:30  22.6    2:00   0.0   7.8   0.0   8.0  38.6   15:30     W
23  24.6  29.8   17:30  19.4    9:00   0.0   6.3   0.4  11.4  38.6   10:30   ESE
24  23.9  28.9   14:30  17.8   22:00   0.0   5.6  29.8  15.8  64.4   23:30   ESE
25  23.1  29.1   14:30  16.7    3:30   0.1   4.8   1.8  10.5  48.3    0:30   ESE
26  24.7  30.8   15:00  20.2    4:30   0.0   6.4   0.8   6.3  61.2   17:00    NW
27  25.3  32.1   13:30  20.8    6:00   0.0   7.0   0.0   8.7  41.8   15:00     W
28  24.9  31.2   14:00  21.1    6:30   0.0   6.6   0.0   9.5  33.8   14:30     W
29  24.2  29.0   13:30  19.9    6:30   0.0   5.9   0.0  10.9  38.6   16:30     W
30  24.2  28.3   17:30  20.7   00:00   0.0   5.9   0.0  11.7  45.1   19:30   WNW
31  24.1  30.3   17:30  19.5    5:00   0.0   5.8   0.0  10.3  38.6   15:30   WSW
-------------------------------------------------------------------------------------
    23.8  32.3     7    14.2    15     2.0 173.7  60.8  11.4  72.4    14       W

Max >=  32.0:  4
Max <=   0.0:  0
Min <=   0.0:  0
Min <= -18.0:  0
Max Rain: 29.79 ON 24/07/16
Days of Rain: 7 (> .2 mm) 2 (> 2 mm) 2 (> 20 mm)
Heat Base:  18.3  Cool Base:  18.3  Method: Integration