NOAA-style Climate Reports

Select a Year or Month report

Report for 2016 Aug
                   MONTHLY CLIMATOLOGICAL SUMMARY for AUG. 2016

NAME: Poggio alle Forche   CITY: Pomarance   STATE: Italia 
ELEV:   380 m  LAT: 43.3071 N  LONG: 10.8692 E

                   TEMPERATURE (C), RAIN  (mm), WIND SPEED (km/hr)

                                      HEAT  COOL        AVG
    MEAN                              DEG   DEG         WIND                 DOM
DAY TEMP  HIGH   TIME   LOW    TIME   DAYS  DAYS  RAIN  SPEED HIGH   TIME    DIR
------------------------------------------------------------------------------------
 1  22.9  27.4   17:30  20.0    7:30   0.0   4.6   2.6   8.4  40.2   14:00     W
 2  23.8  30.2   16:30  18.6    6:30   0.0   5.5   0.0   6.6  32.2   18:00    NE
 3  24.8  31.2   15:00  20.3    4:00   0.0   6.5   0.0   9.0  38.6   19:00     W
 4  25.2  30.0   14:30  21.6    7:00   0.0   6.8   0.0   9.5  45.1   15:30   WNW
 5  22.3  26.3   15:30  19.6   22:30   0.0   4.0   1.4  16.6  56.3   17:00     W
 6  21.3  26.3   16:00  17.4    7:00   0.1   3.1   0.0   9.5  38.6   16:30    NE
 7  22.6  27.5   15:30  18.2    6:30   0.0   4.3   0.0  11.6  45.1   13:00    NE
 8  23.9  30.1   16:30  18.9    5:00   0.0   5.7   0.0   7.4  25.7   19:30    NE
 9  24.7  30.2   14:30  20.9    7:00   0.0   6.4   0.0  10.0  45.1   16:00     W
10  22.2  26.3   14:30  19.1    6:30   0.0   3.9   0.0  10.9  41.8   14:30     W
11  20.1  24.9   15:00  16.3    8:30   0.4   2.1   0.0   8.4  33.8    9:30    NE
12  20.1  25.8   17:00  13.8    5:30   1.0   2.8   0.0   8.7  25.7   16:30    NE
13  22.8  29.7   18:30  16.7    5:00   0.1   4.7   0.0   8.2  29.0   18:30    NE
14  24.7  31.9   15:00  20.4    6:30   0.0   6.4   0.0  14.3  43.5   16:00     W
15  23.7  29.5   14:00  20.1    2:00   0.0   5.4   0.0  11.9  48.3   17:30     W
16  22.6  27.1   16:00  19.7    7:30   0.0   4.2   0.0  12.4  43.5   16:30     W
17  21.5  25.7   16:00  18.9    6:00   0.0   3.2   0.0  14.6  48.3   16:00     W
18  22.0  25.4   14:00  19.4    2:30   0.0   3.7   0.0  10.5  41.8   15:00     W
19  23.0  27.9   15:30  19.1    3:30   0.0   4.7   0.0  10.6  43.5   17:00     W
20  23.9  28.8   14:00  20.0    7:00   0.0   5.6   0.0   9.5  35.4   14:30     W
21  23.5  28.6   17:00  20.1    5:30   0.0   5.2   0.0  10.9  35.4   18:00     W
22  22.3  26.8   14:00  18.2    7:00   0.0   4.0   0.0   9.2  37.0   15:00    NE
23  22.4  27.7   16:00  17.3    7:00   0.0   4.1   0.0  11.1  37.0   10:30    NE
24  23.7  30.3   17:00  17.6    7:00   0.0   5.3   0.0   9.7  43.5   12:30    NE
25  24.1  30.7   16:30  19.1    6:30   0.0   5.7   0.0   9.2  30.6   12:30    NE
26  23.9  31.8   18:00  18.4    6:30   0.0   5.7   0.0   9.3  33.8   18:30     E
27  24.9  29.7   15:30  20.4    5:00   0.0   6.6   0.0  12.2  43.5   13:30     W
28  23.6  28.6   14:30  19.9   00:00   0.0   5.3   0.0  12.4  45.1   17:00     W
29  22.3  26.8   15:00  19.1    7:00   0.0   4.0   0.0  12.2  43.5   17:00     W
30  21.3  29.3   16:00  17.7   22:30   0.0   3.0  60.4  10.6  48.3   19:00   ESE
31  20.2  27.3   14:00  17.4    6:00   0.1   1.9  12.8  11.3  40.2   16:00   ESE
-------------------------------------------------------------------------------------
    22.9  31.9    14    13.8    12     1.7 144.7  77.2  10.5  56.3     5       W

Max >=  32.0:  0
Max <=   0.0:  0
Min <=   0.0:  0
Min <= -18.0:  0
Max Rain: 60.40 ON 30/08/16
Days of Rain: 4 (> .2 mm) 3 (> 2 mm) 1 (> 20 mm)
Heat Base:  18.3  Cool Base:  18.3  Method: Integration