NOAA-style Climate Reports

Select a Year or Month report
V/Λ2019 > Jan Feb Mar Apr May Jun Jul Aug Sep Oct Nov Dec V/Λ2018 > Jan Feb Mar Apr May Jun Jul Aug Sep Oct Nov Dec V/Λ2017 > Jan Feb Mar Apr May Jun Jul Aug Sep Oct Nov Dec V/Λ2016 > Jan Feb Mar Apr May Jun Jul Aug Sep Oct Nov Dec

Report for 2016 Sep
                   MONTHLY CLIMATOLOGICAL SUMMARY for SEP. 2016

NAME: Poggio alle Forche   CITY: Pomarance   STATE: Italia 
ELEV:   380 m  LAT: 43.3071 N  LONG: 10.8692 E

                   TEMPERATURE (C), RAIN  (mm), WIND SPEED (km/hr)

                                      HEAT  COOL        AVG
    MEAN                              DEG   DEG         WIND                 DOM
DAY TEMP  HIGH   TIME   LOW    TIME   DAYS  DAYS  RAIN  SPEED HIGH   TIME    DIR
------------------------------------------------------------------------------------
 1  22.9  28.6   15:00  17.9    1:30   0.0   4.7   0.0   7.9  30.6   18:00   ESE
 2  23.9  30.4   14:30  19.4    7:00   0.0   5.6   0.0   8.9  43.5   17:30     W
 3  23.2  28.2   14:00  20.1    7:30   0.0   4.9   0.0   9.8  41.8   18:00     W
 4  21.8  26.0   15:00  18.8    6:00   0.0   3.5   0.0   9.8  38.6   14:00     W
 5  22.9  26.6   15:00  20.1   00:00   0.0   4.6   0.0   8.9  30.6   17:30     W
 6  20.2  26.1   16:30  15.0   23:00   0.5   2.5   1.4   8.7  49.9   19:00    NE
 7  19.1  22.6   16:00  15.1    2:30   0.8   1.6   0.2  13.4  41.8   11:30    NE
 8  21.8  27.1   14:30  17.2    6:30   0.1   3.6   0.0   8.4  29.0   11:00    NE
 9  23.0  27.3   15:30  19.1    7:00   0.0   4.7   0.0   8.0  32.2   22:30    NE
10  23.7  27.8   15:00  20.4    4:30   0.0   5.4   0.0   8.0  37.0   18:00    NE
11  23.1  27.6   15:00  20.9    7:00   0.0   4.8   3.2   8.0  35.4   15:30    NE
12  23.0  27.7   14:30  19.4    7:30   0.0   4.7   0.0   6.3  29.0   18:00     E
13  23.4  29.2   15:30  20.5   00:00   0.0   5.2   0.0   8.9  40.2   16:00   ESE
14  22.2  27.9   13:30  19.1    7:00   0.0   3.9   0.0   9.0  38.6   20:00   WSW
15  19.9  22.9   12:00  17.3    9:00   0.1   1.7  13.2  10.3  40.2   11:30    SE
16  18.8  21.5   12:30  16.8   22:30   0.3   0.8  30.0  16.4  64.4   13:00     W
17  18.2  21.8   13:00  15.1    3:00   0.7   0.6   6.8  17.1  67.6    3:00     W
18  15.4  19.1   15:00  14.0    7:00   2.9   0.0  12.8   7.2  43.5    0:30    SE
19  17.2  21.3   16:30  13.6    3:00   1.6   0.6   0.0   8.0  38.6   16:30     W
20  19.6  23.9   14:00  17.0    1:30   0.3   1.5   0.2   7.7  29.0   18:00   WSW
21  18.3  23.6   13:30  15.9   00:00   0.8   0.9   0.2   8.5  25.7   16:00   ESE
22  17.9  22.9   15:30  14.0    7:00   1.5   1.1   0.0   8.5  35.4   00:00     E
23  18.5  23.2   14:30  14.6    4:00   0.9   1.1   0.0  11.4  30.6    0:30    SE
24  18.9  22.4   15:00  15.4    7:30   0.6   1.2   0.0   9.7  33.8    9:00   ESE
25  18.3  24.2   17:30  13.4    8:30   1.2   1.2   0.0   7.9  29.0   13:00   ESE
26  19.2  23.5   15:30  15.7    7:30   0.6   1.5   0.0   7.6  32.2   16:30   ESE
27  18.6  22.9   17:30  14.1    7:30   1.1   1.4   0.0   9.8  29.0    0:30   ESE
28  18.8  23.4   16:30  14.7    6:30   0.9   1.4   0.0   6.3  20.9   19:00    NE
29  19.0  22.2   14:30  16.8    4:30   0.4   1.1   0.0  10.3  33.8   16:00     W
30  18.2  21.8   14:30  16.3    6:30   0.7   0.7   0.0   8.7  32.2   16:30     W
-------------------------------------------------------------------------------------
    20.3  30.4     2    13.4    25    16.2  76.4  68.0   9.3  67.6    17     ESE

Max >=  32.0:  0
Max <=   0.0:  0
Min <=   0.0:  0
Min <= -18.0:  0
Max Rain: 30.00 ON 16/09/16
Days of Rain: 9 (> .2 mm) 5 (> 2 mm) 1 (> 20 mm)
Heat Base:  18.3  Cool Base:  18.3  Method: Integration