NOAA-style Climate Reports

Select a Year or Month report
V/Λ2019 > Jan Feb Mar Apr May Jun Jul Aug Sep Oct Nov Dec V/Λ2018 > Jan Feb Mar Apr May Jun Jul Aug Sep Oct Nov Dec V/Λ2017 > Jan Feb Mar Apr May Jun Jul Aug Sep Oct Nov Dec V/Λ2016 > Jan Feb Mar Apr May Jun Jul Aug Sep Oct Nov Dec

Report for 2016 Nov
                   MONTHLY CLIMATOLOGICAL SUMMARY for NOV. 2016

NAME: Poggio alle Forche   CITY: Pomarance   STATE: Italia 
ELEV:   380 m  LAT: 43.3071 N  LONG: 10.8692 E

                   TEMPERATURE (C), RAIN  (mm), WIND SPEED (km/hr)

                                      HEAT  COOL        AVG
    MEAN                              DEG   DEG         WIND                 DOM
DAY TEMP  HIGH   TIME   LOW    TIME   DAYS  DAYS  RAIN  SPEED HIGH   TIME    DIR
------------------------------------------------------------------------------------
 1  14.3  17.2   12:30  11.5    4:30   4.0   0.0   0.0  13.2  37.0   00:00     W
 2  15.3  17.8   13:30  13.3    0:30   3.0   0.0   0.8  30.1  72.4   15:00    SW
 3  14.5  18.7   12:00  10.2   23:30   3.8   0.0   0.0   7.2  22.5   17:30     E
 4  13.4  17.0   14:00   9.9    1:00   4.9   0.0   0.0  10.5  30.6    3:30   ESE
 5  15.9  17.2   10:30  12.6    2:00   2.4   0.0  10.8  26.6  86.9   10:30   SSW
 6  14.1  17.3   13:00  11.4   00:00   4.2   0.0  72.0  32.5  95.0    2:30     W
 7  11.6  13.4   11:00   9.2   22:30   6.7   0.0  61.2  18.8  85.3    1:30     W
 8   8.6  11.0   12:00   5.4   23:30   9.7   0.0   3.8   6.3  43.5   15:00   ESE
 9   7.7  11.1   12:30   5.4    1:00  10.6   0.0  11.8   9.0  41.8   16:00   ESE
10   9.6  12.2   15:30   6.1    6:30   8.8   0.0   1.8  14.6  51.5   22:30     W
11   9.6  11.9   13:00   5.7   21:30   8.7   0.0  69.0  25.1  93.3   11:30     W
12   8.4  11.0   14:00   5.0    2:30   9.9   0.0   0.0   7.4  22.5    2:30    NE
13   8.8  11.3   15:00   6.9   23:30   9.5   0.0   0.0  10.0  29.0   19:30    SE
14   7.7  11.2   14:00   5.2   23:30  10.6   0.0   0.0   7.9  27.4    3:00     E
15   6.6  11.0   14:30   3.8   00:00  11.8   0.0   0.0   8.7  30.6   20:30   ENE
16   8.8  13.1   15:30   3.9    0:30   9.5   0.0   0.0   8.7  38.6    3:30   ESE
17  11.4  13.7   23:00   8.5    4:00   6.9   0.0   0.0   7.1  22.5   00:00   ESE
18  14.4  15.3   00:00  12.1    4:30   3.9   0.0  21.6  16.1  67.6   19:30   SSW
19  13.8  15.2    0:30  12.7   12:00   4.5   0.0  25.8  21.7  66.0    7:30   SSW
20  13.9  17.1   15:30  11.1    7:30   4.4   0.0   0.8   8.4  25.7    3:00   ESE
21  14.1  15.7   15:00  12.6    1:30   4.3   0.0   0.0  12.9  37.0    6:00    SE
22  14.4  16.1   15:30  12.7    8:00   3.9   0.0   0.0  12.2  38.6   20:30   ESE
23  13.9  16.4   13:30  11.7    7:00   4.4   0.0   0.0  14.2  32.2    8:30   ESE
24  13.7  14.9   14:00  12.3    2:00   4.6   0.0   0.6  20.0  51.5   19:00   ESE
25  12.7  16.1   15:00  11.2   22:30   5.6   0.0   2.2   9.3  57.9    2:30   ESE
26  11.7  14.8   14:30  10.3    1:00   6.6   0.0   0.0   4.7  17.7   12:30     W
27  11.0  13.9   14:30   9.4   20:00   7.3   0.0   0.0   4.2  14.5   19:00    SE
28   8.2  12.3   15:00   4.4    9:30  10.1   0.0   0.0   7.2  30.6   23:30    NE
29   2.2   4.7    0:30  -0.2   22:30  16.1   0.0   0.0  14.6  54.7   13:30    NE
30   4.6  10.2   15:30   0.2    1:00  13.7   0.0   0.0   8.2  25.7    9:30     E
-------------------------------------------------------------------------------------
    11.2  18.7     3    -0.2    29   214.5   0.0 282.2  13.2  95.0     6     ESE

Max >=  32.0:  0
Max <=   0.0:  0
Min <=   0.0:  1
Min <= -18.0:  0
Max Rain: 72.01 ON 06/11/16
Days of Rain: 13 (> .2 mm) 9 (> 2 mm) 5 (> 20 mm)
Heat Base:  18.3  Cool Base:  18.3  Method: Integration